{"id":840,"date":"2017-05-05T17:49:05","date_gmt":"2017-05-05T20:49:05","guid":{"rendered":"http:\/\/www.profiautos.com.br\/novosite\/?post_type=product&#038;p=840"},"modified":"2021-07-08T10:28:11","modified_gmt":"2021-07-08T13:28:11","slug":"kit-martelinho-de-ouro-de-48-pecas-com-aula-em-dvd-marca-v8-brasil","status":"publish","type":"product","link":"https:\/\/www.profiautos.com.br\/novosite\/produto\/kit-martelinho-de-ouro-de-48-pecas-com-aula-em-dvd-marca-v8-brasil\/","title":{"rendered":"Kit Martelinho de Ouro de 48 Pe\u00e7as com Aula em DVD &#8211; Marca: V8 BRASIL"},"content":{"rendered":"<p>&#8211;\u00a0Acompanha 48 pe\u00e7as para realizar todos os servi\u00e7os de Martelinho de Ouro<br \/>\n&#8211;\u00a0Desamassa a lataria sem danificar as caracter\u00edsticas originais do ve\u00edculo<br \/>\n&#8211; Pode recuperar at\u00e9 100% do dano causado dependendo do grau de comprometimento da funilaria<br \/>\n&#8211; Rapidez no prazo de execu\u00e7\u00e3o do servi\u00e7o<br \/>\n&#8211; Somente com o curso em DVD j\u00e1 \u00e9 poss\u00edvel ser um excelente profissional<br \/>\n&#8211; Acompanha bolsa de nylon para melhor organiza\u00e7\u00e3o e praticidade no transporte<\/p>\n<p><span class=\"apple-converted-space\">&#8211;\u00a0<\/span><strong>O kit \u00e9 composto por:<\/strong><br \/>\n:: 10 Alavancas de inox<br \/>\n:: 2 Alavancas especiais<br \/>\n:: 1 Martelo rebatedor \u201camericano\u201d (para ventosas)<br \/>\n:: 1 Martelo 100 gr<br \/>\n:: 1 Pino de a\u00e7o<br \/>\n:: 1 Chapa de prote\u00e7\u00e3o de vidro<br \/>\n:: 2 Cunhas de nylon<br \/>\n:: 1 Martelo dourado<br \/>\n:: 1 Par de luvas<br \/>\n:: 1 Gancho com corrente<br \/>\n:: 1 Ventosa de silicone com parafuso<br \/>\n:: 1 Ventosa de silicone com pegador de m\u00e3o<br \/>\n:: 12 Ventosas de nylon<br \/>\n:: 1 Ventosa de suc\u00e7\u00e3o<br \/>\n:: 1 Ventosa de a\u00e7o<br \/>\n:: 1 Esp\u00e1tula recolhedora de cola<br \/>\n:: 1 Bomba de suc\u00e7\u00e3o<br \/>\n:: 1 L\u00e1pis de nylon<br \/>\n:: 300g de bast\u00e3o de cola preta<br \/>\n:: 1 Esp\u00e1tula pl\u00e1stica recolhedora de cola<br \/>\n:: 1 Martelo de borracha<br \/>\n:: 1 Taco madeira<br \/>\n:: 1 Leitor de amassados branco<br \/>\n:: 1 Leitor de amassados amarelo<br \/>\n:: 1 DVD com curso<br \/>\n:: 1 Apostila<\/p>\n","protected":false},"excerpt":{"rendered":"<p>&#8211;\u00a0Acompanha 48 pe\u00e7as para realizar todos os servi\u00e7os de Martelinho de Ouro &#8211;\u00a0Desamassa a lataria sem danificar as caracter\u00edsticas originais do ve\u00edculo &#8211; Pode recuperar at\u00e9 100% do dano causado dependendo do grau de comprometimento da funilaria &#8211; Rapidez no prazo de execu\u00e7\u00e3o do servi\u00e7o &#8211; Somente com o curso em DVD j\u00e1 \u00e9 poss\u00edvel [&hellip;]<\/p>\n","protected":false},"featured_media":841,"template":"","meta":{"_exactmetrics_skip_tracking":false,"_exactmetrics_sitenote_active":false,"_exactmetrics_sitenote_note":"","_exactmetrics_sitenote_category":0},"product_cat":[19,30,26,48],"product_tag":[],"class_list":{"0":"post-840","1":"product","2":"type-product","3":"status-publish","4":"has-post-thumbnail","6":"product_cat-equipamentos-para-oficina","7":"product_cat-ferramentas","8":"product_cat-funilaria","9":"product_cat-martelinho-de-ouro","11":"first","12":"instock","13":"taxable","14":"shipping-taxable","15":"product-type-simple"},"_links":{"self":[{"href":"https:\/\/www.profiautos.com.br\/novosite\/wp-json\/wp\/v2\/product\/840"}],"collection":[{"href":"https:\/\/www.profiautos.com.br\/novosite\/wp-json\/wp\/v2\/product"}],"about":[{"href":"https:\/\/www.profiautos.com.br\/novosite\/wp-json\/wp\/v2\/types\/product"}],"wp:featuredmedia":[{"embeddable":true,"href":"https:\/\/www.profiautos.com.br\/novosite\/wp-json\/wp\/v2\/media\/841"}],"wp:attachment":[{"href":"https:\/\/www.profiautos.com.br\/novosite\/wp-json\/wp\/v2\/media?parent=840"}],"wp:term":[{"taxonomy":"product_cat","embeddable":true,"href":"https:\/\/www.profiautos.com.br\/novosite\/wp-json\/wp\/v2\/product_cat?post=840"},{"taxonomy":"product_tag","embeddable":true,"href":"https:\/\/www.profiautos.com.br\/novosite\/wp-json\/wp\/v2\/product_tag?post=840"}],"curies":[{"name":"wp","href":"https:\/\/api.w.org\/{rel}","templated":true}]}}