{"id":807,"date":"2017-05-05T15:00:56","date_gmt":"2017-05-05T18:00:56","guid":{"rendered":"http:\/\/www.profiautos.com.br\/novosite\/?post_type=product&#038;p=807"},"modified":"2021-07-08T10:29:25","modified_gmt":"2021-07-08T13:29:25","slug":"807","status":"publish","type":"product","link":"https:\/\/www.profiautos.com.br\/novosite\/produto\/807\/","title":{"rendered":"Elevador Automotivo Trifasico Vermelho de 2,5 Toneladas"},"content":{"rendered":"<p>\u2022\u00a0Elevador Automotivo Monof\u00e1sico<br \/>\n\u2022<strong>\u00a0<\/strong>Com a mais elevada tecnologia e absoluta seguran\u00e7a, pois \u00e9 acionado com motor el\u00e9trico, que gira dois fusos simultaneamente, elevando o conjunto m\u00f3vel, que tem ao centro em sistema de porcas, sendo uma de seguran\u00e7a, e outra de trabalho<br \/>\n\u2022 As colunas possuem dispositivos limitadores de altura, desligando o motor assim que o conjunto m\u00f3vel atingir seus limites, superior e inferior aos fins de curso<br \/>\n\u2022\u00a0Este Elevador Possui Sistema de Seguran\u00e7a, que mostra quando a porca de trabalho apresenta desgaste, sendo que o lado em que ocorreu a danifica\u00e7\u00e3o ter\u00e1 seu trabalho interrompido<br \/>\n\u2022\u00a0Bra\u00e7os de Sustenta\u00e7\u00e3o Com Regulagem de Altura<br \/>\n\u2022\u00a0Apoio de Borracha Antiderrapante<br \/>\n\u2022\u00a0Chave Para Opera\u00e7\u00e3o Manual do Elevador no caso de falta de Energia<br \/>\n\u2022\u00a0Eleva\u00e7\u00e3o Por Sistemas de Fusos com Roscas e Transmiss\u00e3o por correntes e Engrenagens<br \/>\n\u2022\u00a0Lubrifica\u00e7\u00e3o com dep\u00f3sito de Graxa Blindado<br \/>\n<strong>#Imagem meramente ilustrativa#<\/strong><br \/>\n<strong><br \/>\n<\/strong>\u2022<strong>\u00a0<\/strong><strong>Especifica\u00e7\u00f5es T\u00e9cnicas:<\/strong><strong><br \/>\n<\/strong><br \/>\n&#8211; Capacidade de Eleva\u00e7\u00e3o: 2500 kg<br \/>\n&#8211; Altura das Colunas: 2600 mm<br \/>\n&#8211; Dimens\u00f5es da Base: 1450 mm x 3280 mm<br \/>\n&#8211; Largura Total dos Bra\u00e7os Abertos: 2600 mm<br \/>\n&#8211; Distancia entre as Colunas: 2740 mm<br \/>\n&#8211; Altura de Eleva\u00e7\u00e3o do Chassi ao Piso: 1850 mm<br \/>\n&#8211; Tempo de Eleva\u00e7\u00e3o: 55 Segundos<br \/>\n&#8211; Motor El\u00e9trico de 4CV &#8211; 4 Polos &#8211; 220V\u00a0com inversor de frequ\u00eancia digital<\/p>\n<p>\u2022 Marca:<strong>\u00a0<\/strong><strong>M\u00c1QUINAS\u00a0RIBEIRO<\/strong><\/p>\n<p>Ref.MAQUINAS RIBEIRO-ER2500MVERM<\/p>\n","protected":false},"excerpt":{"rendered":"<p>\u2022\u00a0Elevador Automotivo Monof\u00e1sico \u2022\u00a0Com a mais elevada tecnologia e absoluta seguran\u00e7a, pois \u00e9 acionado com motor el\u00e9trico, que gira dois fusos simultaneamente, elevando o conjunto m\u00f3vel, que tem ao centro em sistema de porcas, sendo uma de seguran\u00e7a, e outra de trabalho \u2022 As colunas possuem dispositivos limitadores de altura, desligando o motor assim que [&hellip;]<\/p>\n","protected":false},"featured_media":758,"template":"","meta":{"_exactmetrics_skip_tracking":false,"_exactmetrics_sitenote_active":false,"_exactmetrics_sitenote_note":"","_exactmetrics_sitenote_category":0},"product_cat":[19,30],"product_tag":[],"class_list":{"0":"post-807","1":"product","2":"type-product","3":"status-publish","4":"has-post-thumbnail","6":"product_cat-equipamentos-para-oficina","7":"product_cat-ferramentas","9":"first","10":"instock","11":"taxable","12":"shipping-taxable","13":"product-type-simple"},"_links":{"self":[{"href":"https:\/\/www.profiautos.com.br\/novosite\/wp-json\/wp\/v2\/product\/807"}],"collection":[{"href":"https:\/\/www.profiautos.com.br\/novosite\/wp-json\/wp\/v2\/product"}],"about":[{"href":"https:\/\/www.profiautos.com.br\/novosite\/wp-json\/wp\/v2\/types\/product"}],"wp:featuredmedia":[{"embeddable":true,"href":"https:\/\/www.profiautos.com.br\/novosite\/wp-json\/wp\/v2\/media\/758"}],"wp:attachment":[{"href":"https:\/\/www.profiautos.com.br\/novosite\/wp-json\/wp\/v2\/media?parent=807"}],"wp:term":[{"taxonomy":"product_cat","embeddable":true,"href":"https:\/\/www.profiautos.com.br\/novosite\/wp-json\/wp\/v2\/product_cat?post=807"},{"taxonomy":"product_tag","embeddable":true,"href":"https:\/\/www.profiautos.com.br\/novosite\/wp-json\/wp\/v2\/product_tag?post=807"}],"curies":[{"name":"wp","href":"https:\/\/api.w.org\/{rel}","templated":true}]}}