{"id":803,"date":"2017-05-05T14:51:36","date_gmt":"2017-05-05T17:51:36","guid":{"rendered":"http:\/\/www.profiautos.com.br\/novosite\/?post_type=product&#038;p=803"},"modified":"2021-07-08T10:29:38","modified_gmt":"2021-07-08T13:29:38","slug":"macaco-tipo-jacare-2-toneladas-longo-com-roda-de-ferro","status":"publish","type":"product","link":"https:\/\/www.profiautos.com.br\/novosite\/produto\/macaco-tipo-jacare-2-toneladas-longo-com-roda-de-ferro\/","title":{"rendered":"Macaco Tipo Jacar\u00e9 2 Toneladas Longo com Roda de Ferro"},"content":{"rendered":"<p>Macaco jacar\u00e9 2 toneladas longo<\/p>\n<p>Altura total com cabo: 1100mm<br \/>\nEleva\u00e7\u00e3o m\u00edn.: 160mm<br \/>\nEleva\u00e7\u00e3o m\u00e1x.: 615mm<br \/>\nRodas de ferro:<br \/>\n2 fixas de 3 1\/4&#8243; x 25mm<br \/>\n2 girat\u00f3rias de 2 1\/4&#8243; x 31mm<br \/>\nPeso: 47 kg<\/p>\n","protected":false},"excerpt":{"rendered":"<p>Macaco jacar\u00e9 2 toneladas longo Altura total com cabo: 1100mm Eleva\u00e7\u00e3o m\u00edn.: 160mm Eleva\u00e7\u00e3o m\u00e1x.: 615mm Rodas de ferro: 2 fixas de 3 1\/4&#8243; x 25mm 2 girat\u00f3rias de 2 1\/4&#8243; x 31mm Peso: 47 kg<\/p>\n","protected":false},"featured_media":804,"template":"","meta":{"_exactmetrics_skip_tracking":false,"_exactmetrics_sitenote_active":false,"_exactmetrics_sitenote_note":"","_exactmetrics_sitenote_category":0},"product_cat":[19,30],"product_tag":[],"class_list":{"0":"post-803","1":"product","2":"type-product","3":"status-publish","4":"has-post-thumbnail","6":"product_cat-equipamentos-para-oficina","7":"product_cat-ferramentas","9":"first","10":"instock","11":"taxable","12":"shipping-taxable","13":"product-type-simple"},"_links":{"self":[{"href":"https:\/\/www.profiautos.com.br\/novosite\/wp-json\/wp\/v2\/product\/803"}],"collection":[{"href":"https:\/\/www.profiautos.com.br\/novosite\/wp-json\/wp\/v2\/product"}],"about":[{"href":"https:\/\/www.profiautos.com.br\/novosite\/wp-json\/wp\/v2\/types\/product"}],"wp:featuredmedia":[{"embeddable":true,"href":"https:\/\/www.profiautos.com.br\/novosite\/wp-json\/wp\/v2\/media\/804"}],"wp:attachment":[{"href":"https:\/\/www.profiautos.com.br\/novosite\/wp-json\/wp\/v2\/media?parent=803"}],"wp:term":[{"taxonomy":"product_cat","embeddable":true,"href":"https:\/\/www.profiautos.com.br\/novosite\/wp-json\/wp\/v2\/product_cat?post=803"},{"taxonomy":"product_tag","embeddable":true,"href":"https:\/\/www.profiautos.com.br\/novosite\/wp-json\/wp\/v2\/product_tag?post=803"}],"curies":[{"name":"wp","href":"https:\/\/api.w.org\/{rel}","templated":true}]}}

Macaco Tipo Jacaré 2 Toneladas Longo com Roda de Ferro

<p>Macaco jacaré 2 toneladas longo</p>
<p>Altura total com cabo: 1100mm<br />
Elevação mín.: 160mm<br />
Elevação máx.: 615mm<br />
Rodas de ferro:<br />
2 fixas de 3 1/4&#8243; x 25mm<br />
2 giratórias de 2 1/4&#8243; x 31mm<br />
Peso: 47 kg</p>

<p>Macaco jacaré 2 toneladas longo Altura total com cabo: 1100mm Elevação mín.: 160mm Elevação máx.: 615mm Rodas de ferro: 2 fixas de 3 1/4&#8243; x 25mm 2 giratórias de 2 1/4&#8243; x 31mm Peso: 47 kg</p>
