{"id":4137,"date":"2025-03-07T13:46:37","date_gmt":"2025-03-07T16:46:37","guid":{"rendered":"https:\/\/www.profiautos.com.br\/novosite\/?post_type=product&#038;p=4137"},"modified":"2025-10-10T16:49:19","modified_gmt":"2025-10-10T19:49:19","slug":"diagnostico-e-ajustes-em-empilhadeiras","status":"publish","type":"product","link":"https:\/\/www.profiautos.com.br\/novosite\/produto\/diagnostico-e-ajustes-em-empilhadeiras\/","title":{"rendered":"DIAGN\u00d3STICO E AJUSTES EM EMPILHADEIRAS"},"content":{"rendered":"<p><strong>Objetivo:<\/strong> Capacitar jovens e adultos que j\u00e1 atuam ou pretendem atuar na \u00e1rea de curso de diagn\u00f3stico e ajustes em empilhadeiras.<\/p>\n<p><strong>Conte\u00fado Program\u00e1tico:<\/strong><br \/>\n\u2022 Apresenta\u00e7\u00e3o;<br \/>\n\u2022 Opera\u00e7\u00e3o b\u00e1sica;<br \/>\n\u2022 Especifica\u00e7\u00f5es;<br \/>\n\u2022 Plano de Manuten\u00e7\u00e3o;<br \/>\n\u2022 Manuten\u00e7\u00e3o preventiva;<br \/>\n\u2022 Sistema de Igni\u00e7\u00e3o<br \/>\n\u2022 Sistema de ar<br \/>\n\u2022 Sistema el\u00e9trico<br \/>\n\u2022 Ferramentas de medi\u00e7\u00f5es el\u00e9tricas;<br \/>\n\u2022 Normas Regulamentadoras;<br \/>\n\u2022 Redutor a g\u00e1s;<br \/>\n\u2022 Regulagem do redutor;<br \/>\n\u2022 Ajuste de ponto;<br \/>\n\u2022 Ajuste de V\u00e1lvulas<br \/>\n\u2022 Verifica\u00e7\u00e3o do sistema hidr\u00e1ulico;<br \/>\n\u2022 Caixa de fus\u00edveis;<\/p>\n<p><strong>Previs\u00e3o:\u00a0<\/strong>29\/11\/2025<\/p>\n<p><strong>Carga hor\u00e1ria:<\/strong> 20hrs (4 s\u00e1bados)<\/p>\n<p><strong>Hor\u00e1rio das aulas:<\/strong> S\u00e1bado (08:00 as 13:00)<\/p>\n<p><strong>Incluso:<\/strong> Material Did\u00e1tico e Certificado de Participa\u00e7\u00e3o.<\/p>\n<p><strong>Formas de Pagamento:<\/strong> R$800,00 \u00c0 vista ou at\u00e9 3x sem juros no Cart\u00e3o de Cr\u00e9dito.<\/p>\n","protected":false},"excerpt":{"rendered":"<p>Objetivo: Capacitar jovens e adultos que j\u00e1 atuam ou pretendem atuar na \u00e1rea de curso de diagn\u00f3stico e ajustes em empilhadeiras. Conte\u00fado Program\u00e1tico: \u2022 Apresenta\u00e7\u00e3o; \u2022 Opera\u00e7\u00e3o b\u00e1sica; \u2022 Especifica\u00e7\u00f5es; \u2022 Plano de Manuten\u00e7\u00e3o; \u2022 Manuten\u00e7\u00e3o preventiva; \u2022 Sistema de Igni\u00e7\u00e3o \u2022 Sistema de ar \u2022 Sistema el\u00e9trico \u2022 Ferramentas de medi\u00e7\u00f5es el\u00e9tricas; \u2022 Normas [&hellip;]<\/p>\n","protected":false},"featured_media":4138,"template":"","meta":{"_exactmetrics_skip_tracking":false,"_exactmetrics_sitenote_active":false,"_exactmetrics_sitenote_note":"","_exactmetrics_sitenote_category":0},"product_cat":[67,8,14,25,29,11,22,61],"product_tag":[],"class_list":{"0":"post-4137","1":"product","2":"type-product","3":"status-publish","4":"has-post-thumbnail","6":"product_cat-sem-categoria","7":"product_cat-cursos-automotivos","8":"product_cat-cursos-com-matriculas-abertas","9":"product_cat-especiais","10":"product_cat-outros-treinamentos","11":"product_cat-treinamento","12":"product_cat-universais","13":"product_cat-variedade","15":"first","16":"instock","17":"taxable","18":"shipping-taxable","19":"purchasable","20":"product-type-simple"},"_links":{"self":[{"href":"https:\/\/www.profiautos.com.br\/novosite\/wp-json\/wp\/v2\/product\/4137"}],"collection":[{"href":"https:\/\/www.profiautos.com.br\/novosite\/wp-json\/wp\/v2\/product"}],"about":[{"href":"https:\/\/www.profiautos.com.br\/novosite\/wp-json\/wp\/v2\/types\/product"}],"wp:featuredmedia":[{"embeddable":true,"href":"https:\/\/www.profiautos.com.br\/novosite\/wp-json\/wp\/v2\/media\/4138"}],"wp:attachment":[{"href":"https:\/\/www.profiautos.com.br\/novosite\/wp-json\/wp\/v2\/media?parent=4137"}],"wp:term":[{"taxonomy":"product_cat","embeddable":true,"href":"https:\/\/www.profiautos.com.br\/novosite\/wp-json\/wp\/v2\/product_cat?post=4137"},{"taxonomy":"product_tag","embeddable":true,"href":"https:\/\/www.profiautos.com.br\/novosite\/wp-json\/wp\/v2\/product_tag?post=4137"}],"curies":[{"name":"wp","href":"https:\/\/api.w.org\/{rel}","templated":true}]}}