{"id":4059,"date":"2024-11-13T14:17:58","date_gmt":"2024-11-13T17:17:58","guid":{"rendered":"https:\/\/www.profiautos.com.br\/novosite\/?post_type=product&#038;p=4059"},"modified":"2024-11-13T14:23:04","modified_gmt":"2024-11-13T17:23:04","slug":"jogo-de-chave-combinada-6-22mm-com-12-pecas-gedore-red-r09105112","status":"publish","type":"product","link":"https:\/\/www.profiautos.com.br\/novosite\/produto\/jogo-de-chave-combinada-6-22mm-com-12-pecas-gedore-red-r09105112\/","title":{"rendered":"JOGO DE CHAVE COMBINADA 6-22MM COM 12 PE\u00c7AS &#8211; GEDORE RED -R09105112"},"content":{"rendered":"<p>&#8211; Jogo composto por chaves combinada em milimetros (mm)<br \/>\n&#8211; Composi\u00e7\u00e3o do Jogo: 6; 7; 8; 9; 10; 11; 12; 13; 14; 17; 19; 22 mm<br \/>\n&#8211; Fabricadas conforme normas DIN 3113 forma A, ISO 3318 e ISO 7738<br \/>\n&#8211; Posi\u00e7\u00e3o da boca 15\u00b0<br \/>\n&#8211; Posi\u00e7\u00e3o da cabe\u00e7a ( lado estrela) 15\u00b0<br \/>\n&#8211; Acamabento cromado fosco<br \/>\n&#8211; A\u00e7o cromo van\u00e1dio<br \/>\n&#8211; Com suporte especial GEDORE RED<br \/>\n&#8211; C\u00f3digo: 3300992<\/p>\n<div class=\"container__seo\">\n<p>&#8211; Marca:\u00a0<strong>GEDORE RED<\/strong><\/p>\n<p>RF.R09105112<\/p>\n<\/div>\n","protected":false},"excerpt":{"rendered":"<p>&#8211; Jogo composto por chaves combinada em milimetros (mm) &#8211; Composi\u00e7\u00e3o do Jogo: 6; 7; 8; 9; 10; 11; 12; 13; 14; 17; 19; 22 mm &#8211; Fabricadas conforme normas DIN 3113 forma A, ISO 3318 e ISO 7738 &#8211; Posi\u00e7\u00e3o da boca 15\u00b0 &#8211; Posi\u00e7\u00e3o da cabe\u00e7a ( lado estrela) 15\u00b0 &#8211; Acamabento cromado [&hellip;]<\/p>\n","protected":false},"featured_media":4060,"template":"","meta":{"_exactmetrics_skip_tracking":false,"_exactmetrics_sitenote_active":false,"_exactmetrics_sitenote_note":"","_exactmetrics_sitenote_category":0},"product_cat":[67],"product_tag":[],"class_list":{"0":"post-4059","1":"product","2":"type-product","3":"status-publish","4":"has-post-thumbnail","6":"product_cat-sem-categoria","8":"first","9":"instock","10":"taxable","11":"shipping-taxable","12":"product-type-simple"},"_links":{"self":[{"href":"https:\/\/www.profiautos.com.br\/novosite\/wp-json\/wp\/v2\/product\/4059"}],"collection":[{"href":"https:\/\/www.profiautos.com.br\/novosite\/wp-json\/wp\/v2\/product"}],"about":[{"href":"https:\/\/www.profiautos.com.br\/novosite\/wp-json\/wp\/v2\/types\/product"}],"wp:featuredmedia":[{"embeddable":true,"href":"https:\/\/www.profiautos.com.br\/novosite\/wp-json\/wp\/v2\/media\/4060"}],"wp:attachment":[{"href":"https:\/\/www.profiautos.com.br\/novosite\/wp-json\/wp\/v2\/media?parent=4059"}],"wp:term":[{"taxonomy":"product_cat","embeddable":true,"href":"https:\/\/www.profiautos.com.br\/novosite\/wp-json\/wp\/v2\/product_cat?post=4059"},{"taxonomy":"product_tag","embeddable":true,"href":"https:\/\/www.profiautos.com.br\/novosite\/wp-json\/wp\/v2\/product_tag?post=4059"}],"curies":[{"name":"wp","href":"https:\/\/api.w.org\/{rel}","templated":true}]}}