{"id":4056,"date":"2024-11-11T16:06:53","date_gmt":"2024-11-11T19:06:53","guid":{"rendered":"https:\/\/www.profiautos.com.br\/novosite\/?post_type=product&#038;p=4056"},"modified":"2025-02-14T11:26:43","modified_gmt":"2025-02-14T14:26:43","slug":"treinamento-tecnico-em-veiculos-hibridos","status":"publish","type":"product","link":"https:\/\/www.profiautos.com.br\/novosite\/produto\/treinamento-tecnico-em-veiculos-hibridos\/","title":{"rendered":"TREINAMENTO T\u00c9CNICO EM VE\u00cdCULOS H\u00cdBRIDOS"},"content":{"rendered":"<p><strong>TREINAMENTO T\u00c9CNICO EM VE\u00cdCULOS H\u00cdBRIDOS<\/strong><\/p>\n<p><strong>Objetivo:<\/strong> Capacitar jovens e adultos que j\u00e1 atuam ou pretendem atuar na \u00e1rea de Ve\u00edculos h\u00edbridos.<\/p>\n<p><strong>Conte\u00fado Program\u00e1tico:<\/strong><br \/>\n&#8211; Fundamentos de seguran\u00e7a<br \/>\n&#8211; Sistema h\u00edbrido leve (MHEV)<br \/>\n&#8211; Sistema h\u00edbrido regenerativo (HEV)<br \/>\n&#8211; Sistema h\u00edbrido plug-in (PHEV)<br \/>\n&#8211; Adequa\u00e7\u00e3o da oficina<\/p>\n<p><strong>Carga hor\u00e1ria:<\/strong> 16hrs. (2 DIAS)<\/p>\n<p><strong>Hor\u00e1rio das aulas:<\/strong> S\u00c1BADO E DOMINGO. (08:00 \u00e0s 18:00)<\/p>\n<p><strong>Data de inicio (previs\u00e3o): <\/strong>FORMA\u00c7\u00c3O<\/p>\n<p><strong>Incluso:<\/strong> Curso de NR10, Material Did\u00e1tico e Certificado de Participa\u00e7\u00e3o.<\/p>\n<p><strong>Formas de Pagamento:<\/strong> R$2.400,00 em at\u00e9 6x sem juros no Cart\u00e3o de Cr\u00e9dito ou R$2.200,00 a vista (pix ou dinheiro).<\/p>\n","protected":false},"excerpt":{"rendered":"<p>TREINAMENTO T\u00c9CNICO EM VE\u00cdCULOS H\u00cdBRIDOS Objetivo: Capacitar jovens e adultos que j\u00e1 atuam ou pretendem atuar na \u00e1rea de Ve\u00edculos h\u00edbridos. Conte\u00fado Program\u00e1tico: &#8211; Fundamentos de seguran\u00e7a &#8211; Sistema h\u00edbrido leve (MHEV) &#8211; Sistema h\u00edbrido regenerativo (HEV) &#8211; Sistema h\u00edbrido plug-in (PHEV) &#8211; Adequa\u00e7\u00e3o da oficina Carga hor\u00e1ria: 16hrs. (2 DIAS) Hor\u00e1rio das aulas: S\u00c1BADO [&hellip;]<\/p>\n","protected":false},"featured_media":4086,"template":"","meta":{"_exactmetrics_skip_tracking":false,"_exactmetrics_sitenote_active":false,"_exactmetrics_sitenote_note":"","_exactmetrics_sitenote_category":0},"product_cat":[67,8,14,18,25,11,61],"product_tag":[],"class_list":{"0":"post-4056","1":"product","2":"type-product","3":"status-publish","4":"has-post-thumbnail","6":"product_cat-sem-categoria","7":"product_cat-cursos-automotivos","8":"product_cat-cursos-com-matriculas-abertas","9":"product_cat-diversas","10":"product_cat-especiais","11":"product_cat-treinamento","12":"product_cat-variedade","14":"first","15":"instock","16":"taxable","17":"shipping-taxable","18":"purchasable","19":"product-type-simple"},"_links":{"self":[{"href":"https:\/\/www.profiautos.com.br\/novosite\/wp-json\/wp\/v2\/product\/4056"}],"collection":[{"href":"https:\/\/www.profiautos.com.br\/novosite\/wp-json\/wp\/v2\/product"}],"about":[{"href":"https:\/\/www.profiautos.com.br\/novosite\/wp-json\/wp\/v2\/types\/product"}],"wp:featuredmedia":[{"embeddable":true,"href":"https:\/\/www.profiautos.com.br\/novosite\/wp-json\/wp\/v2\/media\/4086"}],"wp:attachment":[{"href":"https:\/\/www.profiautos.com.br\/novosite\/wp-json\/wp\/v2\/media?parent=4056"}],"wp:term":[{"taxonomy":"product_cat","embeddable":true,"href":"https:\/\/www.profiautos.com.br\/novosite\/wp-json\/wp\/v2\/product_cat?post=4056"},{"taxonomy":"product_tag","embeddable":true,"href":"https:\/\/www.profiautos.com.br\/novosite\/wp-json\/wp\/v2\/product_tag?post=4056"}],"curies":[{"name":"wp","href":"https:\/\/api.w.org\/{rel}","templated":true}]}}