{"id":4023,"date":"2024-10-28T17:15:09","date_gmt":"2024-10-28T20:15:09","guid":{"rendered":"http:\/\/www.profiautos.com.br\/novosite\/?post_type=product&#038;p=4023"},"modified":"2024-10-28T17:16:16","modified_gmt":"2024-10-28T20:16:16","slug":"catraca-reversivel-3-8-noll","status":"publish","type":"product","link":"https:\/\/www.profiautos.com.br\/novosite\/produto\/catraca-reversivel-3-8-noll\/","title":{"rendered":"CATRACA REVERS\u00cdVEL 3\/8&#8243; NOLL"},"content":{"rendered":"<p><strong>Catraca Reversivel CRV 3\/8&#8243; Noll<br \/>\nRefer\u00eancia: 4050073<\/strong><\/p>\n<p>A Catraca Revers\u00edvel \u00e9 ideal para\u00a0apertar ou afrouxar parafusos, porcas e outros fixadores.<br \/>\nEquipada com uma al\u00e7a ou empunhadura ergon\u00f4mica para conforto do usu\u00e1rio, a catraca revers\u00edvel \u00e9 amplamente utilizada em diversos trabalhos de manuten\u00e7\u00e3o, montagem e reparo,<br \/>\ntornando-se uma ferramenta indispens\u00e1vel em ambientes mec\u00e2nicos e de engenharia.<\/p>\n<p><strong>Especifica\u00e7\u00f5es:<\/strong><br \/>\n\u2022 Encaixe: 3\/8&#8243;.<br \/>\n\u2022 Comprimento: 200\u00a0mm.<\/p>\n","protected":false},"excerpt":{"rendered":"<p>Catraca Reversivel CRV 3\/8&#8243; Noll Refer\u00eancia: 4050073 A Catraca Revers\u00edvel \u00e9 ideal para\u00a0apertar ou afrouxar parafusos, porcas e outros fixadores. Equipada com uma al\u00e7a ou empunhadura ergon\u00f4mica para conforto do usu\u00e1rio, a catraca revers\u00edvel \u00e9 amplamente utilizada em diversos trabalhos de manuten\u00e7\u00e3o, montagem e reparo, tornando-se uma ferramenta indispens\u00e1vel em ambientes mec\u00e2nicos e de engenharia. [&hellip;]<\/p>\n","protected":false},"featured_media":4026,"template":"","meta":{"_exactmetrics_skip_tracking":false,"_exactmetrics_sitenote_active":false,"_exactmetrics_sitenote_note":"","_exactmetrics_sitenote_category":0},"product_cat":[19,21,66,22,61],"product_tag":[],"class_list":{"0":"post-4023","1":"product","2":"type-product","3":"status-publish","4":"has-post-thumbnail","6":"product_cat-equipamentos-para-oficina","7":"product_cat-injecao-eletronica","8":"product_cat-manutencao-bicicletas","9":"product_cat-universais","10":"product_cat-variedade","12":"first","13":"instock","14":"taxable","15":"shipping-taxable","16":"product-type-simple"},"_links":{"self":[{"href":"https:\/\/www.profiautos.com.br\/novosite\/wp-json\/wp\/v2\/product\/4023"}],"collection":[{"href":"https:\/\/www.profiautos.com.br\/novosite\/wp-json\/wp\/v2\/product"}],"about":[{"href":"https:\/\/www.profiautos.com.br\/novosite\/wp-json\/wp\/v2\/types\/product"}],"wp:featuredmedia":[{"embeddable":true,"href":"https:\/\/www.profiautos.com.br\/novosite\/wp-json\/wp\/v2\/media\/4026"}],"wp:attachment":[{"href":"https:\/\/www.profiautos.com.br\/novosite\/wp-json\/wp\/v2\/media?parent=4023"}],"wp:term":[{"taxonomy":"product_cat","embeddable":true,"href":"https:\/\/www.profiautos.com.br\/novosite\/wp-json\/wp\/v2\/product_cat?post=4023"},{"taxonomy":"product_tag","embeddable":true,"href":"https:\/\/www.profiautos.com.br\/novosite\/wp-json\/wp\/v2\/product_tag?post=4023"}],"curies":[{"name":"wp","href":"https:\/\/api.w.org\/{rel}","templated":true}]}}