{"id":367,"date":"2022-03-10T13:30:43","date_gmt":"2022-03-10T16:30:43","guid":{"rendered":"http:\/\/www.profiautos.com.br\/novosite\/produto\/eletroeletronica-veicular\/"},"modified":"2026-03-28T13:24:29","modified_gmt":"2026-03-28T16:24:29","slug":"eletroeletronica-veicular","status":"publish","type":"product","link":"https:\/\/www.profiautos.com.br\/novosite\/produto\/eletroeletronica-veicular\/","title":{"rendered":"FORMA\u00c7\u00c3O DE MEC\u00c2NICO VEICULAR"},"content":{"rendered":"<p class=\"western\" align=\"justify\"><b>FORMA\u00c7\u00c3O DE MEC\u00c2NICO VEICULAR<\/b><\/p>\n<p class=\"western\" align=\"justify\"><b>Objetivo: <\/b>Formar profissionais para atuar no segmento de repara\u00e7\u00e3o e diagn\u00f3stico de defeitos em ve\u00edculos<\/p>\n<p class=\"western\" align=\"justify\"><b>Conte\u00fado Program\u00e1tico:<\/b><\/p>\n<ul>\n<li>Mec\u00e2nica de Motores;<\/li>\n<li>Eletricidade Veicular;<\/li>\n<li>Inje\u00e7\u00e3o Eletr\u00f4nica Veicular;<\/li>\n<li>Ferramentas.<\/li>\n<\/ul>\n<p><b>Dura\u00e7\u00e3o: <\/b>\u00a0Aproximadamente 4 meses;<\/p>\n<p class=\"western\" align=\"justify\"><b>Hor\u00e1rio das aulas:<\/b>\u00a0 Segunda-feira \u00e0 Quinta-feira (19:00 \u00e1s 21:30), ou S\u00e1bados (08:00 \u00e1s 13:00);<\/p>\n<p class=\"western\" align=\"justify\"><b>Incluso:<\/b> Material Did\u00e1tico e Certificado de Participa\u00e7\u00e3o;<\/p>\n<p class=\"western\" align=\"justify\"><b>Formas de Pagamento:<\/b> A vista ou at\u00e9 5x sem juros no Cart\u00e3o de Cr\u00e9dito.<\/p>\n","protected":false},"excerpt":{"rendered":"<p>FORMA\u00c7\u00c3O DE MEC\u00c2NICO VEICULAR Objetivo: Formar profissionais para atuar no segmento de repara\u00e7\u00e3o e diagn\u00f3stico de defeitos em ve\u00edculos Conte\u00fado Program\u00e1tico: Mec\u00e2nica de Motores; Eletricidade Veicular; Inje\u00e7\u00e3o Eletr\u00f4nica Veicular; Ferramentas. Dura\u00e7\u00e3o: \u00a0Aproximadamente 4 meses; Hor\u00e1rio das aulas:\u00a0 Segunda-feira \u00e0 Quinta-feira (19:00 \u00e1s 21:30), ou S\u00e1bados (08:00 \u00e1s 13:00); Incluso: Material Did\u00e1tico e Certificado de Participa\u00e7\u00e3o; [&hellip;]<\/p>\n","protected":false},"featured_media":3475,"template":"","meta":{"_exactmetrics_skip_tracking":false,"_exactmetrics_sitenote_active":false,"_exactmetrics_sitenote_note":"","_exactmetrics_sitenote_category":0},"product_cat":[8,14],"product_tag":[],"class_list":{"0":"post-367","1":"product","2":"type-product","3":"status-publish","4":"has-post-thumbnail","6":"product_cat-cursos-automotivos","7":"product_cat-cursos-com-matriculas-abertas","9":"first","10":"instock","11":"purchasable","12":"product-type-simple"},"_links":{"self":[{"href":"https:\/\/www.profiautos.com.br\/novosite\/wp-json\/wp\/v2\/product\/367"}],"collection":[{"href":"https:\/\/www.profiautos.com.br\/novosite\/wp-json\/wp\/v2\/product"}],"about":[{"href":"https:\/\/www.profiautos.com.br\/novosite\/wp-json\/wp\/v2\/types\/product"}],"wp:featuredmedia":[{"embeddable":true,"href":"https:\/\/www.profiautos.com.br\/novosite\/wp-json\/wp\/v2\/media\/3475"}],"wp:attachment":[{"href":"https:\/\/www.profiautos.com.br\/novosite\/wp-json\/wp\/v2\/media?parent=367"}],"wp:term":[{"taxonomy":"product_cat","embeddable":true,"href":"https:\/\/www.profiautos.com.br\/novosite\/wp-json\/wp\/v2\/product_cat?post=367"},{"taxonomy":"product_tag","embeddable":true,"href":"https:\/\/www.profiautos.com.br\/novosite\/wp-json\/wp\/v2\/product_tag?post=367"}],"curies":[{"name":"wp","href":"https:\/\/api.w.org\/{rel}","templated":true}]}}