{"id":3566,"date":"2022-03-10T14:30:35","date_gmt":"2022-03-10T17:30:35","guid":{"rendered":"http:\/\/www.profiautos.com.br\/novosite\/?post_type=product&#038;p=3566"},"modified":"2024-01-02T12:04:28","modified_gmt":"2024-01-02T15:04:28","slug":"curso-inicial-de-cambio-automatico","status":"publish","type":"product","link":"https:\/\/www.profiautos.com.br\/novosite\/produto\/curso-inicial-de-cambio-automatico\/","title":{"rendered":"C\u00c2MBIO AUTOM\u00c1TICO &#8211; INICIAL"},"content":{"rendered":"<p><strong>C\u00c2MBIO AUTOM\u00c1TICO &#8211; INICIAL<\/strong><\/p>\n<p><strong>CONTE\u00daDO PROGRAM\u00c1TICO:<\/strong><\/p>\n<p>&nbsp;<\/p>\n<p><strong>Transmiss\u00e3o com Controle Hidr\u00e1ulico:<\/strong><\/p>\n<ul>\n<li>Identifica\u00e7\u00e3o da transmiss\u00e3o (significado das plaquetas e letras);<\/li>\n<li>An\u00e1lise do Processo de diagn\u00f3stico pelo t\u00e9cnico;<\/li>\n<li>Utiliza\u00e7\u00e3o racional da alavanca seletora;<\/li>\n<li>Diagn\u00f3stico de falhas da transmiss\u00e3o atrav\u00e9s da an\u00e1lise;<\/li>\n<li>Como efetuar uma troca total de fluido da transmiss\u00e3o;<\/li>\n<li>Funcionamento do conversor de torque e pe\u00e7as;<\/li>\n<li>Como funciona a embreagem do conversor;<\/li>\n<li>Descri\u00e7\u00e3o do funcionamento do regulador centr\u00edfugo (governador) e v\u00e1lvula moduladora, no processo de troca autom\u00e1tica das marchas;<\/li>\n<li>Desmontagem de uma transmiss\u00e3o autom\u00e1tica com controle hidr\u00e1ulico, passo a passo, com estudo das pe\u00e7as que a comp\u00f5e;<\/li>\n<li>Estudo do sistema de engrenagens planet\u00e1rias;<\/li>\n<li>Estudo do funcionamento dos conjuntos de freios multidiscos, cintas e embreagens de uma transmiss\u00e3o autom\u00e1tica;<\/li>\n<li>Estudo do funcionamento das embreagens unidirecionais (rodas livres);<\/li>\n<li>An\u00e1lise de falhas e desgastes de pe\u00e7as e como efetuar medi\u00e7\u00f5es;<\/li>\n<li>Montagem passo a passo da transmiss\u00e3o, utilizando ferramentas e dispositivos;<\/li>\n<li>Princ\u00edpios de hidr\u00e1ulica;<\/li>\n<li>Estudo do funcionamento de um corpo de v\u00e1lvulas com controle hidr\u00e1ulico, com \u00eanfase na fun\u00e7\u00e3o de cada v\u00e1lvula;<\/li>\n<li>Cuidados a serem tomados durante a desmontagem, limpeza, inspe\u00e7\u00e3o e remontagem de um corpo de v\u00e1lvulas;<\/li>\n<li>An\u00e1lise de falhas da transmiss\u00e3o, utilizando-se a tabela de aplica\u00e7\u00e3o dos elementos.<\/li>\n<\/ul>\n<h4><\/h4>\n<h4>Transmiss\u00e3o com Controle Eletr\u00f4nico:<\/h4>\n<p><strong>\u00a0<\/strong><\/p>\n<ul>\n<li>Compara\u00e7\u00e3o do sistema eletr\u00f4nico de gerenciamento da transmiss\u00e3o com o sistema de gerenciamento;<\/li>\n<li>Estudo passo a passo, dos diversos sensores e atuadores utilizados em uma transmiss\u00e3o autom\u00e1tica com gerenciamento eletr\u00f4nico;<\/li>\n<li>Nomenclatura utilizada nos meios t\u00e9cnicos;<\/li>\n<li>Tipos de solenoides aplicados no c\u00e2mbio autom\u00e1tico;<\/li>\n<li>Equipamentos de teste utilizados e como testar os solenoides de mudan\u00e7a e reguladores de press\u00e3o em uma transmiss\u00e3o autom\u00e1tica eletr\u00f4nica;<\/li>\n<li>Leitura e interpreta\u00e7\u00e3o de um diagrama el\u00e9trico aplicado \u00e0 uma transmiss\u00e3o autom\u00e1tica;<\/li>\n<li>Estudos dos sistemas INVERNO, ANTI-PATINA\u00c7\u00c3O, SEGURAN\u00c7A, ECONOMICO\/ESPORTIVO;<\/li>\n<li>L\u00f3gica Difusa;<\/li>\n<li>Utiliza\u00e7\u00e3o do scanner automotivo no processo de diagn\u00f3stico de uma transmiss\u00e3o com controle eletr\u00f4nico.<\/li>\n<\/ul>\n<p>&nbsp;<\/p>\n<p><strong>Per\u00edodo:<\/strong>\u00a0 (Forma\u00e7\u00e3o);<\/p>\n<p><strong>Hor\u00e1rio:<\/strong> Segunda-feira \u00e0 S\u00e1bado;<\/p>\n<p><strong>Hor\u00e1rio:<\/strong>\u00a008:00 \u00e0s 17:00;<\/p>\n<p><strong>Formas de pagamento:<\/strong> A vista ou em at\u00e9 10x sem juros no Cart\u00e3o de Cr\u00e9dito.<\/p>\n","protected":false},"excerpt":{"rendered":"<p>C\u00c2MBIO AUTOM\u00c1TICO &#8211; INICIAL CONTE\u00daDO PROGRAM\u00c1TICO: &nbsp; Transmiss\u00e3o com Controle Hidr\u00e1ulico: Identifica\u00e7\u00e3o da transmiss\u00e3o (significado das plaquetas e letras); An\u00e1lise do Processo de diagn\u00f3stico pelo t\u00e9cnico; Utiliza\u00e7\u00e3o racional da alavanca seletora; Diagn\u00f3stico de falhas da transmiss\u00e3o atrav\u00e9s da an\u00e1lise; Como efetuar uma troca total de fluido da transmiss\u00e3o; Funcionamento do conversor de torque e pe\u00e7as; [&hellip;]<\/p>\n","protected":false},"featured_media":3876,"template":"","meta":{"_exactmetrics_skip_tracking":false,"_exactmetrics_sitenote_active":false,"_exactmetrics_sitenote_note":"","_exactmetrics_sitenote_category":0},"product_cat":[67],"product_tag":[],"class_list":{"0":"post-3566","1":"product","2":"type-product","3":"status-publish","4":"has-post-thumbnail","6":"product_cat-sem-categoria","8":"first","9":"instock","10":"taxable","11":"shipping-taxable","12":"product-type-simple"},"_links":{"self":[{"href":"https:\/\/www.profiautos.com.br\/novosite\/wp-json\/wp\/v2\/product\/3566"}],"collection":[{"href":"https:\/\/www.profiautos.com.br\/novosite\/wp-json\/wp\/v2\/product"}],"about":[{"href":"https:\/\/www.profiautos.com.br\/novosite\/wp-json\/wp\/v2\/types\/product"}],"wp:featuredmedia":[{"embeddable":true,"href":"https:\/\/www.profiautos.com.br\/novosite\/wp-json\/wp\/v2\/media\/3876"}],"wp:attachment":[{"href":"https:\/\/www.profiautos.com.br\/novosite\/wp-json\/wp\/v2\/media?parent=3566"}],"wp:term":[{"taxonomy":"product_cat","embeddable":true,"href":"https:\/\/www.profiautos.com.br\/novosite\/wp-json\/wp\/v2\/product_cat?post=3566"},{"taxonomy":"product_tag","embeddable":true,"href":"https:\/\/www.profiautos.com.br\/novosite\/wp-json\/wp\/v2\/product_tag?post=3566"}],"curies":[{"name":"wp","href":"https:\/\/api.w.org\/{rel}","templated":true}]}}