{"id":315,"date":"2022-04-04T12:00:28","date_gmt":"2022-04-04T15:00:28","guid":{"rendered":"http:\/\/www.profiautos.com.br\/novosite\/produto\/eletricidade-para-motos\/"},"modified":"2025-10-21T14:45:08","modified_gmt":"2025-10-21T17:45:08","slug":"eletricidade-para-motos","status":"publish","type":"product","link":"https:\/\/www.profiautos.com.br\/novosite\/produto\/eletricidade-para-motos\/","title":{"rendered":"ELETRICIDADE PARA MOTOS"},"content":{"rendered":"<p class=\"western\" align=\"justify\"><b>ELETRICIDADE PARA MOTOS<\/b><\/p>\n<p class=\"western\" align=\"justify\"><b>Objetivo:\u00a0<\/b>Formar profissionais para atuarem no segmento de repara\u00e7\u00e3o de motocicleta, realizando diagn\u00f3stico e reparos.<\/p>\n<p class=\"western\" align=\"justify\"><b>Conte\u00fado Program\u00e1tico:<\/b><\/p>\n<ul>\n<li>Sistema de ilumina\u00e7\u00e3o;<\/li>\n<li>Sinaliza\u00e7\u00e3o;<\/li>\n<li>Carga;<\/li>\n<li>Partida;<\/li>\n<li>Alarme;<\/li>\n<li>Analise de esquemas;<\/li>\n<li>Utiliza\u00e7\u00e3o de mult\u00edmetro;<\/li>\n<li>Carga de bateria;<\/li>\n<li>Diagn\u00f3stico de componentes.<\/li>\n<\/ul>\n<p><b>Dura\u00e7\u00e3o: <\/b>\u00a07 Dias (17 hrs);<\/p>\n<p class=\"western\" align=\"justify\"><b>Hor\u00e1rio das aulas:<\/b>\u00a0 Segunda-feira a Quinta-feira\u00a0(19:00 \u00e0s 21:30);<\/p>\n<p class=\"western\" align=\"justify\"><strong>Per\u00edodo: <\/strong>05\/01\/2026 (Previs\u00e3o) ;<\/p>\n<p class=\"western\" align=\"justify\"><b>Incluso:<\/b> Material Did\u00e1tico e Certificado de Participa\u00e7\u00e3o;<\/p>\n<p class=\"western\" align=\"justify\"><b>Formas de Pagamento:<\/b> A vista ou em at\u00e9 3x sem juros no Cart\u00e3o de Cr\u00e9dito.<\/p>\n","protected":false},"excerpt":{"rendered":"<p>ELETRICIDADE PARA MOTOS Objetivo:\u00a0Formar profissionais para atuarem no segmento de repara\u00e7\u00e3o de motocicleta, realizando diagn\u00f3stico e reparos. Conte\u00fado Program\u00e1tico: Sistema de ilumina\u00e7\u00e3o; Sinaliza\u00e7\u00e3o; Carga; Partida; Alarme; Analise de esquemas; Utiliza\u00e7\u00e3o de mult\u00edmetro; Carga de bateria; Diagn\u00f3stico de componentes. Dura\u00e7\u00e3o: \u00a07 Dias (17 hrs); Hor\u00e1rio das aulas:\u00a0 Segunda-feira a Quinta-feira\u00a0(19:00 \u00e0s 21:30); Per\u00edodo: 05\/01\/2026 (Previs\u00e3o) ; [&hellip;]<\/p>\n","protected":false},"featured_media":3976,"template":"","meta":{"_exactmetrics_skip_tracking":false,"_exactmetrics_sitenote_active":false,"_exactmetrics_sitenote_note":"","_exactmetrics_sitenote_category":0},"product_cat":[14,10],"product_tag":[],"class_list":{"0":"post-315","1":"product","2":"type-product","3":"status-publish","4":"has-post-thumbnail","6":"product_cat-cursos-com-matriculas-abertas","7":"product_cat-cursos-de-motocicletas","9":"first","10":"instock","11":"purchasable","12":"product-type-simple"},"_links":{"self":[{"href":"https:\/\/www.profiautos.com.br\/novosite\/wp-json\/wp\/v2\/product\/315"}],"collection":[{"href":"https:\/\/www.profiautos.com.br\/novosite\/wp-json\/wp\/v2\/product"}],"about":[{"href":"https:\/\/www.profiautos.com.br\/novosite\/wp-json\/wp\/v2\/types\/product"}],"wp:featuredmedia":[{"embeddable":true,"href":"https:\/\/www.profiautos.com.br\/novosite\/wp-json\/wp\/v2\/media\/3976"}],"wp:attachment":[{"href":"https:\/\/www.profiautos.com.br\/novosite\/wp-json\/wp\/v2\/media?parent=315"}],"wp:term":[{"taxonomy":"product_cat","embeddable":true,"href":"https:\/\/www.profiautos.com.br\/novosite\/wp-json\/wp\/v2\/product_cat?post=315"},{"taxonomy":"product_tag","embeddable":true,"href":"https:\/\/www.profiautos.com.br\/novosite\/wp-json\/wp\/v2\/product_tag?post=315"}],"curies":[{"name":"wp","href":"https:\/\/api.w.org\/{rel}","templated":true}]}}