{"id":3067,"date":"2022-04-04T13:00:58","date_gmt":"2022-04-04T16:00:58","guid":{"rendered":"http:\/\/www.profiautos.com.br\/novosite\/?post_type=product&#038;p=3067"},"modified":"2025-10-07T09:06:35","modified_gmt":"2025-10-07T12:06:35","slug":"alinhamento-e-balanceamento","status":"publish","type":"product","link":"https:\/\/www.profiautos.com.br\/novosite\/produto\/alinhamento-e-balanceamento\/","title":{"rendered":"ALINHAMENTO E BALANCEAMENTO"},"content":{"rendered":"<p class=\"western\" align=\"justify\"><b>ALINHAMENTO E BALANCEAMENTO<\/b><\/p>\n<p class=\"western\" align=\"justify\"><b>Objetivo:\u00a0<\/b>Qualificar profissionais para executarem servi\u00e7os de alinhamento em ve\u00edculos automotivos.<\/p>\n<p class=\"western\" align=\"justify\"><b>Conte\u00fado Program\u00e1tico:<\/b><\/p>\n<ul>\n<li class=\"western\">Substitui\u00e7\u00e3o de Pneu;<\/li>\n<li class=\"western\">Alinhamento de Ve\u00edculos;<\/li>\n<li class=\"western\">Sistema de Suspens\u00e3o;<\/li>\n<li class=\"western\">Eixo das Rodas;<\/li>\n<li class=\"western\">Alinhadores \u00d3ticos;<\/li>\n<li class=\"western\">Amortecedores;<\/li>\n<li class=\"western\">Sistema de Dire\u00e7\u00e3o;<\/li>\n<li class=\"western\">Geometria da Dire\u00e7\u00e3o;<\/li>\n<li class=\"western\">Corre\u00e7\u00e3o de Cambagem;<\/li>\n<li class=\"western\">Balanceamento de Roda.<\/li>\n<\/ul>\n<p class=\"western\" align=\"justify\"><b>Dura\u00e7\u00e3o:<\/b>\u00a02 semanas;<\/p>\n<p class=\"western\" align=\"justify\"><strong>Dias da aula:<\/strong> Segunda-feira a Quinta-feira (19:00 \u00e0s 21:30);<\/p>\n<p class=\"western\" align=\"justify\"><strong>Per\u00edodo:<\/strong> 24\/11\/2025 (Previs\u00e3o);<\/p>\n<p class=\"western\" align=\"justify\"><b>Incluso:<\/b>\u00a0Material Did\u00e1tico e Certificado de Participa\u00e7\u00e3o;<\/p>\n<p class=\"western\" align=\"justify\"><b>Formas de Pagamento:\u00a0<\/b>A vista ou at\u00e9 3x no Cart\u00e3o de Cr\u00e9dito.<\/p>\n","protected":false},"excerpt":{"rendered":"<p>ALINHAMENTO E BALANCEAMENTO Objetivo:\u00a0Qualificar profissionais para executarem servi\u00e7os de alinhamento em ve\u00edculos automotivos. Conte\u00fado Program\u00e1tico: Substitui\u00e7\u00e3o de Pneu; Alinhamento de Ve\u00edculos; Sistema de Suspens\u00e3o; Eixo das Rodas; Alinhadores \u00d3ticos; Amortecedores; Sistema de Dire\u00e7\u00e3o; Geometria da Dire\u00e7\u00e3o; Corre\u00e7\u00e3o de Cambagem; Balanceamento de Roda. Dura\u00e7\u00e3o:\u00a02 semanas; Dias da aula: Segunda-feira a Quinta-feira (19:00 \u00e0s 21:30); Per\u00edodo: 24\/11\/2025 [&hellip;]<\/p>\n","protected":false},"featured_media":3974,"template":"","meta":{"_exactmetrics_skip_tracking":false,"_exactmetrics_sitenote_active":false,"_exactmetrics_sitenote_note":"","_exactmetrics_sitenote_category":0},"product_cat":[8],"product_tag":[],"class_list":{"0":"post-3067","1":"product","2":"type-product","3":"status-publish","4":"has-post-thumbnail","6":"product_cat-cursos-automotivos","8":"first","9":"instock","10":"taxable","11":"shipping-taxable","12":"purchasable","13":"product-type-simple"},"_links":{"self":[{"href":"https:\/\/www.profiautos.com.br\/novosite\/wp-json\/wp\/v2\/product\/3067"}],"collection":[{"href":"https:\/\/www.profiautos.com.br\/novosite\/wp-json\/wp\/v2\/product"}],"about":[{"href":"https:\/\/www.profiautos.com.br\/novosite\/wp-json\/wp\/v2\/types\/product"}],"wp:featuredmedia":[{"embeddable":true,"href":"https:\/\/www.profiautos.com.br\/novosite\/wp-json\/wp\/v2\/media\/3974"}],"wp:attachment":[{"href":"https:\/\/www.profiautos.com.br\/novosite\/wp-json\/wp\/v2\/media?parent=3067"}],"wp:term":[{"taxonomy":"product_cat","embeddable":true,"href":"https:\/\/www.profiautos.com.br\/novosite\/wp-json\/wp\/v2\/product_cat?post=3067"},{"taxonomy":"product_tag","embeddable":true,"href":"https:\/\/www.profiautos.com.br\/novosite\/wp-json\/wp\/v2\/product_tag?post=3067"}],"curies":[{"name":"wp","href":"https:\/\/api.w.org\/{rel}","templated":true}]}}