{"id":304,"date":"2022-04-04T14:00:00","date_gmt":"2022-04-04T17:00:00","guid":{"rendered":"http:\/\/www.profiautos.com.br\/novosite\/produto\/sushi-e-sashimi\/"},"modified":"2025-07-31T10:56:27","modified_gmt":"2025-07-31T13:56:27","slug":"sushi-e-sashimi","status":"publish","type":"product","link":"https:\/\/www.profiautos.com.br\/novosite\/produto\/sushi-e-sashimi\/","title":{"rendered":"SUSHI E SASHIMI &#8211; S\u00c1BADO"},"content":{"rendered":"<p class=\"western\" align=\"justify\"><b>SUSHI E SASHIMI &#8211; S\u00c1BADO<\/b><\/p>\n<p class=\"western\" align=\"justify\"><b>Objetivo:\u00a0<\/b>Capacitar amadores ou profissionais na gastronomia oriental na elabora\u00e7\u00e3o de Sushi e Sashimi podendo atuar como microempreendedor individual ou prestar servi\u00e7o a empresas no ramo.<\/p>\n<p class=\"western\" align=\"justify\"><b>Conte\u00fado Program\u00e1tico:<\/b><\/p>\n<ul>\n<li>Introdu\u00e7\u00e3o a Boas Pratica de Fabrica\u00e7\u00e3o de Alimentos;<\/li>\n<li>Introdu\u00e7\u00e3o dos equipamentos, acess\u00f3rios e ingredientes utilizados na elabora\u00e7\u00e3o do Sushi e Sashimi;<\/li>\n<li>Elabora\u00e7\u00e3o do molho para o arroz;<\/li>\n<li>Elabora\u00e7\u00e3o adequada do arroz;<\/li>\n<li>Cortes para o Salm\u00e3o entre outros peixes;<\/li>\n<li>T\u00e9cnicas de corte do Sashimi;<\/li>\n<li>Elabora\u00e7\u00e3o dos recheios do Sushi;<\/li>\n<li>T\u00e9cnicas e modelagens de Sushi;<\/li>\n<li>Fabrica\u00e7\u00e3o do Temaki;<\/li>\n<li>Fabrica\u00e7\u00e3o do Hot;<\/li>\n<li>Fabrica\u00e7\u00e3o dos Pratos e Design.<\/li>\n<\/ul>\n<p><b><br \/>\nDura\u00e7\u00e3o: <\/b>1 S\u00e1bado (7 hrs\/a);<\/p>\n<p class=\"western\" align=\"justify\"><b>Hor\u00e1rio das aulas:<\/b>\u00a0S\u00e1bado (08:00 \u00e0s 15:00);<\/p>\n<p class=\"western\" align=\"justify\"><strong>Per\u00edodo: Forma\u00e7\u00e3o<\/strong><\/p>\n<p class=\"western\" align=\"justify\"><b>Incluso:<\/b> Material Did\u00e1tico e Certificado de Participa\u00e7\u00e3o;<\/p>\n<p class=\"western\" align=\"justify\"><b>Formas de Pagamento:<\/b> A vista ou at\u00e9 3x sem juros no Cart\u00e3o de Cr\u00e9dito.<\/p>\n","protected":false},"excerpt":{"rendered":"<p>SUSHI E SASHIMI &#8211; S\u00c1BADO Objetivo:\u00a0Capacitar amadores ou profissionais na gastronomia oriental na elabora\u00e7\u00e3o de Sushi e Sashimi podendo atuar como microempreendedor individual ou prestar servi\u00e7o a empresas no ramo. Conte\u00fado Program\u00e1tico: Introdu\u00e7\u00e3o a Boas Pratica de Fabrica\u00e7\u00e3o de Alimentos; Introdu\u00e7\u00e3o dos equipamentos, acess\u00f3rios e ingredientes utilizados na elabora\u00e7\u00e3o do Sushi e Sashimi; Elabora\u00e7\u00e3o do [&hellip;]<\/p>\n","protected":false},"featured_media":1189,"template":"","meta":{"_exactmetrics_skip_tracking":false,"_exactmetrics_sitenote_active":false,"_exactmetrics_sitenote_note":"","_exactmetrics_sitenote_category":0},"product_cat":[14,9],"product_tag":[],"class_list":{"0":"post-304","1":"product","2":"type-product","3":"status-publish","4":"has-post-thumbnail","6":"product_cat-cursos-com-matriculas-abertas","7":"product_cat-cursos-de-gastronomia","9":"first","10":"instock","11":"purchasable","12":"product-type-simple"},"_links":{"self":[{"href":"https:\/\/www.profiautos.com.br\/novosite\/wp-json\/wp\/v2\/product\/304"}],"collection":[{"href":"https:\/\/www.profiautos.com.br\/novosite\/wp-json\/wp\/v2\/product"}],"about":[{"href":"https:\/\/www.profiautos.com.br\/novosite\/wp-json\/wp\/v2\/types\/product"}],"wp:featuredmedia":[{"embeddable":true,"href":"https:\/\/www.profiautos.com.br\/novosite\/wp-json\/wp\/v2\/media\/1189"}],"wp:attachment":[{"href":"https:\/\/www.profiautos.com.br\/novosite\/wp-json\/wp\/v2\/media?parent=304"}],"wp:term":[{"taxonomy":"product_cat","embeddable":true,"href":"https:\/\/www.profiautos.com.br\/novosite\/wp-json\/wp\/v2\/product_cat?post=304"},{"taxonomy":"product_tag","embeddable":true,"href":"https:\/\/www.profiautos.com.br\/novosite\/wp-json\/wp\/v2\/product_tag?post=304"}],"curies":[{"name":"wp","href":"https:\/\/api.w.org\/{rel}","templated":true}]}}