{"id":2986,"date":"2022-04-04T14:00:33","date_gmt":"2022-04-04T17:00:33","guid":{"rendered":"http:\/\/www.profiautos.com.br\/novosite\/?post_type=product&#038;p=2986"},"modified":"2025-07-31T10:57:01","modified_gmt":"2025-07-31T13:57:01","slug":"curso-de-sushi-especiais-sabados","status":"publish","type":"product","link":"https:\/\/www.profiautos.com.br\/novosite\/produto\/curso-de-sushi-especiais-sabados\/","title":{"rendered":"SUSHI ESPECIAIS &#8211; S\u00c1BADO"},"content":{"rendered":"<p class=\"western\" align=\"justify\"><b>SUSHI ESPECIAIS &#8211; S\u00c1BADO<\/b><\/p>\n<p class=\"western\" align=\"justify\"><b>Objetivo:\u00a0<\/b>Capacitar amadores ou profissionais na gastronomia oriental na elabora\u00e7\u00e3o de Sushi especiais podendo atuar como microempreendedor individual ou prestar servi\u00e7o a empresas no ramo.<\/p>\n<p class=\"western\" align=\"justify\"><b>Conte\u00fado Program\u00e1tico:<\/b><\/p>\n<ul>\n<li>Gunkan shake;<\/li>\n<li>Gunkan ebi;<\/li>\n<li>Gunkan garlik;<\/li>\n<li>Couver crock;<\/li>\n<li>Pirulito de salm\u00e3o;<\/li>\n<li>Tigrado;<\/li>\n<li>Hot sasahara;<\/li>\n<li>Ebitem;<\/li>\n<li>Mannhatan;<\/li>\n<li>Temaki supremo;<\/li>\n<li>Temaki butterfly;<\/li>\n<li>Tare;<\/li>\n<li>Salada de marisco.<\/li>\n<\/ul>\n<p><b>Dura\u00e7\u00e3o:<\/b> 1 S\u00e1bado (7\u00a0horas);<\/p>\n<p class=\"western\" align=\"justify\"><b>Hor\u00e1rio das aulas:<\/b> S\u00e1bado (08:00 \u00e0s 15:00);<\/p>\n<p class=\"western\" align=\"justify\"><strong>Per\u00edodo:<\/strong> <strong>Forma\u00e7\u00e3o<\/strong><\/p>\n<p class=\"western\" align=\"justify\"><b>Incluso:<\/b>\u00a0Material Did\u00e1tico e Certificado de Participa\u00e7\u00e3o;<\/p>\n<p class=\"western\" align=\"justify\"><b>Formas de Pagamento:<\/b>\u00a0A vista ou at\u00e9 3x sem juros no Cart\u00e3o de Cr\u00e9dito.<\/p>\n","protected":false},"excerpt":{"rendered":"<p>SUSHI ESPECIAIS &#8211; S\u00c1BADO Objetivo:\u00a0Capacitar amadores ou profissionais na gastronomia oriental na elabora\u00e7\u00e3o de Sushi especiais podendo atuar como microempreendedor individual ou prestar servi\u00e7o a empresas no ramo. Conte\u00fado Program\u00e1tico: Gunkan shake; Gunkan ebi; Gunkan garlik; Couver crock; Pirulito de salm\u00e3o; Tigrado; Hot sasahara; Ebitem; Mannhatan; Temaki supremo; Temaki butterfly; Tare; Salada de marisco. Dura\u00e7\u00e3o: [&hellip;]<\/p>\n","protected":false},"featured_media":2988,"template":"","meta":{"_exactmetrics_skip_tracking":false,"_exactmetrics_sitenote_active":false,"_exactmetrics_sitenote_note":"","_exactmetrics_sitenote_category":0},"product_cat":[14,9],"product_tag":[],"class_list":{"0":"post-2986","1":"product","2":"type-product","3":"status-publish","4":"has-post-thumbnail","6":"product_cat-cursos-com-matriculas-abertas","7":"product_cat-cursos-de-gastronomia","9":"first","10":"instock","11":"taxable","12":"shipping-taxable","13":"purchasable","14":"product-type-simple"},"_links":{"self":[{"href":"https:\/\/www.profiautos.com.br\/novosite\/wp-json\/wp\/v2\/product\/2986"}],"collection":[{"href":"https:\/\/www.profiautos.com.br\/novosite\/wp-json\/wp\/v2\/product"}],"about":[{"href":"https:\/\/www.profiautos.com.br\/novosite\/wp-json\/wp\/v2\/types\/product"}],"wp:featuredmedia":[{"embeddable":true,"href":"https:\/\/www.profiautos.com.br\/novosite\/wp-json\/wp\/v2\/media\/2988"}],"wp:attachment":[{"href":"https:\/\/www.profiautos.com.br\/novosite\/wp-json\/wp\/v2\/media?parent=2986"}],"wp:term":[{"taxonomy":"product_cat","embeddable":true,"href":"https:\/\/www.profiautos.com.br\/novosite\/wp-json\/wp\/v2\/product_cat?post=2986"},{"taxonomy":"product_tag","embeddable":true,"href":"https:\/\/www.profiautos.com.br\/novosite\/wp-json\/wp\/v2\/product_tag?post=2986"}],"curies":[{"name":"wp","href":"https:\/\/api.w.org\/{rel}","templated":true}]}}