{"id":2948,"date":"2022-03-11T13:30:09","date_gmt":"2022-03-11T16:30:09","guid":{"rendered":"http:\/\/www.profiautos.com.br\/novosite\/?post_type=product&#038;p=2948"},"modified":"2025-06-11T09:16:28","modified_gmt":"2025-06-11T12:16:28","slug":"hamburguer-artesanal-sabado","status":"publish","type":"product","link":"https:\/\/www.profiautos.com.br\/novosite\/produto\/hamburguer-artesanal-sabado\/","title":{"rendered":"HAMB\u00daRGUER ARTESANAL &#8211; S\u00c1BADO"},"content":{"rendered":"<p><strong>HAMB\u00daRGUER ARTESANAL &#8211; S\u00c1BADO<\/strong><\/p>\n<p><strong>Conte\u00fado Program\u00e1tico:<\/strong><\/p>\n<ul>\n<li>Cebola caramelizada;<\/li>\n<li>Blends de carnes;<\/li>\n<li>Molhos;<\/li>\n<li>Montagens;<\/li>\n<li>Vendas e marketing;<\/li>\n<li>Batata r\u00fastica;<\/li>\n<\/ul>\n<p><strong>Dura\u00e7\u00e3o:<\/strong> 1 s\u00e1bado (5 horas);<\/p>\n<p><strong>Hor\u00e1rio das aulas:<\/strong> 08:00 \u00e0s 13:00;<\/p>\n<p><strong>Per\u00edodo:<\/strong> 09\/08\/2025<\/p>\n<p><strong>Incluso:<\/strong> Material Did\u00e1tico e Certificado de Participa\u00e7\u00e3o;<\/p>\n<p><strong>Formas de Pagamento:<\/strong> A vista ou at\u00e9 3x sem juros no Cart\u00e3o de Cr\u00e9dito.<\/p>\n","protected":false},"excerpt":{"rendered":"<p>HAMB\u00daRGUER ARTESANAL &#8211; S\u00c1BADO Conte\u00fado Program\u00e1tico: Cebola caramelizada; Blends de carnes; Molhos; Montagens; Vendas e marketing; Batata r\u00fastica; Dura\u00e7\u00e3o: 1 s\u00e1bado (5 horas); Hor\u00e1rio das aulas: 08:00 \u00e0s 13:00; Per\u00edodo: 09\/08\/2025 Incluso: Material Did\u00e1tico e Certificado de Participa\u00e7\u00e3o; Formas de Pagamento: A vista ou at\u00e9 3x sem juros no Cart\u00e3o de Cr\u00e9dito.<\/p>\n","protected":false},"featured_media":2770,"template":"","meta":{"_exactmetrics_skip_tracking":false,"_exactmetrics_sitenote_active":false,"_exactmetrics_sitenote_note":"","_exactmetrics_sitenote_category":0},"product_cat":[14,9],"product_tag":[],"class_list":{"0":"post-2948","1":"product","2":"type-product","3":"status-publish","4":"has-post-thumbnail","6":"product_cat-cursos-com-matriculas-abertas","7":"product_cat-cursos-de-gastronomia","9":"first","10":"instock","11":"taxable","12":"shipping-taxable","13":"purchasable","14":"product-type-simple"},"_links":{"self":[{"href":"https:\/\/www.profiautos.com.br\/novosite\/wp-json\/wp\/v2\/product\/2948"}],"collection":[{"href":"https:\/\/www.profiautos.com.br\/novosite\/wp-json\/wp\/v2\/product"}],"about":[{"href":"https:\/\/www.profiautos.com.br\/novosite\/wp-json\/wp\/v2\/types\/product"}],"wp:featuredmedia":[{"embeddable":true,"href":"https:\/\/www.profiautos.com.br\/novosite\/wp-json\/wp\/v2\/media\/2770"}],"wp:attachment":[{"href":"https:\/\/www.profiautos.com.br\/novosite\/wp-json\/wp\/v2\/media?parent=2948"}],"wp:term":[{"taxonomy":"product_cat","embeddable":true,"href":"https:\/\/www.profiautos.com.br\/novosite\/wp-json\/wp\/v2\/product_cat?post=2948"},{"taxonomy":"product_tag","embeddable":true,"href":"https:\/\/www.profiautos.com.br\/novosite\/wp-json\/wp\/v2\/product_tag?post=2948"}],"curies":[{"name":"wp","href":"https:\/\/api.w.org\/{rel}","templated":true}]}}