{"id":2713,"date":"2022-04-04T13:00:56","date_gmt":"2022-04-04T16:00:56","guid":{"rendered":"http:\/\/www.profiautos.com.br\/novosite\/?post_type=product&#038;p=2713"},"modified":"2024-05-04T08:40:13","modified_gmt":"2024-05-04T11:40:13","slug":"curso-de-consultor-de-servico-para-autocenter","status":"publish","type":"product","link":"https:\/\/www.profiautos.com.br\/novosite\/produto\/curso-de-consultor-de-servico-para-autocenter\/","title":{"rendered":"CONSULTOR DE SERVI\u00c7OS E VENDAS"},"content":{"rendered":"<p><strong>CONSULTOR DE SERVI\u00c7OS E VENDAS<\/strong><\/p>\n<p><strong>Objetivo: <\/strong>Habilitar o aluno a trabalhos com foco em vendas e atendimento ao cliente.<\/p>\n<p><strong>Conte\u00fado Program\u00e1tico:<\/strong><\/p>\n<ul>\n<li>Defini\u00e7\u00e3o de Servi\u00e7os;<\/li>\n<li>Defini\u00e7\u00e3o de Produtos;<\/li>\n<li>Por que os consumidores compram?;<\/li>\n<li>Tipos de clientes;<\/li>\n<li>Rela\u00e7\u00f5es humanas;<\/li>\n<li>\u00c9tica profissional;<\/li>\n<li>Qualidade na presta\u00e7\u00e3o de Servi\u00e7os;<\/li>\n<li>Atendimento nota 10;<\/li>\n<li>An\u00e1lise da composi\u00e7\u00e3o do pre\u00e7o;<\/li>\n<li>Forma\u00e7\u00e3o de pre\u00e7o de produtos e servi\u00e7os;<\/li>\n<li>Pol\u00edtica de Or\u00e7amentos;<\/li>\n<li>Estudando a Ordem de Servi\u00e7o;<\/li>\n<li>T\u00e9cnicas de Negocia\u00e7\u00e3o;<\/li>\n<li>Gest\u00e3o de servi\u00e7os.<\/li>\n<\/ul>\n<p>&nbsp;<\/p>\n<p><strong>Dura\u00e7\u00e3o: <\/strong>1 semana (10 hrs);<\/p>\n<p><strong>Per\u00edodo:\u00a0<\/strong>Segunda-feira \u00e0 Quinta-feira (19:00 \u00e0s 21:30);<\/p>\n<p><strong>Data: <\/strong>\u00a0(Forma\u00e7\u00e3o);<\/p>\n<p><strong>Incluso: <\/strong>Material Did\u00e1tico e Certificado de Conclus\u00e3o;<\/p>\n<p><strong>Formas de Pagamento: <\/strong>A vista ou em at\u00e9 3x sem juros no Cart\u00e3o de Cr\u00e9dito.<\/p>\n<p>&nbsp;<\/p>\n","protected":false},"excerpt":{"rendered":"<p>CONSULTOR DE SERVI\u00c7OS E VENDAS Objetivo: Habilitar o aluno a trabalhos com foco em vendas e atendimento ao cliente. Conte\u00fado Program\u00e1tico: Defini\u00e7\u00e3o de Servi\u00e7os; Defini\u00e7\u00e3o de Produtos; Por que os consumidores compram?; Tipos de clientes; Rela\u00e7\u00f5es humanas; \u00c9tica profissional; Qualidade na presta\u00e7\u00e3o de Servi\u00e7os; Atendimento nota 10; An\u00e1lise da composi\u00e7\u00e3o do pre\u00e7o; Forma\u00e7\u00e3o de pre\u00e7o [&hellip;]<\/p>\n","protected":false},"featured_media":3343,"template":"","meta":{"_exactmetrics_skip_tracking":false,"_exactmetrics_sitenote_active":false,"_exactmetrics_sitenote_note":"","_exactmetrics_sitenote_category":0},"product_cat":[8,14],"product_tag":[],"class_list":{"0":"post-2713","1":"product","2":"type-product","3":"status-publish","4":"has-post-thumbnail","6":"product_cat-cursos-automotivos","7":"product_cat-cursos-com-matriculas-abertas","9":"first","10":"outofstock","11":"taxable","12":"shipping-taxable","13":"purchasable","14":"product-type-simple"},"_links":{"self":[{"href":"https:\/\/www.profiautos.com.br\/novosite\/wp-json\/wp\/v2\/product\/2713"}],"collection":[{"href":"https:\/\/www.profiautos.com.br\/novosite\/wp-json\/wp\/v2\/product"}],"about":[{"href":"https:\/\/www.profiautos.com.br\/novosite\/wp-json\/wp\/v2\/types\/product"}],"wp:featuredmedia":[{"embeddable":true,"href":"https:\/\/www.profiautos.com.br\/novosite\/wp-json\/wp\/v2\/media\/3343"}],"wp:attachment":[{"href":"https:\/\/www.profiautos.com.br\/novosite\/wp-json\/wp\/v2\/media?parent=2713"}],"wp:term":[{"taxonomy":"product_cat","embeddable":true,"href":"https:\/\/www.profiautos.com.br\/novosite\/wp-json\/wp\/v2\/product_cat?post=2713"},{"taxonomy":"product_tag","embeddable":true,"href":"https:\/\/www.profiautos.com.br\/novosite\/wp-json\/wp\/v2\/product_tag?post=2713"}],"curies":[{"name":"wp","href":"https:\/\/api.w.org\/{rel}","templated":true}]}}