{"id":2681,"date":"2019-05-13T13:16:56","date_gmt":"2019-05-13T16:16:56","guid":{"rendered":"http:\/\/www.profiautos.com.br\/novosite\/?post_type=product&#038;p=2681"},"modified":"2020-08-18T14:33:06","modified_gmt":"2020-08-18T17:33:06","slug":"escada-alum-esticavel-dupla-24x40-2x7-14-degraus-alulev","status":"publish","type":"product","link":"https:\/\/www.profiautos.com.br\/novosite\/produto\/escada-alum-esticavel-dupla-24x40-2x7-14-degraus-alulev\/","title":{"rendered":"ESCADA ALUM. ESTICAVEL DUPLA 2,4X4,0 2X7 14 DEGRAUS ALULEV"},"content":{"rendered":"<p>PARA INFORMA\u00c7\u00d5ES DE VALORES , (85) 9 8732-1854 OU (85) 3034-1103<\/p>\n<p>DETALHES T\u00c9CNICOS:<br \/>\nDescri\u00e7\u00e3o<br \/>\n&#8211; Estendida, aberta ou separada a escada comercial ED* da Alulev facilita todo tipo de trabalho.<br \/>\n&#8211; Pode ser utilizada de 3 maneiras diferentes: Estendida, aberta e separada.<br \/>\n&#8211; Liga de Alum\u00ednio estrutural.<br \/>\n&#8211; Dist\u00e2ncia de 30 cm entre os degraus.<br \/>\n&#8211; Fixa\u00e7\u00e3o r\u00edgida dos degraus.<br \/>\n&#8211; Carga m\u00e1xima: 120 kg.<br \/>\n* ED = Estic\u00e1vel Dupla<\/p>\n<p>Principais vantagens<br \/>\n&#8211; Exclusivo Pino Limitador de Altura (PAT. REQ)<br \/>\n&#8211; Rodas emborrachadas.<br \/>\n&#8211; Sapatas antiderrapantes.<br \/>\n&#8211; Sistema de articula\u00e7\u00e3o que possibilita seu uso com escada aberta tipo pintor.<br \/>\n&#8211; Sistema de travamento que envolve por completo o degrau.<br \/>\n&#8211; Degraus planos e estridos, m\u00e1xima ader\u00eancia ao subir e ao descer.<\/p>\n<p>Dados T\u00e9cnicos<br \/>\n&#8211; Modelo: ED107<br \/>\n&#8211; Numero de degraus: 2 x 7<br \/>\n&#8211; Fechada \/ Esticada: 2,40 \/ 3,90<br \/>\n&#8211; Aberta: 2,22m<br \/>\n&#8211; Separada: 2,30m<br \/>\n&#8211; Peso: 8,0 Kg<\/p>\n","protected":false},"excerpt":{"rendered":"<p>PARA INFORMA\u00c7\u00d5ES DE VALORES , (85) 9 8732-1854 OU (85) 3034-1103 DETALHES T\u00c9CNICOS: Descri\u00e7\u00e3o &#8211; Estendida, aberta ou separada a escada comercial ED* da Alulev facilita todo tipo de trabalho. &#8211; Pode ser utilizada de 3 maneiras diferentes: Estendida, aberta e separada. &#8211; Liga de Alum\u00ednio estrutural. &#8211; Dist\u00e2ncia de 30 cm entre os degraus. [&hellip;]<\/p>\n","protected":false},"featured_media":2682,"template":"","meta":{"_exactmetrics_skip_tracking":false,"_exactmetrics_sitenote_active":false,"_exactmetrics_sitenote_note":"","_exactmetrics_sitenote_category":0},"product_cat":[65],"product_tag":[],"class_list":{"0":"post-2681","1":"product","2":"type-product","3":"status-publish","4":"has-post-thumbnail","6":"product_cat-construcao","8":"first","9":"instock","10":"taxable","11":"shipping-taxable","12":"product-type-simple"},"_links":{"self":[{"href":"https:\/\/www.profiautos.com.br\/novosite\/wp-json\/wp\/v2\/product\/2681"}],"collection":[{"href":"https:\/\/www.profiautos.com.br\/novosite\/wp-json\/wp\/v2\/product"}],"about":[{"href":"https:\/\/www.profiautos.com.br\/novosite\/wp-json\/wp\/v2\/types\/product"}],"wp:featuredmedia":[{"embeddable":true,"href":"https:\/\/www.profiautos.com.br\/novosite\/wp-json\/wp\/v2\/media\/2682"}],"wp:attachment":[{"href":"https:\/\/www.profiautos.com.br\/novosite\/wp-json\/wp\/v2\/media?parent=2681"}],"wp:term":[{"taxonomy":"product_cat","embeddable":true,"href":"https:\/\/www.profiautos.com.br\/novosite\/wp-json\/wp\/v2\/product_cat?post=2681"},{"taxonomy":"product_tag","embeddable":true,"href":"https:\/\/www.profiautos.com.br\/novosite\/wp-json\/wp\/v2\/product_tag?post=2681"}],"curies":[{"name":"wp","href":"https:\/\/api.w.org\/{rel}","templated":true}]}}