{"id":2679,"date":"2019-05-13T13:11:33","date_gmt":"2019-05-13T16:11:33","guid":{"rendered":"http:\/\/www.profiautos.com.br\/novosite\/?post_type=product&#038;p=2679"},"modified":"2020-08-18T14:32:46","modified_gmt":"2020-08-18T17:32:46","slug":"enxada-sem-cabo-norte-forjada-tramontina","status":"publish","type":"product","link":"https:\/\/www.profiautos.com.br\/novosite\/produto\/enxada-sem-cabo-norte-forjada-tramontina\/","title":{"rendered":"ENXADA SEM CABO NORTE FORJADA TRAMONTINA"},"content":{"rendered":"<p>PARA INFORMA\u00c7\u00d5ES DE VALORES , (85) 9 8732-1854 OU (85) 3034-1103<\/p>\n<p>\u2022 A enxada \u00e9 temperada em todo o corpo da pe\u00e7a, proporcionando maior resist\u00eancia e menor desgaste durante o uso.<br \/>\n\u2022 Fabricada em a\u00e7o carbono especial de alta qualidade.<br \/>\n\u2022 Recebe pintura eletrost\u00e1tica a p\u00f3, que tem uma melhor apresenta\u00e7\u00e3o visual e maior prote\u00e7\u00e3o contra oxida\u00e7\u00e3o.<br \/>\n\u2022 A l\u00e2mina possui tamanho 2.0 e sua afia\u00e7\u00e3o \u00e9 feita em m\u00e1quinas automatizadas, proporcionando excelente durabilidade do fio.<br \/>\n\u2022 Possui olho de 38 mm de di\u00e2metro.<\/p>\n","protected":false},"excerpt":{"rendered":"<p>PARA INFORMA\u00c7\u00d5ES DE VALORES , (85) 9 8732-1854 OU (85) 3034-1103 \u2022 A enxada \u00e9 temperada em todo o corpo da pe\u00e7a, proporcionando maior resist\u00eancia e menor desgaste durante o uso. \u2022 Fabricada em a\u00e7o carbono especial de alta qualidade. \u2022 Recebe pintura eletrost\u00e1tica a p\u00f3, que tem uma melhor apresenta\u00e7\u00e3o visual e maior prote\u00e7\u00e3o [&hellip;]<\/p>\n","protected":false},"featured_media":2680,"template":"","meta":{"_exactmetrics_skip_tracking":false,"_exactmetrics_sitenote_active":false,"_exactmetrics_sitenote_note":"","_exactmetrics_sitenote_category":0},"product_cat":[65],"product_tag":[],"class_list":{"0":"post-2679","1":"product","2":"type-product","3":"status-publish","4":"has-post-thumbnail","6":"product_cat-construcao","8":"first","9":"instock","10":"taxable","11":"shipping-taxable","12":"product-type-simple"},"_links":{"self":[{"href":"https:\/\/www.profiautos.com.br\/novosite\/wp-json\/wp\/v2\/product\/2679"}],"collection":[{"href":"https:\/\/www.profiautos.com.br\/novosite\/wp-json\/wp\/v2\/product"}],"about":[{"href":"https:\/\/www.profiautos.com.br\/novosite\/wp-json\/wp\/v2\/types\/product"}],"wp:featuredmedia":[{"embeddable":true,"href":"https:\/\/www.profiautos.com.br\/novosite\/wp-json\/wp\/v2\/media\/2680"}],"wp:attachment":[{"href":"https:\/\/www.profiautos.com.br\/novosite\/wp-json\/wp\/v2\/media?parent=2679"}],"wp:term":[{"taxonomy":"product_cat","embeddable":true,"href":"https:\/\/www.profiautos.com.br\/novosite\/wp-json\/wp\/v2\/product_cat?post=2679"},{"taxonomy":"product_tag","embeddable":true,"href":"https:\/\/www.profiautos.com.br\/novosite\/wp-json\/wp\/v2\/product_tag?post=2679"}],"curies":[{"name":"wp","href":"https:\/\/api.w.org\/{rel}","templated":true}]}}

<p>PARA INFORMAÇÕES DE VALORES , (85) 9 8732-1854 OU (85) 3034-1103</p>
<p>• A enxada é temperada em todo o corpo da peça, proporcionando maior resistência e menor desgaste durante o uso.<br />
• Fabricada em aço carbono especial de alta qualidade.<br />
• Recebe pintura eletrostática a pó, que tem uma melhor apresentação visual e maior proteção contra oxidação.<br />
• A lâmina possui tamanho 2.0 e sua afiação é feita em máquinas automatizadas, proporcionando excelente durabilidade do fio.<br />
• Possui olho de 38 mm de diâmetro.</p>

<p>PARA INFORMAÇÕES DE VALORES , (85) 9 8732-1854 OU (85) 3034-1103 • A enxada é temperada em todo o corpo da peça, proporcionando maior resistência e menor desgaste durante o uso. • Fabricada em aço carbono especial de alta qualidade. • Recebe pintura eletrostática a pó, que tem uma melhor apresentação visual e maior proteção [&hellip;]</p>
