{"id":2677,"date":"2019-05-13T13:09:57","date_gmt":"2019-05-13T16:09:57","guid":{"rendered":"http:\/\/www.profiautos.com.br\/novosite\/?post_type=product&#038;p=2677"},"modified":"2020-08-18T14:33:49","modified_gmt":"2020-08-18T17:33:49","slug":"colher-pedreiro-n-07-tramontina","status":"publish","type":"product","link":"https:\/\/www.profiautos.com.br\/novosite\/produto\/colher-pedreiro-n-07-tramontina\/","title":{"rendered":"COLHER PEDREIRO N.07 TRAMONTINA"},"content":{"rendered":"<p>PARA INFORMA\u00c7\u00d5ES DE VALORES , (85) 9 8732-1854 OU (85) 3034-1103<\/p>\n<p>&#8211; A colher \u00e9 temperada em todo o corpo da pe\u00e7a, proporcionando maior resist\u00eancia e menor desgaste durante o uso.<br \/>\n&#8211; Fabricada em a\u00e7o carbono especial de alta qualidade.<br \/>\n&#8211; Recebe pintura eletrost\u00e1tica a p\u00f3, que tem uma melhor apresenta\u00e7\u00e3o visual e maior prote\u00e7\u00e3o contra oxida\u00e7\u00e3o.<br \/>\n&#8211; L\u00e2mina com tamanho 7&#8243;.<br \/>\n&#8211; O cabo desta ferramenta, al\u00e9m de possuir \u00f3tima resist\u00eancia, \u00e9 produzido com madeira de origem renov\u00e1vel.<br \/>\n&#8211; Cabo com acabamento envernizado, para um melhor acabamento e apresenta\u00e7\u00e3o do produto.<br \/>\nA camada protetora em verniz incolor real\u00e7a sua tonalidade, concedendo brilho e um toque mais liso ao produto.<br \/>\n&#8211; Para deixar a ferramenta com alta qualidade e \u00f3timo acabamento, a haste \u00e9 soldada atrav\u00e9s do processo TIG.<br \/>\n&#8211; A guarni\u00e7\u00e3o met\u00e1lica protege o cabo contra rachaduras e desgastes.<\/p>\n","protected":false},"excerpt":{"rendered":"<p>PARA INFORMA\u00c7\u00d5ES DE VALORES , (85) 9 8732-1854 OU (85) 3034-1103 &#8211; A colher \u00e9 temperada em todo o corpo da pe\u00e7a, proporcionando maior resist\u00eancia e menor desgaste durante o uso. &#8211; Fabricada em a\u00e7o carbono especial de alta qualidade. &#8211; Recebe pintura eletrost\u00e1tica a p\u00f3, que tem uma melhor apresenta\u00e7\u00e3o visual e maior prote\u00e7\u00e3o [&hellip;]<\/p>\n","protected":false},"featured_media":2678,"template":"","meta":{"_exactmetrics_skip_tracking":false,"_exactmetrics_sitenote_active":false,"_exactmetrics_sitenote_note":"","_exactmetrics_sitenote_category":0},"product_cat":[65],"product_tag":[],"class_list":{"0":"post-2677","1":"product","2":"type-product","3":"status-publish","4":"has-post-thumbnail","6":"product_cat-construcao","8":"first","9":"instock","10":"taxable","11":"shipping-taxable","12":"product-type-simple"},"_links":{"self":[{"href":"https:\/\/www.profiautos.com.br\/novosite\/wp-json\/wp\/v2\/product\/2677"}],"collection":[{"href":"https:\/\/www.profiautos.com.br\/novosite\/wp-json\/wp\/v2\/product"}],"about":[{"href":"https:\/\/www.profiautos.com.br\/novosite\/wp-json\/wp\/v2\/types\/product"}],"wp:featuredmedia":[{"embeddable":true,"href":"https:\/\/www.profiautos.com.br\/novosite\/wp-json\/wp\/v2\/media\/2678"}],"wp:attachment":[{"href":"https:\/\/www.profiautos.com.br\/novosite\/wp-json\/wp\/v2\/media?parent=2677"}],"wp:term":[{"taxonomy":"product_cat","embeddable":true,"href":"https:\/\/www.profiautos.com.br\/novosite\/wp-json\/wp\/v2\/product_cat?post=2677"},{"taxonomy":"product_tag","embeddable":true,"href":"https:\/\/www.profiautos.com.br\/novosite\/wp-json\/wp\/v2\/product_tag?post=2677"}],"curies":[{"name":"wp","href":"https:\/\/api.w.org\/{rel}","templated":true}]}}

<p>PARA INFORMAÇÕES DE VALORES , (85) 9 8732-1854 OU (85) 3034-1103</p>
<p>&#8211; A colher é temperada em todo o corpo da peça, proporcionando maior resistência e menor desgaste durante o uso.<br />
&#8211; Fabricada em aço carbono especial de alta qualidade.<br />
&#8211; Recebe pintura eletrostática a pó, que tem uma melhor apresentação visual e maior proteção contra oxidação.<br />
&#8211; Lâmina com tamanho 7&#8243;.<br />
&#8211; O cabo desta ferramenta, além de possuir ótima resistência, é produzido com madeira de origem renovável.<br />
&#8211; Cabo com acabamento envernizado, para um melhor acabamento e apresentação do produto.<br />
A camada protetora em verniz incolor realça sua tonalidade, concedendo brilho e um toque mais liso ao produto.<br />
&#8211; Para deixar a ferramenta com alta qualidade e ótimo acabamento, a haste é soldada através do processo TIG.<br />
&#8211; A guarnição metálica protege o cabo contra rachaduras e desgastes.</p>

<p>PARA INFORMAÇÕES DE VALORES , (85) 9 8732-1854 OU (85) 3034-1103 &#8211; A colher é temperada em todo o corpo da peça, proporcionando maior resistência e menor desgaste durante o uso. &#8211; Fabricada em aço carbono especial de alta qualidade. &#8211; Recebe pintura eletrostática a pó, que tem uma melhor apresentação visual e maior proteção [&hellip;]</p>
