{"id":2674,"date":"2020-08-18T14:33:33","date_gmt":"2020-08-18T17:33:33","guid":{"rendered":"http:\/\/www.profiautos.com.br\/novosite\/?post_type=product&#038;p=2674"},"modified":"2020-08-18T14:33:33","modified_gmt":"2020-08-18T17:33:33","slug":"pa-quadrada-n-3-com-cabo-de-madeira-71-cm-metal","status":"publish","type":"product","link":"https:\/\/www.profiautos.com.br\/novosite\/produto\/pa-quadrada-n-3-com-cabo-de-madeira-71-cm-metal\/","title":{"rendered":"PA QUADRADA N.3 COM CABO DE MADEIRA 71 CM METAL"},"content":{"rendered":"<p>PARA INFORMA\u00c7\u00d5ES DE VALORES , (85) 9 8732-1854 OU (85) 3034-1103<\/p>\n<p>&#8211; A P\u00e1 quadrada da Tramontina foi desenvolvida especialmente para auxiliar em<br \/>\n\u00e1reas que necessitam de um equipamento de alta qualidade;<br \/>\n&#8211; Pode ser utilizada na agricultura, jardinagem e constru\u00e7\u00e3o c\u00edvil;<br \/>\n&#8211; Ferramenta com cabo de madeira em formato de &#8220;D&#8221; e design ergon\u00f4mico;<\/p>\n","protected":false},"excerpt":{"rendered":"<p>PARA INFORMA\u00c7\u00d5ES DE VALORES , (85) 9 8732-1854 OU (85) 3034-1103 &#8211; A P\u00e1 quadrada da Tramontina foi desenvolvida especialmente para auxiliar em \u00e1reas que necessitam de um equipamento de alta qualidade; &#8211; Pode ser utilizada na agricultura, jardinagem e constru\u00e7\u00e3o c\u00edvil; &#8211; Ferramenta com cabo de madeira em formato de &#8220;D&#8221; e design ergon\u00f4mico;<\/p>\n","protected":false},"featured_media":2675,"template":"","meta":{"_exactmetrics_skip_tracking":false,"_exactmetrics_sitenote_active":false,"_exactmetrics_sitenote_note":"","_exactmetrics_sitenote_category":0},"product_cat":[65],"product_tag":[],"class_list":{"0":"post-2674","1":"product","2":"type-product","3":"status-publish","4":"has-post-thumbnail","6":"product_cat-construcao","8":"first","9":"instock","10":"taxable","11":"shipping-taxable","12":"product-type-simple"},"_links":{"self":[{"href":"https:\/\/www.profiautos.com.br\/novosite\/wp-json\/wp\/v2\/product\/2674"}],"collection":[{"href":"https:\/\/www.profiautos.com.br\/novosite\/wp-json\/wp\/v2\/product"}],"about":[{"href":"https:\/\/www.profiautos.com.br\/novosite\/wp-json\/wp\/v2\/types\/product"}],"wp:featuredmedia":[{"embeddable":true,"href":"https:\/\/www.profiautos.com.br\/novosite\/wp-json\/wp\/v2\/media\/2675"}],"wp:attachment":[{"href":"https:\/\/www.profiautos.com.br\/novosite\/wp-json\/wp\/v2\/media?parent=2674"}],"wp:term":[{"taxonomy":"product_cat","embeddable":true,"href":"https:\/\/www.profiautos.com.br\/novosite\/wp-json\/wp\/v2\/product_cat?post=2674"},{"taxonomy":"product_tag","embeddable":true,"href":"https:\/\/www.profiautos.com.br\/novosite\/wp-json\/wp\/v2\/product_tag?post=2674"}],"curies":[{"name":"wp","href":"https:\/\/api.w.org\/{rel}","templated":true}]}}

<p>PARA INFORMAÇÕES DE VALORES , (85) 9 8732-1854 OU (85) 3034-1103</p>
<p>&#8211; A Pá quadrada da Tramontina foi desenvolvida especialmente para auxiliar em<br />
áreas que necessitam de um equipamento de alta qualidade;<br />
&#8211; Pode ser utilizada na agricultura, jardinagem e construção cívil;<br />
&#8211; Ferramenta com cabo de madeira em formato de &#8220;D&#8221; e design ergonômico;</p>

<p>PARA INFORMAÇÕES DE VALORES , (85) 9 8732-1854 OU (85) 3034-1103 &#8211; A Pá quadrada da Tramontina foi desenvolvida especialmente para auxiliar em áreas que necessitam de um equipamento de alta qualidade; &#8211; Pode ser utilizada na agricultura, jardinagem e construção cívil; &#8211; Ferramenta com cabo de madeira em formato de &#8220;D&#8221; e design ergonômico;</p>
