{"id":2672,"date":"2019-05-13T13:05:54","date_gmt":"2019-05-13T16:05:54","guid":{"rendered":"http:\/\/www.profiautos.com.br\/novosite\/?post_type=product&#038;p=2672"},"modified":"2020-08-18T14:33:20","modified_gmt":"2020-08-18T17:33:20","slug":"martelo-unha-25mm-basic","status":"publish","type":"product","link":"https:\/\/www.profiautos.com.br\/novosite\/produto\/martelo-unha-25mm-basic\/","title":{"rendered":"MARTELO UNHA 25MM BASIC"},"content":{"rendered":"<p>PARA INFORMA\u00c7\u00d5ES DE VALORES , (85) 9 8732-1854 OU (85) 3034-1103<\/p>\n<p>Cabe\u00e7a forjada e temperada em a\u00e7o especial, garantindo grande resist\u00eancia ao produto.<br \/>\nAcabamento jateado e cabe\u00e7a envernizada oferecendo prote\u00e7\u00e3o contra oxida\u00e7\u00e3o.<br \/>\nCabo em madeira envernizada fixado com ep\u00f3xi.<br \/>\nPerfeito balanceamento entre cabe\u00e7a e cabo para aumentar o conforto e a seguran\u00e7a do usu\u00e1rio.<br \/>\nOs martelos s\u00e3o submetidos a um processo localizado de t\u00eampera para se obter uma dureza adequada na base de impacto e<br \/>\nunha que suporte o uso cont\u00ednuo por longos per\u00edodos.<\/p>\n","protected":false},"excerpt":{"rendered":"<p>PARA INFORMA\u00c7\u00d5ES DE VALORES , (85) 9 8732-1854 OU (85) 3034-1103 Cabe\u00e7a forjada e temperada em a\u00e7o especial, garantindo grande resist\u00eancia ao produto. Acabamento jateado e cabe\u00e7a envernizada oferecendo prote\u00e7\u00e3o contra oxida\u00e7\u00e3o. Cabo em madeira envernizada fixado com ep\u00f3xi. Perfeito balanceamento entre cabe\u00e7a e cabo para aumentar o conforto e a seguran\u00e7a do usu\u00e1rio. Os [&hellip;]<\/p>\n","protected":false},"featured_media":2673,"template":"","meta":{"_exactmetrics_skip_tracking":false,"_exactmetrics_sitenote_active":false,"_exactmetrics_sitenote_note":"","_exactmetrics_sitenote_category":0},"product_cat":[65],"product_tag":[],"class_list":{"0":"post-2672","1":"product","2":"type-product","3":"status-publish","4":"has-post-thumbnail","6":"product_cat-construcao","8":"first","9":"instock","10":"taxable","11":"shipping-taxable","12":"product-type-simple"},"_links":{"self":[{"href":"https:\/\/www.profiautos.com.br\/novosite\/wp-json\/wp\/v2\/product\/2672"}],"collection":[{"href":"https:\/\/www.profiautos.com.br\/novosite\/wp-json\/wp\/v2\/product"}],"about":[{"href":"https:\/\/www.profiautos.com.br\/novosite\/wp-json\/wp\/v2\/types\/product"}],"wp:featuredmedia":[{"embeddable":true,"href":"https:\/\/www.profiautos.com.br\/novosite\/wp-json\/wp\/v2\/media\/2673"}],"wp:attachment":[{"href":"https:\/\/www.profiautos.com.br\/novosite\/wp-json\/wp\/v2\/media?parent=2672"}],"wp:term":[{"taxonomy":"product_cat","embeddable":true,"href":"https:\/\/www.profiautos.com.br\/novosite\/wp-json\/wp\/v2\/product_cat?post=2672"},{"taxonomy":"product_tag","embeddable":true,"href":"https:\/\/www.profiautos.com.br\/novosite\/wp-json\/wp\/v2\/product_tag?post=2672"}],"curies":[{"name":"wp","href":"https:\/\/api.w.org\/{rel}","templated":true}]}}

<p>PARA INFORMAÇÕES DE VALORES , (85) 9 8732-1854 OU (85) 3034-1103</p>
<p>Cabeça forjada e temperada em aço especial, garantindo grande resistência ao produto.<br />
Acabamento jateado e cabeça envernizada oferecendo proteção contra oxidação.<br />
Cabo em madeira envernizada fixado com epóxi.<br />
Perfeito balanceamento entre cabeça e cabo para aumentar o conforto e a segurança do usuário.<br />
Os martelos são submetidos a um processo localizado de têmpera para se obter uma dureza adequada na base de impacto e<br />
unha que suporte o uso contínuo por longos períodos.</p>

<p>PARA INFORMAÇÕES DE VALORES , (85) 9 8732-1854 OU (85) 3034-1103 Cabeça forjada e temperada em aço especial, garantindo grande resistência ao produto. Acabamento jateado e cabeça envernizada oferecendo proteção contra oxidação. Cabo em madeira envernizada fixado com epóxi. Perfeito balanceamento entre cabeça e cabo para aumentar o conforto e a segurança do usuário. Os [&hellip;]</p>
