{"id":2670,"date":"2019-05-13T13:03:42","date_gmt":"2019-05-13T16:03:42","guid":{"rendered":"http:\/\/www.profiautos.com.br\/novosite\/?post_type=product&#038;p=2670"},"modified":"2020-08-18T14:34:05","modified_gmt":"2020-08-18T17:34:05","slug":"trena-curta-75m-am","status":"publish","type":"product","link":"https:\/\/www.profiautos.com.br\/novosite\/produto\/trena-curta-75m-am\/","title":{"rendered":"Trena Curta 7,5m Am"},"content":{"rendered":"<p>PARA INFORMA\u00c7\u00d5ES DE VALORES , (85) 9 8732-1854 OU (85) 3034-1103<\/p>\n<p>DETALHES T\u00c9CNICOS:<br \/>\nFita em a\u00e7o temperado.<br \/>\nGradua\u00e7\u00e3o em mil\u00edmetros e polegadas.<br \/>\nCorpo em pl\u00e1stico ABS.<br \/>\nTrava para fixar a fita m\u00e9trica.<br \/>\nCinta para facilitar o transporte.<br \/>\nFreio duplo.<br \/>\nFita com 3 rebites para maior seguran\u00e7a.<br \/>\nTodas as ferramentas de medi\u00e7\u00e3o s\u00e3o inspecionadas e verificadas para manter um alto n\u00edvel de precis\u00e3o.<br \/>\nAs ferramentas s\u00e3o submetidas a testes de aplica\u00e7\u00e3o pr\u00e1tica para garantir sua resist\u00eancia em uso intenso.<br \/>\nAs ferramentas s\u00e3o produzidas e testadas conforme normas espec\u00edficas.<\/p>\n<p><strong>*Imagens meramente ilustrativas<\/strong><\/p>\n","protected":false},"excerpt":{"rendered":"<p>PARA INFORMA\u00c7\u00d5ES DE VALORES , (85) 9 8732-1854 OU (85) 3034-1103 DETALHES T\u00c9CNICOS: Fita em a\u00e7o temperado. Gradua\u00e7\u00e3o em mil\u00edmetros e polegadas. Corpo em pl\u00e1stico ABS. Trava para fixar a fita m\u00e9trica. Cinta para facilitar o transporte. Freio duplo. Fita com 3 rebites para maior seguran\u00e7a. Todas as ferramentas de medi\u00e7\u00e3o s\u00e3o inspecionadas e verificadas [&hellip;]<\/p>\n","protected":false},"featured_media":2671,"template":"","meta":{"_exactmetrics_skip_tracking":false,"_exactmetrics_sitenote_active":false,"_exactmetrics_sitenote_note":"","_exactmetrics_sitenote_category":0},"product_cat":[65],"product_tag":[],"class_list":{"0":"post-2670","1":"product","2":"type-product","3":"status-publish","4":"has-post-thumbnail","6":"product_cat-construcao","8":"first","9":"instock","10":"taxable","11":"shipping-taxable","12":"product-type-simple"},"_links":{"self":[{"href":"https:\/\/www.profiautos.com.br\/novosite\/wp-json\/wp\/v2\/product\/2670"}],"collection":[{"href":"https:\/\/www.profiautos.com.br\/novosite\/wp-json\/wp\/v2\/product"}],"about":[{"href":"https:\/\/www.profiautos.com.br\/novosite\/wp-json\/wp\/v2\/types\/product"}],"wp:featuredmedia":[{"embeddable":true,"href":"https:\/\/www.profiautos.com.br\/novosite\/wp-json\/wp\/v2\/media\/2671"}],"wp:attachment":[{"href":"https:\/\/www.profiautos.com.br\/novosite\/wp-json\/wp\/v2\/media?parent=2670"}],"wp:term":[{"taxonomy":"product_cat","embeddable":true,"href":"https:\/\/www.profiautos.com.br\/novosite\/wp-json\/wp\/v2\/product_cat?post=2670"},{"taxonomy":"product_tag","embeddable":true,"href":"https:\/\/www.profiautos.com.br\/novosite\/wp-json\/wp\/v2\/product_tag?post=2670"}],"curies":[{"name":"wp","href":"https:\/\/api.w.org\/{rel}","templated":true}]}}

<p>PARA INFORMAÇÕES DE VALORES , (85) 9 8732-1854 OU (85) 3034-1103</p>
<p>DETALHES TÉCNICOS:<br />
Fita em aço temperado.<br />
Graduação em milímetros e polegadas.<br />
Corpo em plástico ABS.<br />
Trava para fixar a fita métrica.<br />
Cinta para facilitar o transporte.<br />
Freio duplo.<br />
Fita com 3 rebites para maior segurança.<br />
Todas as ferramentas de medição são inspecionadas e verificadas para manter um alto nível de precisão.<br />
As ferramentas são submetidas a testes de aplicação prática para garantir sua resistência em uso intenso.<br />
As ferramentas são produzidas e testadas conforme normas específicas.</p>
<p><strong>*Imagens meramente ilustrativas</strong></p>

<p>PARA INFORMAÇÕES DE VALORES , (85) 9 8732-1854 OU (85) 3034-1103 DETALHES TÉCNICOS: Fita em aço temperado. Graduação em milímetros e polegadas. Corpo em plástico ABS. Trava para fixar a fita métrica. Cinta para facilitar o transporte. Freio duplo. Fita com 3 rebites para maior segurança. Todas as ferramentas de medição são inspecionadas e verificadas [&hellip;]</p>
