{"id":2643,"date":"2019-04-20T10:29:05","date_gmt":"2019-04-20T13:29:05","guid":{"rendered":"http:\/\/www.profiautos.com.br\/novosite\/?post_type=product&#038;p=2643"},"modified":"2021-07-08T09:17:37","modified_gmt":"2021-07-08T12:17:37","slug":"pistola-de-pintura-eletrica-chiaperini-pinta-facil-500w-220v","status":"publish","type":"product","link":"https:\/\/www.profiautos.com.br\/novosite\/produto\/pistola-de-pintura-eletrica-chiaperini-pinta-facil-500w-220v\/","title":{"rendered":"PISTOLA DE PINTURA ELETRICA CHIAPERINI PINTA FACIL 500W &#8211; 220V"},"content":{"rendered":"<p><strong>Refer\u00eancia Chiaperini: Pinta F\u00e1cil 500W<\/strong><\/p>\n<p><strong>Chegou o Pinta F\u00e1cil 500W!<\/strong><\/p>\n<p>Pinte de forma r\u00e1pida, pr\u00e1tica e eficiente com a Pistola Pulverizadora El\u00e9trica PINTA F\u00c1CIL 500W! Ela \u00e9 ideal para pinturas a base de \u00e1gua ou solvente tais como, seladores, vernizes, esmaltes, laca e tamb\u00e9m pode ser utilizada na pulveriza\u00e7\u00e3o de plantas, na limpeza de bancada de trabalho com seu bico conector e em outras diversas aplica\u00e7\u00f5es!<\/p>\n<p><strong>Caracteristicas T\u00e9cnicas<\/strong><\/p>\n<ul>\n<li>\u00a0\u00a0\u00a0 Caneca (ml)\u00a0\u00a0\u00a0\u00a0 700<\/li>\n<li>\u00a0\u00a0\u00a0 Bico (mm)\u00a0\u00a0\u00a0\u00a0 2,6<\/li>\n<li>\u00a0\u00a0\u00a0 Vaz\u00e3o (ml\/min)\u00a0\u00a0\u00a0\u00a0 850<\/li>\n<li>\u00a0\u00a0\u00a0 Pot\u00eancia M\u00e1x. (W)\u00a0\u00a0\u00a0\u00a0 500<\/li>\n<li>\u00a0\u00a0\u00a0 Pot\u00eancia trabalho (W)\u00a0\u00a0\u00a0\u00a0 350<\/li>\n<li>\u00a0\u00a0\u00a0 Tens\u00e3o (V)\u00a0\u00a0\u00a0\u00a0 220<\/li>\n<li>\u00a0\u00a0\u00a0 Ru\u00eddo (dB{A})\u00a0\u00a0\u00a0\u00a0 85,4<\/li>\n<li>\u00a0\u00a0\u00a0 Viscosidade m\u00e1x. (din-seg)\u00a0\u00a0\u00a0\u00a0 60<\/li>\n<li>\u00a0\u00a0\u00a0 Peso (kg)\u00a0\u00a0\u00a0\u00a0 2,3<\/li>\n<li>\u00a0\u00a0\u00a0 Dimens\u00f5es (mm)\u00a0\u00a0\u00a0\u00a0 630x395x300<\/li>\n<\/ul>\n<p><strong>Acompanha o Produto<\/strong><\/p>\n<ul>\n<li>\u00a0\u00a0\u00a0 Pistola Pulverizadora el\u00e9trica<\/li>\n<li>\u00a0\u00a0\u00a0 Caneca 700 ml<\/li>\n<li>\u00a0\u00a0\u00a0 Mangueira 1,8m<\/li>\n<li>\u00a0\u00a0\u00a0 Al\u00e7a para transporte<\/li>\n<li>\u00a0\u00a0\u00a0 Funil para teste de viscosidade<\/li>\n<li>\u00a0\u00a0\u00a0 Bico conector para limpar e inflar<\/li>\n<\/ul>\n","protected":false},"excerpt":{"rendered":"<p>Refer\u00eancia Chiaperini: Pinta F\u00e1cil 500W Chegou o Pinta F\u00e1cil 500W! Pinte de forma r\u00e1pida, pr\u00e1tica e eficiente com a Pistola Pulverizadora El\u00e9trica PINTA F\u00c1CIL 500W! Ela \u00e9 ideal para pinturas a base de \u00e1gua ou solvente tais como, seladores, vernizes, esmaltes, laca e tamb\u00e9m pode ser utilizada na pulveriza\u00e7\u00e3o de plantas, na limpeza de bancada [&hellip;]<\/p>\n","protected":false},"featured_media":2644,"template":"","meta":{"_exactmetrics_skip_tracking":false,"_exactmetrics_sitenote_active":false,"_exactmetrics_sitenote_note":"","_exactmetrics_sitenote_category":0},"product_cat":[50],"product_tag":[],"class_list":{"0":"post-2643","1":"product","2":"type-product","3":"status-publish","4":"has-post-thumbnail","6":"product_cat-pintura","8":"first","9":"instock","10":"taxable","11":"shipping-taxable","12":"product-type-simple"},"_links":{"self":[{"href":"https:\/\/www.profiautos.com.br\/novosite\/wp-json\/wp\/v2\/product\/2643"}],"collection":[{"href":"https:\/\/www.profiautos.com.br\/novosite\/wp-json\/wp\/v2\/product"}],"about":[{"href":"https:\/\/www.profiautos.com.br\/novosite\/wp-json\/wp\/v2\/types\/product"}],"wp:featuredmedia":[{"embeddable":true,"href":"https:\/\/www.profiautos.com.br\/novosite\/wp-json\/wp\/v2\/media\/2644"}],"wp:attachment":[{"href":"https:\/\/www.profiautos.com.br\/novosite\/wp-json\/wp\/v2\/media?parent=2643"}],"wp:term":[{"taxonomy":"product_cat","embeddable":true,"href":"https:\/\/www.profiautos.com.br\/novosite\/wp-json\/wp\/v2\/product_cat?post=2643"},{"taxonomy":"product_tag","embeddable":true,"href":"https:\/\/www.profiautos.com.br\/novosite\/wp-json\/wp\/v2\/product_tag?post=2643"}],"curies":[{"name":"wp","href":"https:\/\/api.w.org\/{rel}","templated":true}]}}