{"id":2640,"date":"2019-04-20T10:19:40","date_gmt":"2019-04-20T13:19:40","guid":{"rendered":"http:\/\/www.profiautos.com.br\/novosite\/?post_type=product&#038;p=2640"},"modified":"2021-07-08T09:20:13","modified_gmt":"2021-07-08T12:20:13","slug":"pistola-de-pintura-de-media-producao-tipo-succao-com-bico-1-5mm-caneca-600ml-arcom-arc-sw-77","status":"publish","type":"product","link":"https:\/\/www.profiautos.com.br\/novosite\/produto\/pistola-de-pintura-de-media-producao-tipo-succao-com-bico-1-5mm-caneca-600ml-arcom-arc-sw-77\/","title":{"rendered":"Pistola de Pintura de M\u00e9dia Produ\u00e7\u00e3o Tipo Suc\u00e7\u00e3o Com Bico 1.5mm Caneca 600ml Arcom-Arc-Sw-77"},"content":{"rendered":"<div id=\"ctl00_Conteudo_ctl51_Content\">\n<div id=\"ctl00_Conteudo_ctl51_DetalhesProduto_Content\">\n<div id=\"detalhes\" class=\"detalhesProduto\">\n<div id=\"descricao\" class=\"descricao\">\n<p>Di\u00e2metro do Bico: 1.5mm<\/p>\n<p>Press\u00e3o de Ar: 3.1 bar (45 psi)<\/p>\n<p>Consumo de Ar: 2cfm (57 l\/min)<\/p>\n<p>Capacidade da Caneca: 600 ml<\/p>\n<p>Tipo de Alimenta\u00e7\u00e3o: suc\u00e7\u00e3o<\/p>\n<\/div>\n<div id=\"caracteristicas\" class=\"caracteristicasGerais\"><\/div>\n<\/div>\n<\/div>\n<\/div>\n<div id=\"ctl00_Conteudo_upMaster_12004_DFP-Retangulo\">\n<div class=\"banner-dfp-retangulo\">\n<div id=\"dfp_retangulo_mid1_1\" data-google-query-id=\"CNPxxYzh3uECFQPH4wcdkFQNow\">\n<div id=\"google_ads_iframe_\/377314031\/casasbahia\/produto\/materialparaconstrucao_2__container__\"><\/div>\n<\/div>\n<\/div>\n<\/div>\n","protected":false},"excerpt":{"rendered":"<p>Di\u00e2metro do Bico: 1.5mm Press\u00e3o de Ar: 3.1 bar (45 psi) Consumo de Ar: 2cfm (57 l\/min) Capacidade da Caneca: 600 ml Tipo de Alimenta\u00e7\u00e3o: suc\u00e7\u00e3o<\/p>\n","protected":false},"featured_media":2641,"template":"","meta":{"_exactmetrics_skip_tracking":false,"_exactmetrics_sitenote_active":false,"_exactmetrics_sitenote_note":"","_exactmetrics_sitenote_category":0},"product_cat":[50],"product_tag":[],"class_list":{"0":"post-2640","1":"product","2":"type-product","3":"status-publish","4":"has-post-thumbnail","6":"product_cat-pintura","8":"first","9":"instock","10":"taxable","11":"shipping-taxable","12":"product-type-simple"},"_links":{"self":[{"href":"https:\/\/www.profiautos.com.br\/novosite\/wp-json\/wp\/v2\/product\/2640"}],"collection":[{"href":"https:\/\/www.profiautos.com.br\/novosite\/wp-json\/wp\/v2\/product"}],"about":[{"href":"https:\/\/www.profiautos.com.br\/novosite\/wp-json\/wp\/v2\/types\/product"}],"wp:featuredmedia":[{"embeddable":true,"href":"https:\/\/www.profiautos.com.br\/novosite\/wp-json\/wp\/v2\/media\/2641"}],"wp:attachment":[{"href":"https:\/\/www.profiautos.com.br\/novosite\/wp-json\/wp\/v2\/media?parent=2640"}],"wp:term":[{"taxonomy":"product_cat","embeddable":true,"href":"https:\/\/www.profiautos.com.br\/novosite\/wp-json\/wp\/v2\/product_cat?post=2640"},{"taxonomy":"product_tag","embeddable":true,"href":"https:\/\/www.profiautos.com.br\/novosite\/wp-json\/wp\/v2\/product_tag?post=2640"}],"curies":[{"name":"wp","href":"https:\/\/api.w.org\/{rel}","templated":true}]}}