{"id":2426,"date":"2022-04-04T14:00:54","date_gmt":"2022-04-04T17:00:54","guid":{"rendered":"http:\/\/www.profiautos.com.br\/novosite\/?post_type=product&#038;p=2426"},"modified":"2026-03-28T13:06:42","modified_gmt":"2026-03-28T16:06:42","slug":"mecanica-para-motos-sabados","status":"publish","type":"product","link":"https:\/\/www.profiautos.com.br\/novosite\/produto\/mecanica-para-motos-sabados\/","title":{"rendered":"MEC\u00c2NICA PARA MOTOS &#8211; S\u00c1BADOS"},"content":{"rendered":"<p><strong>MEC\u00c2NICA PARA MOTOS &#8211; S\u00c1BADOS<\/strong><\/p>\n<p><strong>Objetivo:<\/strong> Formar profissionais para atuarem no segmento de repara\u00e7\u00e3o de motocicleta, realizando diagn\u00f3stico e reparos.<\/p>\n<p><strong>Conte\u00fado Program\u00e1tico:<\/strong><\/p>\n<ul>\n<li>Sistema de suspens\u00e3o;<\/li>\n<li>Sistema de freio;<\/li>\n<li>Sistema de transmiss\u00e3o;<\/li>\n<li>Sistema de alimenta\u00e7\u00e3o;<\/li>\n<li>Sistema de lubrifica\u00e7\u00e3o;<\/li>\n<li>No\u00e7\u00f5es de el\u00e9trica;<\/li>\n<li>Motor a combust\u00e3o interna, comando de v\u00e1lvulas e regulagens.<\/li>\n<\/ul>\n<p><strong>Dura\u00e7\u00e3o:<\/strong> 4 s\u00e1bados (20 hrs);<\/p>\n<p><strong>Hor\u00e1rio das aulas:<\/strong>\u00a0S\u00e1bados (08:00 \u00e0s 13:00);<\/p>\n<p><strong>Per\u00edodo:<\/strong> 22\/11\/2025 (Previs\u00e3o);<\/p>\n<p><strong>Incluso:<\/strong> Material Did\u00e1tico e Certificado de Participa\u00e7\u00e3o;<\/p>\n<p><strong>Formas de Pagamento:<\/strong> A vista ou at\u00e9 3x sem juros no Cart\u00e3o de Cr\u00e9dito.<\/p>\n","protected":false},"excerpt":{"rendered":"<p>MEC\u00c2NICA PARA MOTOS &#8211; S\u00c1BADOS Objetivo: Formar profissionais para atuarem no segmento de repara\u00e7\u00e3o de motocicleta, realizando diagn\u00f3stico e reparos. Conte\u00fado Program\u00e1tico: Sistema de suspens\u00e3o; Sistema de freio; Sistema de transmiss\u00e3o; Sistema de alimenta\u00e7\u00e3o; Sistema de lubrifica\u00e7\u00e3o; No\u00e7\u00f5es de el\u00e9trica; Motor a combust\u00e3o interna, comando de v\u00e1lvulas e regulagens. Dura\u00e7\u00e3o: 4 s\u00e1bados (20 hrs); Hor\u00e1rio [&hellip;]<\/p>\n","protected":false},"featured_media":3391,"template":"","meta":{"_exactmetrics_skip_tracking":false,"_exactmetrics_sitenote_active":false,"_exactmetrics_sitenote_note":"","_exactmetrics_sitenote_category":0},"product_cat":[14,10],"product_tag":[],"class_list":{"0":"post-2426","1":"product","2":"type-product","3":"status-publish","4":"has-post-thumbnail","6":"product_cat-cursos-com-matriculas-abertas","7":"product_cat-cursos-de-motocicletas","9":"first","10":"instock","11":"taxable","12":"shipping-taxable","13":"purchasable","14":"product-type-simple"},"_links":{"self":[{"href":"https:\/\/www.profiautos.com.br\/novosite\/wp-json\/wp\/v2\/product\/2426"}],"collection":[{"href":"https:\/\/www.profiautos.com.br\/novosite\/wp-json\/wp\/v2\/product"}],"about":[{"href":"https:\/\/www.profiautos.com.br\/novosite\/wp-json\/wp\/v2\/types\/product"}],"wp:featuredmedia":[{"embeddable":true,"href":"https:\/\/www.profiautos.com.br\/novosite\/wp-json\/wp\/v2\/media\/3391"}],"wp:attachment":[{"href":"https:\/\/www.profiautos.com.br\/novosite\/wp-json\/wp\/v2\/media?parent=2426"}],"wp:term":[{"taxonomy":"product_cat","embeddable":true,"href":"https:\/\/www.profiautos.com.br\/novosite\/wp-json\/wp\/v2\/product_cat?post=2426"},{"taxonomy":"product_tag","embeddable":true,"href":"https:\/\/www.profiautos.com.br\/novosite\/wp-json\/wp\/v2\/product_tag?post=2426"}],"curies":[{"name":"wp","href":"https:\/\/api.w.org\/{rel}","templated":true}]}}