{"id":2420,"date":"2018-10-29T09:51:18","date_gmt":"2018-10-29T12:51:18","guid":{"rendered":"http:\/\/www.profiautos.com.br\/novosite\/?post_type=product&#038;p=2420"},"modified":"2020-08-18T14:48:53","modified_gmt":"2020-08-18T17:48:53","slug":"teste-de-bateria-analogico-100-amp","status":"publish","type":"product","link":"https:\/\/www.profiautos.com.br\/novosite\/produto\/teste-de-bateria-analogico-100-amp\/","title":{"rendered":"Teste de Bateria Anal\u00f3gico 100 Amp"},"content":{"rendered":"<p>PARA INFORMA\u00c7\u00d5ES DE VALORES , (85) 9 8732-1854 OU (85) 3034-1103<\/p>\n<p>&#8211; Grampos de cobre para servi\u00e7os pesados<br \/>\n&#8211; Capacidade de 100 amperes<br \/>\n&#8211; Faixa de 0 \u2013 16 volts<br \/>\n&#8211; Interruptor de seguran\u00e7a (impede de arco)<br \/>\n&#8211; Caixa robusta de a\u00e7o ventilado cromada<br \/>\n&#8211; Funciona em ambas as baterias de 6V e 12V<br \/>\n&#8211; Isoladores cer\u00e2micos<br \/>\n&#8211; Determina estado de carga, partida e estado de carga<br \/>\n&#8211; Determina bom\/mau estado de bateria<br \/>\n&#8211; Exibi\u00e7\u00e3o extra grande com zero de ajuste<\/p>\n","protected":false},"excerpt":{"rendered":"<p>PARA INFORMA\u00c7\u00d5ES DE VALORES , (85) 9 8732-1854 OU (85) 3034-1103 &#8211; Grampos de cobre para servi\u00e7os pesados &#8211; Capacidade de 100 amperes &#8211; Faixa de 0 \u2013 16 volts &#8211; Interruptor de seguran\u00e7a (impede de arco) &#8211; Caixa robusta de a\u00e7o ventilado cromada &#8211; Funciona em ambas as baterias de 6V e 12V &#8211; [&hellip;]<\/p>\n","protected":false},"featured_media":2419,"template":"","meta":{"_exactmetrics_skip_tracking":false,"_exactmetrics_sitenote_active":false,"_exactmetrics_sitenote_note":"","_exactmetrics_sitenote_category":0},"product_cat":[24],"product_tag":[],"class_list":{"0":"post-2420","1":"product","2":"type-product","3":"status-publish","4":"has-post-thumbnail","6":"product_cat-eletricas","8":"first","9":"instock","10":"taxable","11":"shipping-taxable","12":"product-type-simple"},"_links":{"self":[{"href":"https:\/\/www.profiautos.com.br\/novosite\/wp-json\/wp\/v2\/product\/2420"}],"collection":[{"href":"https:\/\/www.profiautos.com.br\/novosite\/wp-json\/wp\/v2\/product"}],"about":[{"href":"https:\/\/www.profiautos.com.br\/novosite\/wp-json\/wp\/v2\/types\/product"}],"wp:featuredmedia":[{"embeddable":true,"href":"https:\/\/www.profiautos.com.br\/novosite\/wp-json\/wp\/v2\/media\/2419"}],"wp:attachment":[{"href":"https:\/\/www.profiautos.com.br\/novosite\/wp-json\/wp\/v2\/media?parent=2420"}],"wp:term":[{"taxonomy":"product_cat","embeddable":true,"href":"https:\/\/www.profiautos.com.br\/novosite\/wp-json\/wp\/v2\/product_cat?post=2420"},{"taxonomy":"product_tag","embeddable":true,"href":"https:\/\/www.profiautos.com.br\/novosite\/wp-json\/wp\/v2\/product_tag?post=2420"}],"curies":[{"name":"wp","href":"https:\/\/api.w.org\/{rel}","templated":true}]}}