{"id":2334,"date":"2018-09-28T12:28:19","date_gmt":"2018-09-28T15:28:19","guid":{"rendered":"http:\/\/www.profiautos.com.br\/novosite\/?post_type=product&#038;p=2334"},"modified":"2021-07-08T09:38:10","modified_gmt":"2021-07-08T12:38:10","slug":"impact-limpeza-extrema","status":"publish","type":"product","link":"https:\/\/www.profiautos.com.br\/novosite\/produto\/impact-limpeza-extrema\/","title":{"rendered":"IMPACT &#8211; LIMPEZA EXTREMA"},"content":{"rendered":"<ul>\n<li>IMPACT &#8211; LIMPEZA EXTREMA- MARCA : VONIXX\n<p>ESPECIFICA\u00c7\u00c3O T\u00c9CNICA :<\/p>\n<p>&#8211; ULTRA CONCENTRA\u00c7\u00c3O\u00a0\u00a0;<br \/>\n-REMOVE CERA E SELANTES ;<br \/>\n-ECOLOGICAMENTE CORRETO .<\/li>\n<\/ul>\n","protected":false},"excerpt":{"rendered":"<p>IMPACT &#8211; LIMPEZA EXTREMA- MARCA : VONIXX ESPECIFICA\u00c7\u00c3O T\u00c9CNICA : &#8211; ULTRA CONCENTRA\u00c7\u00c3O\u00a0\u00a0; -REMOVE CERA E SELANTES ; -ECOLOGICAMENTE CORRETO .<\/p>\n","protected":false},"featured_media":2335,"template":"","meta":{"_exactmetrics_skip_tracking":false,"_exactmetrics_sitenote_active":false,"_exactmetrics_sitenote_note":"","_exactmetrics_sitenote_category":0},"product_cat":[62],"product_tag":[],"class_list":{"0":"post-2334","1":"product","2":"type-product","3":"status-publish","4":"has-post-thumbnail","6":"product_cat-produtos-vonix","8":"first","9":"instock","10":"taxable","11":"shipping-taxable","12":"product-type-simple"},"_links":{"self":[{"href":"https:\/\/www.profiautos.com.br\/novosite\/wp-json\/wp\/v2\/product\/2334"}],"collection":[{"href":"https:\/\/www.profiautos.com.br\/novosite\/wp-json\/wp\/v2\/product"}],"about":[{"href":"https:\/\/www.profiautos.com.br\/novosite\/wp-json\/wp\/v2\/types\/product"}],"wp:featuredmedia":[{"embeddable":true,"href":"https:\/\/www.profiautos.com.br\/novosite\/wp-json\/wp\/v2\/media\/2335"}],"wp:attachment":[{"href":"https:\/\/www.profiautos.com.br\/novosite\/wp-json\/wp\/v2\/media?parent=2334"}],"wp:term":[{"taxonomy":"product_cat","embeddable":true,"href":"https:\/\/www.profiautos.com.br\/novosite\/wp-json\/wp\/v2\/product_cat?post=2334"},{"taxonomy":"product_tag","embeddable":true,"href":"https:\/\/www.profiautos.com.br\/novosite\/wp-json\/wp\/v2\/product_tag?post=2334"}],"curies":[{"name":"wp","href":"https:\/\/api.w.org\/{rel}","templated":true}]}}