{"id":2324,"date":"2018-09-28T11:44:55","date_gmt":"2018-09-28T14:44:55","guid":{"rendered":"http:\/\/www.profiautos.com.br\/novosite\/?post_type=product&#038;p=2324"},"modified":"2021-07-08T09:39:41","modified_gmt":"2021-07-08T12:39:41","slug":"native-vonixx","status":"publish","type":"product","link":"https:\/\/www.profiautos.com.br\/novosite\/produto\/native-vonixx\/","title":{"rendered":"NATIVE &#8211; VONIXX"},"content":{"rendered":"<ul>\n<li>NATIVE* MARCA : VONIXX\n<p>* ESPECIFICA\u00c7\u00c3O T\u00c9CNICA :<\/p>\n<p>Peso: 0.05 kg<br \/>\nComprimento: 10 cm<br \/>\nLargura: 6 cm<br \/>\nAltura: 22 cm<\/p>\n<p>CERA DE CARNAUBA VONIXX &#8211; NATIVE CLEANER 473ml<br \/>\nA Cera De Carna\u00faba &#8211; Native Cleaner ( 473ml ) Vonixx \u00e9 uma cera de alto padr\u00e3o criada e produzida inteiramente no Brasil, desde de seu processo de extra\u00e7\u00e3o at\u00e9 o seu processo de industrializa\u00e7\u00e3o. Este produto \u00e9 composto pela mais pura cera da regi\u00e3o do Cear\u00e1.<\/p>\n<p>-Esta cera garante uma superf\u00edcie brilhante e protegida. Gra\u00e7as \u00e0s subst\u00e2ncias micro-abrasivas em sua composi\u00e7\u00e3o, este produto pode ser utilizado tanto antes como depois do enceramento com a Native Paste Wax.<\/p>\n<p>&#8211; Devido \u00e0 qualidade e \u00e0 praticidade durante a aplica\u00e7\u00e3o, esta cera \u00e9 considerada um produto de prazerosa utiliza\u00e7\u00e3o.<\/p>\n<p>&#8211; Modo de uso:<br \/>\n1 &#8211; Agite antes de utiliz\u00e1-lo;<br \/>\n2 &#8211; Com movimentos circulares, aplique uma pequena quantidade do produto utilizando uma espuma aplicadora;<br \/>\n3 &#8211; Aguarde entre 5 e 10 minutos at\u00e9 o produto fazer efeito;<br \/>\n4 &#8211; Com uma toalha de microfibra limpa e seca, retire o excesso do produto.<\/li>\n<\/ul>\n","protected":false},"excerpt":{"rendered":"<p>NATIVE* MARCA : VONIXX * ESPECIFICA\u00c7\u00c3O T\u00c9CNICA : Peso: 0.05 kg Comprimento: 10 cm Largura: 6 cm Altura: 22 cm CERA DE CARNAUBA VONIXX &#8211; NATIVE CLEANER 473ml A Cera De Carna\u00faba &#8211; Native Cleaner ( 473ml ) Vonixx \u00e9 uma cera de alto padr\u00e3o criada e produzida inteiramente no Brasil, desde de seu processo [&hellip;]<\/p>\n","protected":false},"featured_media":2325,"template":"","meta":{"_exactmetrics_skip_tracking":false,"_exactmetrics_sitenote_active":false,"_exactmetrics_sitenote_note":"","_exactmetrics_sitenote_category":0},"product_cat":[62],"product_tag":[],"class_list":{"0":"post-2324","1":"product","2":"type-product","3":"status-publish","4":"has-post-thumbnail","6":"product_cat-produtos-vonix","8":"first","9":"instock","10":"taxable","11":"shipping-taxable","12":"product-type-simple"},"_links":{"self":[{"href":"https:\/\/www.profiautos.com.br\/novosite\/wp-json\/wp\/v2\/product\/2324"}],"collection":[{"href":"https:\/\/www.profiautos.com.br\/novosite\/wp-json\/wp\/v2\/product"}],"about":[{"href":"https:\/\/www.profiautos.com.br\/novosite\/wp-json\/wp\/v2\/types\/product"}],"wp:featuredmedia":[{"embeddable":true,"href":"https:\/\/www.profiautos.com.br\/novosite\/wp-json\/wp\/v2\/media\/2325"}],"wp:attachment":[{"href":"https:\/\/www.profiautos.com.br\/novosite\/wp-json\/wp\/v2\/media?parent=2324"}],"wp:term":[{"taxonomy":"product_cat","embeddable":true,"href":"https:\/\/www.profiautos.com.br\/novosite\/wp-json\/wp\/v2\/product_cat?post=2324"},{"taxonomy":"product_tag","embeddable":true,"href":"https:\/\/www.profiautos.com.br\/novosite\/wp-json\/wp\/v2\/product_tag?post=2324"}],"curies":[{"name":"wp","href":"https:\/\/api.w.org\/{rel}","templated":true}]}}