{"id":2316,"date":"2018-09-28T11:23:34","date_gmt":"2018-09-28T14:23:34","guid":{"rendered":"http:\/\/www.profiautos.com.br\/novosite\/?post_type=product&#038;p=2316"},"modified":"2021-07-08T09:40:57","modified_gmt":"2021-07-08T12:40:57","slug":"hdracouro","status":"publish","type":"product","link":"https:\/\/www.profiautos.com.br\/novosite\/produto\/hdracouro\/","title":{"rendered":"HDRACOURO"},"content":{"rendered":"<ul>\n<li>HIDRACOURO* MARCA : VONIXX\n<p>* ESPECIFICA\u00c7\u00c3O T\u00c9CNICA :<\/p>\n<p>-DEVOLVE A MACIEZ<br \/>\n-EVITA O RESSECAMENTO<br \/>\n-RENOVA E D\u00c1 BRILHO<\/li>\n<\/ul>\n","protected":false},"excerpt":{"rendered":"<p>HIDRACOURO* MARCA : VONIXX * ESPECIFICA\u00c7\u00c3O T\u00c9CNICA : -DEVOLVE A MACIEZ -EVITA O RESSECAMENTO -RENOVA E D\u00c1 BRILHO<\/p>\n","protected":false},"featured_media":2317,"template":"","meta":{"_exactmetrics_skip_tracking":false,"_exactmetrics_sitenote_active":false,"_exactmetrics_sitenote_note":"","_exactmetrics_sitenote_category":0},"product_cat":[62],"product_tag":[],"class_list":{"0":"post-2316","1":"product","2":"type-product","3":"status-publish","4":"has-post-thumbnail","6":"product_cat-produtos-vonix","8":"first","9":"instock","10":"taxable","11":"shipping-taxable","12":"product-type-simple"},"_links":{"self":[{"href":"https:\/\/www.profiautos.com.br\/novosite\/wp-json\/wp\/v2\/product\/2316"}],"collection":[{"href":"https:\/\/www.profiautos.com.br\/novosite\/wp-json\/wp\/v2\/product"}],"about":[{"href":"https:\/\/www.profiautos.com.br\/novosite\/wp-json\/wp\/v2\/types\/product"}],"wp:featuredmedia":[{"embeddable":true,"href":"https:\/\/www.profiautos.com.br\/novosite\/wp-json\/wp\/v2\/media\/2317"}],"wp:attachment":[{"href":"https:\/\/www.profiautos.com.br\/novosite\/wp-json\/wp\/v2\/media?parent=2316"}],"wp:term":[{"taxonomy":"product_cat","embeddable":true,"href":"https:\/\/www.profiautos.com.br\/novosite\/wp-json\/wp\/v2\/product_cat?post=2316"},{"taxonomy":"product_tag","embeddable":true,"href":"https:\/\/www.profiautos.com.br\/novosite\/wp-json\/wp\/v2\/product_tag?post=2316"}],"curies":[{"name":"wp","href":"https:\/\/api.w.org\/{rel}","templated":true}]}}