{"id":2298,"date":"2018-09-27T14:54:09","date_gmt":"2018-09-27T17:54:09","guid":{"rendered":"http:\/\/www.profiautos.com.br\/novosite\/?post_type=product&#038;p=2298"},"modified":"2021-07-08T09:42:18","modified_gmt":"2021-07-08T12:42:18","slug":"cera-carnauba-vonixx-2","status":"publish","type":"product","link":"https:\/\/www.profiautos.com.br\/novosite\/produto\/cera-carnauba-vonixx-2\/","title":{"rendered":"CERA CARNA\u00daBA &#8211; VONIXX"},"content":{"rendered":"<ul>\n<li>A Cera Super Protetora CARNA\u00daBA VONIXX \u00e9 um produto que foi desenvolvido com a mais pura carna\u00faba cearense e pol\u00edmeros de ultima gera\u00e7\u00e3o, que protegem a pintura de dois\u00a0at\u00e9 seis meses. De\u00a0f\u00e1cil aplica\u00e7\u00e3o e remo\u00e7\u00e3o, d\u00e1 um excelente acabamento com prote\u00e7\u00e3o e brilho espelhado. Produto de alto rendimento.<\/li>\n<li>CMODO DE USAR:<\/li>\n<\/ul>\n<p>Aplique CARNA\u00daBA VONIXX em pouca quantidade na pintura limpa e seca usando o APLICADOR DE ESPUMA VONIXX. Aguarde 15\u00a0minutos e em seguida remover o produto usando a TOALHA DE MICROFIBRA VONIXX at\u00e9 obter o brilho desejado.<\/p>\n","protected":false},"excerpt":{"rendered":"<p>A Cera Super Protetora CARNA\u00daBA VONIXX \u00e9 um produto que foi desenvolvido com a mais pura carna\u00faba cearense e pol\u00edmeros de ultima gera\u00e7\u00e3o, que protegem a pintura de dois\u00a0at\u00e9 seis meses. De\u00a0f\u00e1cil aplica\u00e7\u00e3o e remo\u00e7\u00e3o, d\u00e1 um excelente acabamento com prote\u00e7\u00e3o e brilho espelhado. Produto de alto rendimento. CMODO DE USAR: Aplique CARNA\u00daBA VONIXX em [&hellip;]<\/p>\n","protected":false},"featured_media":2305,"template":"","meta":{"_exactmetrics_skip_tracking":false,"_exactmetrics_sitenote_active":false,"_exactmetrics_sitenote_note":"","_exactmetrics_sitenote_category":0},"product_cat":[62],"product_tag":[],"class_list":{"0":"post-2298","1":"product","2":"type-product","3":"status-publish","4":"has-post-thumbnail","6":"product_cat-produtos-vonix","8":"first","9":"instock","10":"taxable","11":"shipping-taxable","12":"product-type-simple"},"_links":{"self":[{"href":"https:\/\/www.profiautos.com.br\/novosite\/wp-json\/wp\/v2\/product\/2298"}],"collection":[{"href":"https:\/\/www.profiautos.com.br\/novosite\/wp-json\/wp\/v2\/product"}],"about":[{"href":"https:\/\/www.profiautos.com.br\/novosite\/wp-json\/wp\/v2\/types\/product"}],"wp:featuredmedia":[{"embeddable":true,"href":"https:\/\/www.profiautos.com.br\/novosite\/wp-json\/wp\/v2\/media\/2305"}],"wp:attachment":[{"href":"https:\/\/www.profiautos.com.br\/novosite\/wp-json\/wp\/v2\/media?parent=2298"}],"wp:term":[{"taxonomy":"product_cat","embeddable":true,"href":"https:\/\/www.profiautos.com.br\/novosite\/wp-json\/wp\/v2\/product_cat?post=2298"},{"taxonomy":"product_tag","embeddable":true,"href":"https:\/\/www.profiautos.com.br\/novosite\/wp-json\/wp\/v2\/product_tag?post=2298"}],"curies":[{"name":"wp","href":"https:\/\/api.w.org\/{rel}","templated":true}]}}