{"id":2227,"date":"2018-08-09T15:49:08","date_gmt":"2018-08-09T18:49:08","guid":{"rendered":"http:\/\/www.profiautos.com.br\/novosite\/?post_type=product&#038;p=2227"},"modified":"2021-07-08T09:20:08","modified_gmt":"2021-07-08T12:20:08","slug":"jogo-de-chave-combinada-5-pecas-catraca-e-articulada","status":"publish","type":"product","link":"https:\/\/www.profiautos.com.br\/novosite\/produto\/jogo-de-chave-combinada-5-pecas-catraca-e-articulada\/","title":{"rendered":"JOGO DE CHAVE COMBINADA 5 PE\u00c7AS CATRACA E ARTICULADA"},"content":{"rendered":"<p><strong><em>\u00a0 \u00a0 \u00a0 \u00a0 \u00a0 \u00a0 \u00a0 \u00a0 \u00a0 \u00a0 \u00a0 \u00a0 \u00a0 \u00a0 \u00a0 \u00a0 \u00a0 \u00a0 \u00a0 \u00a0 \u00a0 \u00a0 \u00a0 \u00a0 \u00a0 \u00a0 \u00a0 \u00a0 \u00a0 \u00a0 \u00a0 \u00a0 \u00a0 \u00a0Discri\u00e7\u00e3o do Produto :<br \/>\n<\/em><\/strong><br \/>\nJogo de Chaves Combinadas com Catraca Articulada 9NY Eda com 5 Pe\u00e7as<\/p>\n<p>&#8211; Excelente Jogo de Chave Catraca Combinada com cabe\u00e7a m\u00f3vel da Eda Profissional com 5 chaves. Chaves cromadas com medidas de 8 a 14 mm. A Chave combinada \u00e9 formada por uma Chave fixa (Chave de Boca) de um lado e uma Chave Estrela estriada catraca da (Chave de Estria) de outro. Ideal para aperto e desperto de diferentes tipos de porcas e parafusos e para locais de dif\u00edcil acesso, pois sua cabe\u00e7a \u00e9 articul\u00e1vel.<\/p>\n","protected":false},"excerpt":{"rendered":"<p>\u00a0 \u00a0 \u00a0 \u00a0 \u00a0 \u00a0 \u00a0 \u00a0 \u00a0 \u00a0 \u00a0 \u00a0 \u00a0 \u00a0 \u00a0 \u00a0 \u00a0 \u00a0 \u00a0 \u00a0 \u00a0 \u00a0 \u00a0 \u00a0 \u00a0 \u00a0 \u00a0 \u00a0 \u00a0 \u00a0 \u00a0 \u00a0 \u00a0 \u00a0Discri\u00e7\u00e3o do Produto : Jogo de Chaves Combinadas com Catraca Articulada 9NY Eda com 5 Pe\u00e7as &#8211; Excelente Jogo de Chave Catraca [&hellip;]<\/p>\n","protected":false},"featured_media":2228,"template":"","meta":{"_exactmetrics_skip_tracking":false,"_exactmetrics_sitenote_active":false,"_exactmetrics_sitenote_note":"","_exactmetrics_sitenote_category":0},"product_cat":[30],"product_tag":[],"class_list":{"0":"post-2227","1":"product","2":"type-product","3":"status-publish","4":"has-post-thumbnail","6":"product_cat-ferramentas","8":"first","9":"instock","10":"taxable","11":"shipping-taxable","12":"product-type-simple"},"_links":{"self":[{"href":"https:\/\/www.profiautos.com.br\/novosite\/wp-json\/wp\/v2\/product\/2227"}],"collection":[{"href":"https:\/\/www.profiautos.com.br\/novosite\/wp-json\/wp\/v2\/product"}],"about":[{"href":"https:\/\/www.profiautos.com.br\/novosite\/wp-json\/wp\/v2\/types\/product"}],"wp:featuredmedia":[{"embeddable":true,"href":"https:\/\/www.profiautos.com.br\/novosite\/wp-json\/wp\/v2\/media\/2228"}],"wp:attachment":[{"href":"https:\/\/www.profiautos.com.br\/novosite\/wp-json\/wp\/v2\/media?parent=2227"}],"wp:term":[{"taxonomy":"product_cat","embeddable":true,"href":"https:\/\/www.profiautos.com.br\/novosite\/wp-json\/wp\/v2\/product_cat?post=2227"},{"taxonomy":"product_tag","embeddable":true,"href":"https:\/\/www.profiautos.com.br\/novosite\/wp-json\/wp\/v2\/product_tag?post=2227"}],"curies":[{"name":"wp","href":"https:\/\/api.w.org\/{rel}","templated":true}]}}