{"id":2116,"date":"2018-07-12T09:29:11","date_gmt":"2018-07-12T12:29:11","guid":{"rendered":"http:\/\/www.profiautos.com.br\/novosite\/?post_type=product&#038;p=2116"},"modified":"2020-08-18T11:24:02","modified_gmt":"2020-08-18T14:24:02","slug":"encolhedor-de-mola-suspensao-dianteira","status":"publish","type":"product","link":"https:\/\/www.profiautos.com.br\/novosite\/produto\/encolhedor-de-mola-suspensao-dianteira\/","title":{"rendered":"ENCOLHEDOR DE MOLA SUSPENS\u00c3O DIANTEIRA"},"content":{"rendered":"<p>PARA INFORMA\u00c7\u00d5ES DE VALORES , (85) 9 8732-1854 OU (85) 3034-1103<\/p>\n<p>Encolhedor de molas para suspens\u00e3o dianteira de ve\u00edculos VW Gol, Parati, Saveiro e Voyage (at\u00e9 gera\u00e7\u00e3o IV), Golf, Passat (nacional), Santana, Quantum, Fiat Marea, GM Astra, Vectra, Omega, Audi A3 e Ford New Fiesta. Possui encaixe de 1\/2\u201d para uso com chaves pneum\u00e1ticas de impacto.<br \/>\n\u2022\u00a0<strong>Relacionamento com os ve\u00edculos:<\/strong><br \/>\n&#8211; Astra 1.8 8V 1999\/&#8230;<br \/>\n&#8211;\u00a0Astra 2.0 16V 1999\/&#8230;<br \/>\n&#8211;\u00a0Astra 2.0 8V 1999\/&#8230;<br \/>\n&#8211;\u00a0Brava 1.6 16V 2000 \/ 2003<br \/>\n&#8211;\u00a0Brava 1.8 16V 2000 \/ 2003<br \/>\n&#8211;\u00a0Gol (ar) 1.3 \/ 1.6 1980 \/ 1986<br \/>\n&#8211;\u00a0Gol 1.0 16V Power 2001\/&#8230;<br \/>\n&#8211;\u00a0Gol AE 1000, 1600 1993\/&#8230;<br \/>\n&#8211;\u00a0Gol AP 1.6, 1.8 e 2.0 1986\/&#8230;<br \/>\n&#8211;\u00a0Gol AT 1000 16V 1998\/&#8230;<br \/>\n&#8211;\u00a0Gol AT 1000 16V Turbo 2000\/&#8230;<br \/>\n&#8211;\u00a0Gol AT 1000 8V 1998\/&#8230;<br \/>\n&#8211;\u00a0Golf 1.6 \/ 2.0 jul 2001\/&#8230;<br \/>\n&#8211;\u00a0Golf 1.6 e 2.0 de 99 a jun\/2001<br \/>\n&#8211;\u00a0Golf GTI 1.8 20V Turbo 1999\/&#8230;<br \/>\n&#8211;\u00a0Marea 1.8 16V 1999\/&#8230;<br \/>\n&#8211;\u00a0Marea 2.0 \/ 2.4 20V 1999\/&#8230;<br \/>\n&#8211;\u00a0Omega 2.0 \/ 2.2 8V 1992 \/ 1998<br \/>\n&#8211;\u00a0Omega 4.1 1995\/1997<br \/>\n&#8211;\u00a0Parati 1.0 16V Power 2001\/&#8230;<br \/>\n&#8211;\u00a0Parati AE 1.6 1993\/&#8230;<br \/>\n&#8211;\u00a0Parati AP 1.6, 1.8 e 2.0 1986\/&#8230;<br \/>\n&#8211;\u00a0Parati AT 1000 16V 1997\/&#8230;<br \/>\n&#8211;\u00a0Parati AT 1000 16V Turbo 2000\/&#8230;<br \/>\n&#8211;\u00a0Passat 1.5 \/ 1.6 at\u00e9 1984<br \/>\n&#8211;\u00a0Quantum AP 1.8 e 2.0 1985\/&#8230;<br \/>\n&#8211;\u00a0Royale AP 1.8 1991\/&#8230;<br \/>\n&#8211;\u00a0Royale AP 2.0 1991\/&#8230;<br \/>\n&#8211;\u00a0Santana AP 1.8 e 2.0 1985\/&#8230;<br \/>\n&#8211;\u00a0Saveiro AE 1.6 1993\/&#8230;<br \/>\n&#8211;\u00a0Saveiro AP 1.6, 1.8 e 2.0 1986\/&#8230;<br \/>\n&#8211;\u00a0Vectra 2.0 \/ 2.2 16V 1994\/&#8230;<br \/>\n&#8211;\u00a0Vectra 2.0 \/ 2.2 8V 1993\/&#8230;<br \/>\n&#8211;\u00a0Versailles AP 1.8 1991\/&#8230;<br \/>\n&#8211;\u00a0Versailles AP 2.0 1991\/&#8230;<br \/>\n&#8211;\u00a0Voyage AE 1.6 1993\/&#8230;<br \/>\n&#8211;\u00a0Voyage AP 1.6, 1.8 e 2.0 1986\/&#8230;<\/p>\n","protected":false},"excerpt":{"rendered":"<p>PARA INFORMA\u00c7\u00d5ES DE VALORES , (85) 9 8732-1854 OU (85) 3034-1103 Encolhedor de molas para suspens\u00e3o dianteira de ve\u00edculos VW Gol, Parati, Saveiro e Voyage (at\u00e9 gera\u00e7\u00e3o IV), Golf, Passat (nacional), Santana, Quantum, Fiat Marea, GM Astra, Vectra, Omega, Audi A3 e Ford New Fiesta. Possui encaixe de 1\/2\u201d para uso com chaves pneum\u00e1ticas de [&hellip;]<\/p>\n","protected":false},"featured_media":2117,"template":"","meta":{"_exactmetrics_skip_tracking":false,"_exactmetrics_sitenote_active":false,"_exactmetrics_sitenote_note":"","_exactmetrics_sitenote_category":0},"product_cat":[30],"product_tag":[],"class_list":{"0":"post-2116","1":"product","2":"type-product","3":"status-publish","4":"has-post-thumbnail","6":"product_cat-ferramentas","8":"first","9":"instock","10":"taxable","11":"shipping-taxable","12":"product-type-simple"},"_links":{"self":[{"href":"https:\/\/www.profiautos.com.br\/novosite\/wp-json\/wp\/v2\/product\/2116"}],"collection":[{"href":"https:\/\/www.profiautos.com.br\/novosite\/wp-json\/wp\/v2\/product"}],"about":[{"href":"https:\/\/www.profiautos.com.br\/novosite\/wp-json\/wp\/v2\/types\/product"}],"wp:featuredmedia":[{"embeddable":true,"href":"https:\/\/www.profiautos.com.br\/novosite\/wp-json\/wp\/v2\/media\/2117"}],"wp:attachment":[{"href":"https:\/\/www.profiautos.com.br\/novosite\/wp-json\/wp\/v2\/media?parent=2116"}],"wp:term":[{"taxonomy":"product_cat","embeddable":true,"href":"https:\/\/www.profiautos.com.br\/novosite\/wp-json\/wp\/v2\/product_cat?post=2116"},{"taxonomy":"product_tag","embeddable":true,"href":"https:\/\/www.profiautos.com.br\/novosite\/wp-json\/wp\/v2\/product_tag?post=2116"}],"curies":[{"name":"wp","href":"https:\/\/api.w.org\/{rel}","templated":true}]}}