{"id":2114,"date":"2018-07-12T09:25:30","date_gmt":"2018-07-12T12:25:30","guid":{"rendered":"http:\/\/www.profiautos.com.br\/novosite\/?post_type=product&#038;p=2114"},"modified":"2020-08-18T11:48:00","modified_gmt":"2020-08-18T14:48:00","slug":"conjunto-para-teste-de-arrefecimento","status":"publish","type":"product","link":"https:\/\/www.profiautos.com.br\/novosite\/produto\/conjunto-para-teste-de-arrefecimento\/","title":{"rendered":"CONJUNTO PARA TESTE DE ARREFECIMENTO ."},"content":{"rendered":"<p>PARA INFORMA\u00c7\u00d5ES DE VALORES , (85) 9 8732-1854 OU (85) 3034-1103<\/p>\n<p>&nbsp;<\/p>\n<p>&#8211; Conjunto para teste do sistema de arrefecimento (e da tampa do reservat\u00f3rio) de autom\u00f3veis e utilit\u00e1rios.<\/p>\n<p>&#8211; Possui bomba (com man\u00f4metro seco) e 11 adaptadores:<\/p>\n<p>&#8211; 109671-02 (GM e Ford),<\/p>\n<p>&#8211; 109671-08 (VW e Audi),<\/p>\n<p>&#8211; 109651-10 (Hyundai, Kia e Nissan),<\/p>\n<p>&#8211; 109651-11 (Honda e Toyota),<\/p>\n<p>&#8211; 109651-13 (Honda, Toyota e Mitsubishi),<\/p>\n<p>&#8211; 109651\/71-14 (Peugeot e Citro\u00ebn),<\/p>\n<p>&#8211; 109651\/71-19 (Renault),<\/p>\n<p>&#8211; 109671-20 (GM, Fiat e Jeep),<\/p>\n<p>&#8211; 109651\/71-21 (Ford),<\/p>\n<p>&#8211; 109671-23 (Fiat),<\/p>\n<p>&#8211; 109651\/71-24 (Toyota) e<\/p>\n<p>&#8211; 109680 (universal para teste do sistema).<\/p>\n","protected":false},"excerpt":{"rendered":"<p>PARA INFORMA\u00c7\u00d5ES DE VALORES , (85) 9 8732-1854 OU (85) 3034-1103 &nbsp; &#8211; Conjunto para teste do sistema de arrefecimento (e da tampa do reservat\u00f3rio) de autom\u00f3veis e utilit\u00e1rios. &#8211; Possui bomba (com man\u00f4metro seco) e 11 adaptadores: &#8211; 109671-02 (GM e Ford), &#8211; 109671-08 (VW e Audi), &#8211; 109651-10 (Hyundai, Kia e Nissan), &#8211; [&hellip;]<\/p>\n","protected":false},"featured_media":2115,"template":"","meta":{"_exactmetrics_skip_tracking":false,"_exactmetrics_sitenote_active":false,"_exactmetrics_sitenote_note":"","_exactmetrics_sitenote_category":0},"product_cat":[28],"product_tag":[],"class_list":{"0":"post-2114","1":"product","2":"type-product","3":"status-publish","4":"has-post-thumbnail","6":"product_cat-ar-condicionado","8":"first","9":"instock","10":"taxable","11":"shipping-taxable","12":"product-type-simple"},"_links":{"self":[{"href":"https:\/\/www.profiautos.com.br\/novosite\/wp-json\/wp\/v2\/product\/2114"}],"collection":[{"href":"https:\/\/www.profiautos.com.br\/novosite\/wp-json\/wp\/v2\/product"}],"about":[{"href":"https:\/\/www.profiautos.com.br\/novosite\/wp-json\/wp\/v2\/types\/product"}],"wp:featuredmedia":[{"embeddable":true,"href":"https:\/\/www.profiautos.com.br\/novosite\/wp-json\/wp\/v2\/media\/2115"}],"wp:attachment":[{"href":"https:\/\/www.profiautos.com.br\/novosite\/wp-json\/wp\/v2\/media?parent=2114"}],"wp:term":[{"taxonomy":"product_cat","embeddable":true,"href":"https:\/\/www.profiautos.com.br\/novosite\/wp-json\/wp\/v2\/product_cat?post=2114"},{"taxonomy":"product_tag","embeddable":true,"href":"https:\/\/www.profiautos.com.br\/novosite\/wp-json\/wp\/v2\/product_tag?post=2114"}],"curies":[{"name":"wp","href":"https:\/\/api.w.org\/{rel}","templated":true}]}}

<p>PARA INFORMAÇÕES DE VALORES , (85) 9 8732-1854 OU (85) 3034-1103</p>
<p>&nbsp;</p>
<p>&#8211; Conjunto para teste do sistema de arrefecimento (e da tampa do reservatório) de automóveis e utilitários.</p>
<p>&#8211; Possui bomba (com manômetro seco) e 11 adaptadores:</p>
<p>&#8211; 109671-02 (GM e Ford),</p>
<p>&#8211; 109671-08 (VW e Audi),</p>
<p>&#8211; 109651-10 (Hyundai, Kia e Nissan),</p>
<p>&#8211; 109651-11 (Honda e Toyota),</p>
<p>&#8211; 109651-13 (Honda, Toyota e Mitsubishi),</p>
<p>&#8211; 109651/71-14 (Peugeot e Citroën),</p>
<p>&#8211; 109651/71-19 (Renault),</p>
<p>&#8211; 109671-20 (GM, Fiat e Jeep),</p>
<p>&#8211; 109651/71-21 (Ford),</p>
<p>&#8211; 109671-23 (Fiat),</p>
<p>&#8211; 109651/71-24 (Toyota) e</p>
<p>&#8211; 109680 (universal para teste do sistema).</p>

<p>PARA INFORMAÇÕES DE VALORES , (85) 9 8732-1854 OU (85) 3034-1103 &nbsp; &#8211; Conjunto para teste do sistema de arrefecimento (e da tampa do reservatório) de automóveis e utilitários. &#8211; Possui bomba (com manômetro seco) e 11 adaptadores: &#8211; 109671-02 (GM e Ford), &#8211; 109671-08 (VW e Audi), &#8211; 109651-10 (Hyundai, Kia e Nissan), &#8211; [&hellip;]</p>
