{"id":2099,"date":"2018-07-12T08:21:19","date_gmt":"2018-07-12T11:21:19","guid":{"rendered":"http:\/\/www.profiautos.com.br\/novosite\/?post_type=product&#038;p=2099"},"modified":"2020-08-18T16:44:40","modified_gmt":"2020-08-18T19:44:40","slug":"torquimetro-de-estalo-7-a-35-kgf-encaixe-de-3-4","status":"publish","type":"product","link":"https:\/\/www.profiautos.com.br\/novosite\/produto\/torquimetro-de-estalo-7-a-35-kgf-encaixe-de-3-4\/","title":{"rendered":"TORQU\u00cdMETRO DE ESTALO 7 A 35 KGF ENCAIXE DE 3\/4"},"content":{"rendered":"<p>PARA INFORMA\u00c7\u00d5ES DE VALORES , (85) 9 8732-1854 OU (85) 3034-1103<\/p>\n<p>&nbsp;<\/p>\n<p>Torquimetro De Estalo Com Encaixe 3\/4&#8243; 100550 Raven<br \/>\nC\u00f3digo: R100550<br \/>\nTorquimetro De Estalo De 7 A 35 Kgf Com Encaixe 3\/4&#8243; 100550 Raven<\/p>\n<p>Torqu\u00edmetro de estalo com encaixe de 3\/4&#8243; e escala com 4 unidades diferentes para ajuste do torque: de 7 a 35 Kgf.m(quilograma \/ for\u00e7a x metro); de 70 a 330 Nm(Newton x metro); de 50 a 250 lb.ft(libra x p\u00e9); de 600 a 3000 lb.in(libra x polegada); Comprimento (mm): 825<\/p>\n<p>Caracter\u00edsticas t\u00e9cnicas:<\/p>\n<p>&#8211; Quadrado: 1\/2&#8243;<br \/>\n&#8211; Kgf.m: 7 a 35<br \/>\n&#8211; Nm: 70 a 330<br \/>\n&#8211; Lb.ft: 50 a 250<br \/>\n&#8211; Lb.in: 600 a 3000<br \/>\n&#8211; Comprimento: 825 mm<br \/>\n&#8211; Peso: 3,20 kg<\/p>\n<p>Relacionado com a ferramenta:<\/p>\n<p>100020 &#8211; Multiplicadora de torque carga m\u00e1xima de entrada de 455,6 lbs.ft \/ 617,8 Nm \/ 63 kgf.m &#8211; carga m\u00e1xima de sa\u00edda de 1820 lbs.ft \/ 2461,6 Nm \/ 251,0 kgf.m. Encaixe de entrada de 3\/4&#8243; e encaixe de sa\u00edda de 1&#8243;. Fator de multiplica\u00e7\u00e3o 1:4.C\u00f3digo do fornecedor :<br \/>\n100550<br \/>\nLargura(cm) : 11.00<br \/>\nAltura(cm) : 9.00<br \/>\nComprimento(cm) : 91.00<br \/>\nPeso(kg) : 4<\/p>\n","protected":false},"excerpt":{"rendered":"<p>PARA INFORMA\u00c7\u00d5ES DE VALORES , (85) 9 8732-1854 OU (85) 3034-1103 &nbsp; Torquimetro De Estalo Com Encaixe 3\/4&#8243; 100550 Raven C\u00f3digo: R100550 Torquimetro De Estalo De 7 A 35 Kgf Com Encaixe 3\/4&#8243; 100550 Raven Torqu\u00edmetro de estalo com encaixe de 3\/4&#8243; e escala com 4 unidades diferentes para ajuste do torque: de 7 a [&hellip;]<\/p>\n","protected":false},"featured_media":2100,"template":"","meta":{"_exactmetrics_skip_tracking":false,"_exactmetrics_sitenote_active":false,"_exactmetrics_sitenote_note":"","_exactmetrics_sitenote_category":0},"product_cat":[30],"product_tag":[],"class_list":{"0":"post-2099","1":"product","2":"type-product","3":"status-publish","4":"has-post-thumbnail","6":"product_cat-ferramentas","8":"first","9":"instock","10":"taxable","11":"shipping-taxable","12":"product-type-simple"},"_links":{"self":[{"href":"https:\/\/www.profiautos.com.br\/novosite\/wp-json\/wp\/v2\/product\/2099"}],"collection":[{"href":"https:\/\/www.profiautos.com.br\/novosite\/wp-json\/wp\/v2\/product"}],"about":[{"href":"https:\/\/www.profiautos.com.br\/novosite\/wp-json\/wp\/v2\/types\/product"}],"wp:featuredmedia":[{"embeddable":true,"href":"https:\/\/www.profiautos.com.br\/novosite\/wp-json\/wp\/v2\/media\/2100"}],"wp:attachment":[{"href":"https:\/\/www.profiautos.com.br\/novosite\/wp-json\/wp\/v2\/media?parent=2099"}],"wp:term":[{"taxonomy":"product_cat","embeddable":true,"href":"https:\/\/www.profiautos.com.br\/novosite\/wp-json\/wp\/v2\/product_cat?post=2099"},{"taxonomy":"product_tag","embeddable":true,"href":"https:\/\/www.profiautos.com.br\/novosite\/wp-json\/wp\/v2\/product_tag?post=2099"}],"curies":[{"name":"wp","href":"https:\/\/api.w.org\/{rel}","templated":true}]}}