{"id":2079,"date":"2018-07-10T11:02:11","date_gmt":"2018-07-10T14:02:11","guid":{"rendered":"http:\/\/www.profiautos.com.br\/novosite\/?post_type=product&#038;p=2079"},"modified":"2020-08-18T16:46:13","modified_gmt":"2020-08-18T19:46:13","slug":"chave-de-645-m-m-para-filtro-de-oleo-do-corolla","status":"publish","type":"product","link":"https:\/\/www.profiautos.com.br\/novosite\/produto\/chave-de-645-m-m-para-filtro-de-oleo-do-corolla\/","title":{"rendered":"CHAVE DE 64,5 M M PARA FILTRO DE OLEO DO COROLLA"},"content":{"rendered":"<p>PARA INFORMA\u00c7\u00d5ES DE VALORES , (85) 9 8732-1854 OU (85) 3034-1103<\/p>\n<p>&nbsp;<\/p>\n<p>Chave de 64,5mm para filtro de \u00f3leo (blindado e refil) do Honda, Toyota e Nissan.<br \/>\nMedida: 64,5mm<br \/>\nAplica\u00e7\u00e3o: Filtro de \u00f3leo (Blindado e refil) Honda, Toyota e Nissan.<br \/>\nPeso: 0,40kg<br \/>\nMarca: Felar 347<\/p>\n","protected":false},"excerpt":{"rendered":"<p>PARA INFORMA\u00c7\u00d5ES DE VALORES , (85) 9 8732-1854 OU (85) 3034-1103 &nbsp; Chave de 64,5mm para filtro de \u00f3leo (blindado e refil) do Honda, Toyota e Nissan. Medida: 64,5mm Aplica\u00e7\u00e3o: Filtro de \u00f3leo (Blindado e refil) Honda, Toyota e Nissan. Peso: 0,40kg Marca: Felar 347<\/p>\n","protected":false},"featured_media":2080,"template":"","meta":{"_exactmetrics_skip_tracking":false,"_exactmetrics_sitenote_active":false,"_exactmetrics_sitenote_note":"","_exactmetrics_sitenote_category":0},"product_cat":[30],"product_tag":[],"class_list":{"0":"post-2079","1":"product","2":"type-product","3":"status-publish","4":"has-post-thumbnail","6":"product_cat-ferramentas","8":"first","9":"instock","10":"taxable","11":"shipping-taxable","12":"product-type-simple"},"_links":{"self":[{"href":"https:\/\/www.profiautos.com.br\/novosite\/wp-json\/wp\/v2\/product\/2079"}],"collection":[{"href":"https:\/\/www.profiautos.com.br\/novosite\/wp-json\/wp\/v2\/product"}],"about":[{"href":"https:\/\/www.profiautos.com.br\/novosite\/wp-json\/wp\/v2\/types\/product"}],"wp:featuredmedia":[{"embeddable":true,"href":"https:\/\/www.profiautos.com.br\/novosite\/wp-json\/wp\/v2\/media\/2080"}],"wp:attachment":[{"href":"https:\/\/www.profiautos.com.br\/novosite\/wp-json\/wp\/v2\/media?parent=2079"}],"wp:term":[{"taxonomy":"product_cat","embeddable":true,"href":"https:\/\/www.profiautos.com.br\/novosite\/wp-json\/wp\/v2\/product_cat?post=2079"},{"taxonomy":"product_tag","embeddable":true,"href":"https:\/\/www.profiautos.com.br\/novosite\/wp-json\/wp\/v2\/product_tag?post=2079"}],"curies":[{"name":"wp","href":"https:\/\/api.w.org\/{rel}","templated":true}]}}