{"id":2017,"date":"2022-04-04T13:00:27","date_gmt":"2022-04-04T16:00:27","guid":{"rendered":"http:\/\/www.profiautos.com.br\/novosite\/?post_type=product&#038;p=2017"},"modified":"2026-04-01T13:41:26","modified_gmt":"2026-04-01T16:41:26","slug":"funilaria-leve","status":"publish","type":"product","link":"https:\/\/www.profiautos.com.br\/novosite\/produto\/funilaria-leve\/","title":{"rendered":"FUNILARIA LEVE"},"content":{"rendered":"<p><strong>FUNILARIA LEVE<\/strong><\/p>\n<p><strong>Objetivo: <\/strong>Capacitar profissionais do setor de repara\u00e7\u00e3o e pintura automotiva a fazerem reparos de pe\u00e7as e estrutura do ve\u00edculo.<\/p>\n<p><strong>CONTE\u00daDO PROGRAM\u00c1TICO:<\/strong><\/p>\n<ul>\n<li>Apresenta\u00e7\u00e3o dos equipamentos;<\/li>\n<li>Apresenta\u00e7\u00e3o das Ferramentas;<\/li>\n<li>Uso da Repuxadeira El\u00e9trica (Spotcar);<\/li>\n<li>Uso da Lixadeira;<\/li>\n<li>Lixamento de pe\u00e7as;<\/li>\n<li>Solda Oxiacetileno;<\/li>\n<li>Uso de Lima;<\/li>\n<li>Modelagem de Pe\u00e7as;<\/li>\n<li>Alinhamento de Pe\u00e7as;<\/li>\n<li>Prepara\u00e7\u00e3o de pe\u00e7as para pintura.<\/li>\n<\/ul>\n<p><strong>Dura\u00e7\u00e3o:<\/strong>\u00a015 horas (3 s\u00e1bados);<\/p>\n<p><strong>Hor\u00e1rio das aulas:<\/strong> S\u00e1bados (08:00 \u00e1s 13:00);<\/p>\n<p><strong>Incluso:<\/strong> Material Did\u00e1tico e Certificado de Participa\u00e7\u00e3o;<\/p>\n<p><strong>In\u00edcio:<\/strong> 08\/11\/2025 (Previs\u00e3o);<\/p>\n<p><b>Formas de pagamento:<\/b>\u00a0A vista ou em at\u00e9 3x sem juros no Cart\u00e3o de Cr\u00e9dito.<\/p>\n","protected":false},"excerpt":{"rendered":"<p>FUNILARIA LEVE Objetivo: Capacitar profissionais do setor de repara\u00e7\u00e3o e pintura automotiva a fazerem reparos de pe\u00e7as e estrutura do ve\u00edculo. CONTE\u00daDO PROGRAM\u00c1TICO: Apresenta\u00e7\u00e3o dos equipamentos; Apresenta\u00e7\u00e3o das Ferramentas; Uso da Repuxadeira El\u00e9trica (Spotcar); Uso da Lixadeira; Lixamento de pe\u00e7as; Solda Oxiacetileno; Uso de Lima; Modelagem de Pe\u00e7as; Alinhamento de Pe\u00e7as; Prepara\u00e7\u00e3o de pe\u00e7as para [&hellip;]<\/p>\n","protected":false},"featured_media":3444,"template":"","meta":{"_exactmetrics_skip_tracking":false,"_exactmetrics_sitenote_active":false,"_exactmetrics_sitenote_note":"","_exactmetrics_sitenote_category":0},"product_cat":[8,14],"product_tag":[],"class_list":{"0":"post-2017","1":"product","2":"type-product","3":"status-publish","4":"has-post-thumbnail","6":"product_cat-cursos-automotivos","7":"product_cat-cursos-com-matriculas-abertas","9":"first","10":"instock","11":"taxable","12":"shipping-taxable","13":"purchasable","14":"product-type-simple"},"_links":{"self":[{"href":"https:\/\/www.profiautos.com.br\/novosite\/wp-json\/wp\/v2\/product\/2017"}],"collection":[{"href":"https:\/\/www.profiautos.com.br\/novosite\/wp-json\/wp\/v2\/product"}],"about":[{"href":"https:\/\/www.profiautos.com.br\/novosite\/wp-json\/wp\/v2\/types\/product"}],"wp:featuredmedia":[{"embeddable":true,"href":"https:\/\/www.profiautos.com.br\/novosite\/wp-json\/wp\/v2\/media\/3444"}],"wp:attachment":[{"href":"https:\/\/www.profiautos.com.br\/novosite\/wp-json\/wp\/v2\/media?parent=2017"}],"wp:term":[{"taxonomy":"product_cat","embeddable":true,"href":"https:\/\/www.profiautos.com.br\/novosite\/wp-json\/wp\/v2\/product_cat?post=2017"},{"taxonomy":"product_tag","embeddable":true,"href":"https:\/\/www.profiautos.com.br\/novosite\/wp-json\/wp\/v2\/product_tag?post=2017"}],"curies":[{"name":"wp","href":"https:\/\/api.w.org\/{rel}","templated":true}]}}