{"id":1955,"date":"2018-05-17T14:02:40","date_gmt":"2018-05-17T17:02:40","guid":{"rendered":"http:\/\/www.profiautos.com.br\/novosite\/?post_type=product&#038;p=1955"},"modified":"2021-07-08T09:47:25","modified_gmt":"2021-07-08T12:47:25","slug":"pano-pegar-poeira-3m","status":"publish","type":"product","link":"https:\/\/www.profiautos.com.br\/novosite\/produto\/pano-pegar-poeira-3m\/","title":{"rendered":"PANO PEGAR POEIRA &#8211; 3M"},"content":{"rendered":"<ul>\n<li>Utilizado manualmente para limpeza de res\u00edduos de lixamento, poeiras, pequenas contamina\u00e7\u00f5es depositadas sobre o primer antes de aplicar a tinta base, ou sobre a tinta base antes da aplica\u00e7\u00e3o do verniz.<\/li>\n<li>Excelente poder de reten\u00e7\u00e3o de part\u00edculas.<\/li>\n<\/ul>\n","protected":false},"excerpt":{"rendered":"<p>Utilizado manualmente para limpeza de res\u00edduos de lixamento, poeiras, pequenas contamina\u00e7\u00f5es depositadas sobre o primer antes de aplicar a tinta base, ou sobre a tinta base antes da aplica\u00e7\u00e3o do verniz. Excelente poder de reten\u00e7\u00e3o de part\u00edculas.<\/p>\n","protected":false},"featured_media":1956,"template":"","meta":{"_exactmetrics_skip_tracking":false,"_exactmetrics_sitenote_active":false,"_exactmetrics_sitenote_note":"","_exactmetrics_sitenote_category":0},"product_cat":[50],"product_tag":[],"class_list":{"0":"post-1955","1":"product","2":"type-product","3":"status-publish","4":"has-post-thumbnail","6":"product_cat-pintura","8":"first","9":"instock","10":"taxable","11":"shipping-taxable","12":"product-type-simple"},"_links":{"self":[{"href":"https:\/\/www.profiautos.com.br\/novosite\/wp-json\/wp\/v2\/product\/1955"}],"collection":[{"href":"https:\/\/www.profiautos.com.br\/novosite\/wp-json\/wp\/v2\/product"}],"about":[{"href":"https:\/\/www.profiautos.com.br\/novosite\/wp-json\/wp\/v2\/types\/product"}],"wp:featuredmedia":[{"embeddable":true,"href":"https:\/\/www.profiautos.com.br\/novosite\/wp-json\/wp\/v2\/media\/1956"}],"wp:attachment":[{"href":"https:\/\/www.profiautos.com.br\/novosite\/wp-json\/wp\/v2\/media?parent=1955"}],"wp:term":[{"taxonomy":"product_cat","embeddable":true,"href":"https:\/\/www.profiautos.com.br\/novosite\/wp-json\/wp\/v2\/product_cat?post=1955"},{"taxonomy":"product_tag","embeddable":true,"href":"https:\/\/www.profiautos.com.br\/novosite\/wp-json\/wp\/v2\/product_tag?post=1955"}],"curies":[{"name":"wp","href":"https:\/\/api.w.org\/{rel}","templated":true}]}}