{"id":1936,"date":"2018-05-16T13:24:48","date_gmt":"2018-05-16T16:24:48","guid":{"rendered":"http:\/\/www.profiautos.com.br\/novosite\/?post_type=product&#038;p=1936"},"modified":"2020-08-18T14:44:39","modified_gmt":"2020-08-18T17:44:39","slug":"alicate-tipo-telefone-robust","status":"publish","type":"product","link":"https:\/\/www.profiautos.com.br\/novosite\/produto\/alicate-tipo-telefone-robust\/","title":{"rendered":"ALICATE TIPO TELEFONE &#8211; ROBUST"},"content":{"rendered":"<ul>\n<li>PARA INFORMA\u00c7\u00d5ES DE VALORES , (85) 9 8732-1854 OU (85) 3034-1103<\/li>\n<\/ul>\n<p>&nbsp;<\/p>\n<ul>\n<li>Acabamento polido;<\/li>\n<li>Cabos ergon\u00f4micos;<\/li>\n<li>Capacidade de corte: arames temperados com di\u00e2metros de 2 mm;<\/li>\n<\/ul>\n","protected":false},"excerpt":{"rendered":"<p>PARA INFORMA\u00c7\u00d5ES DE VALORES , (85) 9 8732-1854 OU (85) 3034-1103 &nbsp; Acabamento polido; Cabos ergon\u00f4micos; Capacidade de corte: arames temperados com di\u00e2metros de 2 mm;<\/p>\n","protected":false},"featured_media":1937,"template":"","meta":{"_exactmetrics_skip_tracking":false,"_exactmetrics_sitenote_active":false,"_exactmetrics_sitenote_note":"","_exactmetrics_sitenote_category":0},"product_cat":[18],"product_tag":[],"class_list":{"0":"post-1936","1":"product","2":"type-product","3":"status-publish","4":"has-post-thumbnail","6":"product_cat-diversas","8":"first","9":"instock","10":"taxable","11":"shipping-taxable","12":"product-type-simple"},"_links":{"self":[{"href":"https:\/\/www.profiautos.com.br\/novosite\/wp-json\/wp\/v2\/product\/1936"}],"collection":[{"href":"https:\/\/www.profiautos.com.br\/novosite\/wp-json\/wp\/v2\/product"}],"about":[{"href":"https:\/\/www.profiautos.com.br\/novosite\/wp-json\/wp\/v2\/types\/product"}],"wp:featuredmedia":[{"embeddable":true,"href":"https:\/\/www.profiautos.com.br\/novosite\/wp-json\/wp\/v2\/media\/1937"}],"wp:attachment":[{"href":"https:\/\/www.profiautos.com.br\/novosite\/wp-json\/wp\/v2\/media?parent=1936"}],"wp:term":[{"taxonomy":"product_cat","embeddable":true,"href":"https:\/\/www.profiautos.com.br\/novosite\/wp-json\/wp\/v2\/product_cat?post=1936"},{"taxonomy":"product_tag","embeddable":true,"href":"https:\/\/www.profiautos.com.br\/novosite\/wp-json\/wp\/v2\/product_tag?post=1936"}],"curies":[{"name":"wp","href":"https:\/\/api.w.org\/{rel}","templated":true}]}}