{"id":1900,"date":"2018-05-04T16:01:07","date_gmt":"2018-05-04T19:01:07","guid":{"rendered":"http:\/\/www.profiautos.com.br\/novosite\/?post_type=product&#038;p=1900"},"modified":"2020-08-18T15:12:29","modified_gmt":"2020-08-18T18:12:29","slug":"regulador-de-pressao-argonio-v8-brasil","status":"publish","type":"product","link":"https:\/\/www.profiautos.com.br\/novosite\/produto\/regulador-de-pressao-argonio-v8-brasil\/","title":{"rendered":"REGULADOR DE PRESS\u00c3O &#8211; ARG\u00d4NIO V8 BRASIL"},"content":{"rendered":"<p>PARA INFORMA\u00c7\u00d5ES DE VALORES , (85) 9 8732-1854 OU (85) 3034-1103<\/p>\n<p><strong>REGULADOR DE PRESS\u00c3O PARA ARG\u00d4NIO<\/strong><\/p>\n<div><\/div>\n<div>O regulador de press\u00e3o \u00e9 um aparelho pneum\u00e1tico, projetado para reduzir a press\u00e3o do cilindro para uma press\u00e3o definida de uso, mantendo-a constante, mesmo que exista grande varia\u00e7\u00e3o de press\u00e3o de entrada e na vaz\u00e3o de sa\u00edda do g\u00e1s.<\/div>\n<div><\/div>\n<div><strong>* VANTAGENS<\/strong><\/div>\n<div><\/div>\n<div>&#8211; Alta durabilidade<\/div>\n<div>&#8211; Escala de f\u00e1cil leitura<\/div>\n<div>&#8211; F\u00e1cil manuten\u00e7\u00e3o<\/div>\n<div>&#8211; Corpo em lat\u00e3o forjado<\/div>\n<div><strong>\u00a0<\/strong><\/div>\n<div><strong>* ESPECIFICA\u00c7\u00d5ES T\u00c9CNICAS :\u00a0<\/strong><\/div>\n<div>\n<div><strong>&#8211; Regulador de Press\u00e3o ARG\u00d4NIO\u00a0<\/strong><\/div>\n<div><\/div>\n<div>&#8211; Press\u00e3o m\u00e1xima de entrada: 220 kg\/cm\u00b2<\/div>\n<div>&#8211; Press\u00e3o m\u00e1xima de sa\u00edda: 6 kg\/cm\u00b2<\/div>\n<div>&#8211; Conex\u00e3o de entrada: W24.32- 1\/4<\/div>\n<div>&#8211; Conex\u00e3o de sa\u00edda: 9\/16 UNF \u2013 18<\/div>\n<div>&#8211; Vaz\u00e3o: 40 L\/min<\/div>\n<div>&#8211; Man\u00f4metro: f60 mm, NPT1\/4<\/div>\n<div>&#8211; Modelo: V8-AR-11<\/div>\n<\/div>\n","protected":false},"excerpt":{"rendered":"<p>PARA INFORMA\u00c7\u00d5ES DE VALORES , (85) 9 8732-1854 OU (85) 3034-1103 REGULADOR DE PRESS\u00c3O PARA ARG\u00d4NIO O regulador de press\u00e3o \u00e9 um aparelho pneum\u00e1tico, projetado para reduzir a press\u00e3o do cilindro para uma press\u00e3o definida de uso, mantendo-a constante, mesmo que exista grande varia\u00e7\u00e3o de press\u00e3o de entrada e na vaz\u00e3o de sa\u00edda do g\u00e1s. [&hellip;]<\/p>\n","protected":false},"featured_media":1901,"template":"","meta":{"_exactmetrics_skip_tracking":false,"_exactmetrics_sitenote_active":false,"_exactmetrics_sitenote_note":"","_exactmetrics_sitenote_category":0},"product_cat":[25],"product_tag":[],"class_list":{"0":"post-1900","1":"product","2":"type-product","3":"status-publish","4":"has-post-thumbnail","6":"product_cat-especiais","8":"first","9":"instock","10":"taxable","11":"shipping-taxable","12":"product-type-simple"},"_links":{"self":[{"href":"https:\/\/www.profiautos.com.br\/novosite\/wp-json\/wp\/v2\/product\/1900"}],"collection":[{"href":"https:\/\/www.profiautos.com.br\/novosite\/wp-json\/wp\/v2\/product"}],"about":[{"href":"https:\/\/www.profiautos.com.br\/novosite\/wp-json\/wp\/v2\/types\/product"}],"wp:featuredmedia":[{"embeddable":true,"href":"https:\/\/www.profiautos.com.br\/novosite\/wp-json\/wp\/v2\/media\/1901"}],"wp:attachment":[{"href":"https:\/\/www.profiautos.com.br\/novosite\/wp-json\/wp\/v2\/media?parent=1900"}],"wp:term":[{"taxonomy":"product_cat","embeddable":true,"href":"https:\/\/www.profiautos.com.br\/novosite\/wp-json\/wp\/v2\/product_cat?post=1900"},{"taxonomy":"product_tag","embeddable":true,"href":"https:\/\/www.profiautos.com.br\/novosite\/wp-json\/wp\/v2\/product_tag?post=1900"}],"curies":[{"name":"wp","href":"https:\/\/api.w.org\/{rel}","templated":true}]}}