{"id":1893,"date":"2018-05-03T11:59:04","date_gmt":"2018-05-03T14:59:04","guid":{"rendered":"http:\/\/www.profiautos.com.br\/novosite\/?post_type=product&#038;p=1893"},"modified":"2020-08-18T14:45:06","modified_gmt":"2020-08-18T17:45:06","slug":"gas-propano-suryha","status":"publish","type":"product","link":"https:\/\/www.profiautos.com.br\/novosite\/produto\/gas-propano-suryha\/","title":{"rendered":"G\u00c1S PROPANO &#8211; SURYHA"},"content":{"rendered":"<section id=\"product-container\" class=\"produto-wrapper product-detail\">\n<div class=\"clearfix\">\n<div class=\"col-md-5 product-colum-right pull-right\">\n<div class=\"recomendado\"><\/div>\n<\/div>\n<\/div>\n<\/section>\n<section id=\"ProdBlock\" class=\"product-tabs\">\n<div id=\"ProdAbas\" class=\"abasProduto tab-panel\">\n<p>PARA INFORMA\u00c7\u00d5ES DE VALORES , (85) 9 8732-1854 OU (85) 3034-1103<\/p>\n<\/div>\n<div id=\"descricao\" class=\"prodBox\">\n<div class=\"board\">\n<div class=\"board_htm description\">\n<p>-G\u00e1s Propano Cilindro para Ma\u00e7arico Port\u00e1til 453 g<\/p>\n<p>&#8211; Cilindro descart\u00e1vel, n\u00e3o reutiliz\u00e1vel e pr\u00f3prio para uso em ma\u00e7aricos port\u00e1teis de soldagem. Ideais para soldar tubos de cobre em instala\u00e7\u00f5es em HVAC (Refrigera\u00e7\u00e3o) e redes hidr\u00e1ulicas utilizando estanho ou fosfoper .<\/p>\n<p>&nbsp;<\/p>\n<\/div>\n<\/div>\n<\/div>\n<\/section>\n","protected":false},"excerpt":{"rendered":"<p>PARA INFORMA\u00c7\u00d5ES DE VALORES , (85) 9 8732-1854 OU (85) 3034-1103 -G\u00e1s Propano Cilindro para Ma\u00e7arico Port\u00e1til 453 g &#8211; Cilindro descart\u00e1vel, n\u00e3o reutiliz\u00e1vel e pr\u00f3prio para uso em ma\u00e7aricos port\u00e1teis de soldagem. Ideais para soldar tubos de cobre em instala\u00e7\u00f5es em HVAC (Refrigera\u00e7\u00e3o) e redes hidr\u00e1ulicas utilizando estanho ou fosfoper . &nbsp;<\/p>\n","protected":false},"featured_media":1894,"template":"","meta":{"_exactmetrics_skip_tracking":false,"_exactmetrics_sitenote_active":false,"_exactmetrics_sitenote_note":"","_exactmetrics_sitenote_category":0},"product_cat":[18],"product_tag":[],"class_list":{"0":"post-1893","1":"product","2":"type-product","3":"status-publish","4":"has-post-thumbnail","6":"product_cat-diversas","8":"first","9":"instock","10":"taxable","11":"shipping-taxable","12":"product-type-simple"},"_links":{"self":[{"href":"https:\/\/www.profiautos.com.br\/novosite\/wp-json\/wp\/v2\/product\/1893"}],"collection":[{"href":"https:\/\/www.profiautos.com.br\/novosite\/wp-json\/wp\/v2\/product"}],"about":[{"href":"https:\/\/www.profiautos.com.br\/novosite\/wp-json\/wp\/v2\/types\/product"}],"wp:featuredmedia":[{"embeddable":true,"href":"https:\/\/www.profiautos.com.br\/novosite\/wp-json\/wp\/v2\/media\/1894"}],"wp:attachment":[{"href":"https:\/\/www.profiautos.com.br\/novosite\/wp-json\/wp\/v2\/media?parent=1893"}],"wp:term":[{"taxonomy":"product_cat","embeddable":true,"href":"https:\/\/www.profiautos.com.br\/novosite\/wp-json\/wp\/v2\/product_cat?post=1893"},{"taxonomy":"product_tag","embeddable":true,"href":"https:\/\/www.profiautos.com.br\/novosite\/wp-json\/wp\/v2\/product_tag?post=1893"}],"curies":[{"name":"wp","href":"https:\/\/api.w.org\/{rel}","templated":true}]}}