{"id":1841,"date":"2018-04-24T13:40:10","date_gmt":"2018-04-24T16:40:10","guid":{"rendered":"http:\/\/www.profiautos.com.br\/novosite\/?post_type=product&#038;p=1841"},"modified":"2020-08-18T11:57:36","modified_gmt":"2020-08-18T14:57:36","slug":"abracadeira-de-nylon-branca-black-jack","status":"publish","type":"product","link":"https:\/\/www.profiautos.com.br\/novosite\/produto\/abracadeira-de-nylon-branca-black-jack\/","title":{"rendered":"ABRA\u00c7ADEIRA DE NYLON BRANCA &#8211; BLACK JACK"},"content":{"rendered":"<p>PARA INFORMA\u00c7\u00d5ES DE VALORES , (85) 9 8732-1854 OU (85) 3034-1103<br \/>\n\u2022 Abra\u00e7adeira<br \/>\n\u2022 Fabricada em nylon resistente<br \/>\n\u2022 Cor: Branco<br \/>\n\u2022 Indicado para o uso dom\u00e9stico e industrial, para a fixa\u00e7\u00e3o diversa em cabos el\u00e9tricos (chicotes), ve\u00edculos, bicicletas, motor, embalagens, etc<br \/>\n\u2022 Comprimento: 150mm<br \/>\n\u2022 Largura: 3,6mm<br \/>\n\u2022 Conte\u00fado: 100 Unidades<\/p>\n","protected":false},"excerpt":{"rendered":"<p>PARA INFORMA\u00c7\u00d5ES DE VALORES , (85) 9 8732-1854 OU (85) 3034-1103 \u2022 Abra\u00e7adeira \u2022 Fabricada em nylon resistente \u2022 Cor: Branco \u2022 Indicado para o uso dom\u00e9stico e industrial, para a fixa\u00e7\u00e3o diversa em cabos el\u00e9tricos (chicotes), ve\u00edculos, bicicletas, motor, embalagens, etc \u2022 Comprimento: 150mm \u2022 Largura: 3,6mm \u2022 Conte\u00fado: 100 Unidades<\/p>\n","protected":false},"featured_media":1842,"template":"","meta":{"_exactmetrics_skip_tracking":false,"_exactmetrics_sitenote_active":false,"_exactmetrics_sitenote_note":"","_exactmetrics_sitenote_category":0},"product_cat":[28],"product_tag":[],"class_list":{"0":"post-1841","1":"product","2":"type-product","3":"status-publish","4":"has-post-thumbnail","6":"product_cat-ar-condicionado","8":"first","9":"instock","10":"taxable","11":"shipping-taxable","12":"product-type-simple"},"_links":{"self":[{"href":"https:\/\/www.profiautos.com.br\/novosite\/wp-json\/wp\/v2\/product\/1841"}],"collection":[{"href":"https:\/\/www.profiautos.com.br\/novosite\/wp-json\/wp\/v2\/product"}],"about":[{"href":"https:\/\/www.profiautos.com.br\/novosite\/wp-json\/wp\/v2\/types\/product"}],"wp:featuredmedia":[{"embeddable":true,"href":"https:\/\/www.profiautos.com.br\/novosite\/wp-json\/wp\/v2\/media\/1842"}],"wp:attachment":[{"href":"https:\/\/www.profiautos.com.br\/novosite\/wp-json\/wp\/v2\/media?parent=1841"}],"wp:term":[{"taxonomy":"product_cat","embeddable":true,"href":"https:\/\/www.profiautos.com.br\/novosite\/wp-json\/wp\/v2\/product_cat?post=1841"},{"taxonomy":"product_tag","embeddable":true,"href":"https:\/\/www.profiautos.com.br\/novosite\/wp-json\/wp\/v2\/product_tag?post=1841"}],"curies":[{"name":"wp","href":"https:\/\/api.w.org\/{rel}","templated":true}]}}

ABRAÇADEIRA DE NYLON BRANCA &#8211; BLACK JACK

<p>PARA INFORMAÇÕES DE VALORES , (85) 9 8732-1854 OU (85) 3034-1103<br />
• Abraçadeira<br />
• Fabricada em nylon resistente<br />
• Cor: Branco<br />
• Indicado para o uso doméstico e industrial, para a fixação diversa em cabos elétricos (chicotes), veículos, bicicletas, motor, embalagens, etc<br />
• Comprimento: 150mm<br />
• Largura: 3,6mm<br />
• Conteúdo: 100 Unidades</p>

<p>PARA INFORMAÇÕES DE VALORES , (85) 9 8732-1854 OU (85) 3034-1103 • Abraçadeira • Fabricada em nylon resistente • Cor: Branco • Indicado para o uso doméstico e industrial, para a fixação diversa em cabos elétricos (chicotes), veículos, bicicletas, motor, embalagens, etc • Comprimento: 150mm • Largura: 3,6mm • Conteúdo: 100 Unidades</p>
