{"id":1839,"date":"2018-04-24T13:42:58","date_gmt":"2018-04-24T16:42:58","guid":{"rendered":"http:\/\/www.profiautos.com.br\/novosite\/?post_type=product&#038;p=1839"},"modified":"2020-08-18T11:57:11","modified_gmt":"2020-08-18T14:57:11","slug":"balanca-eletronica","status":"publish","type":"product","link":"https:\/\/www.profiautos.com.br\/novosite\/produto\/balanca-eletronica\/","title":{"rendered":"BALAN\u00c7A ELETR\u00d4NICA"},"content":{"rendered":"<p><strong>PARA INFORMA\u00c7\u00d5ES DE VALORES , (85) 9 8732-1854 OU (85) 3034-1103<br \/>\nCaracter\u00edsticas<\/strong><br \/>\nCapacidade: 100 kg<br \/>\nMaleta de transporte em PP<br \/>\nAlta acuracidade<br \/>\nDisplay LCD com ilumina\u00e7\u00e3o<\/p>\n","protected":false},"excerpt":{"rendered":"<p>PARA INFORMA\u00c7\u00d5ES DE VALORES , (85) 9 8732-1854 OU (85) 3034-1103 Caracter\u00edsticas Capacidade: 100 kg Maleta de transporte em PP Alta acuracidade Display LCD com ilumina\u00e7\u00e3o<\/p>\n","protected":false},"featured_media":1843,"template":"","meta":{"_exactmetrics_skip_tracking":false,"_exactmetrics_sitenote_active":false,"_exactmetrics_sitenote_note":"","_exactmetrics_sitenote_category":0},"product_cat":[28],"product_tag":[],"class_list":{"0":"post-1839","1":"product","2":"type-product","3":"status-publish","4":"has-post-thumbnail","6":"product_cat-ar-condicionado","8":"first","9":"instock","10":"taxable","11":"shipping-taxable","12":"product-type-simple"},"_links":{"self":[{"href":"https:\/\/www.profiautos.com.br\/novosite\/wp-json\/wp\/v2\/product\/1839"}],"collection":[{"href":"https:\/\/www.profiautos.com.br\/novosite\/wp-json\/wp\/v2\/product"}],"about":[{"href":"https:\/\/www.profiautos.com.br\/novosite\/wp-json\/wp\/v2\/types\/product"}],"wp:featuredmedia":[{"embeddable":true,"href":"https:\/\/www.profiautos.com.br\/novosite\/wp-json\/wp\/v2\/media\/1843"}],"wp:attachment":[{"href":"https:\/\/www.profiautos.com.br\/novosite\/wp-json\/wp\/v2\/media?parent=1839"}],"wp:term":[{"taxonomy":"product_cat","embeddable":true,"href":"https:\/\/www.profiautos.com.br\/novosite\/wp-json\/wp\/v2\/product_cat?post=1839"},{"taxonomy":"product_tag","embeddable":true,"href":"https:\/\/www.profiautos.com.br\/novosite\/wp-json\/wp\/v2\/product_tag?post=1839"}],"curies":[{"name":"wp","href":"https:\/\/api.w.org\/{rel}","templated":true}]}}

BALANÇA ELETRÔNICA

<p><strong>PARA INFORMAÇÕES DE VALORES , (85) 9 8732-1854 OU (85) 3034-1103<br />
Características</strong><br />
Capacidade: 100 kg<br />
Maleta de transporte em PP<br />
Alta acuracidade<br />
Display LCD com iluminação</p>

<p>PARA INFORMAÇÕES DE VALORES , (85) 9 8732-1854 OU (85) 3034-1103 Características Capacidade: 100 kg Maleta de transporte em PP Alta acuracidade Display LCD com iluminação</p>
