{"id":1837,"date":"2018-04-24T13:15:42","date_gmt":"2018-04-24T16:15:42","guid":{"rendered":"http:\/\/www.profiautos.com.br\/novosite\/?post_type=product&#038;p=1837"},"modified":"2020-08-18T11:58:16","modified_gmt":"2020-08-18T14:58:16","slug":"jogo-de-extratores-de-cavilhas-2","status":"publish","type":"product","link":"https:\/\/www.profiautos.com.br\/novosite\/produto\/jogo-de-extratores-de-cavilhas-2\/","title":{"rendered":"JOGO DE EXTRATORES DE CAVILHAS"},"content":{"rendered":"<p>PARA INFORMA\u00c7\u00d5ES DE VALORES , (85) 9 8732-1854 OU (85) 3034-1103<br \/>\n\u2022\u00a0Kit de Extratores de Cavilhas<br \/>\n\u2022 Cont\u00e9m 5 Pe\u00e7as<br \/>\n\u2022\u00a0Ideal para trabalhos de reparos em autom\u00f3veis<br \/>\n\u2022 F\u00e1cil utiliza\u00e7\u00e3o em reparos de estofados, frisos, pain\u00e9is, retrovisores<br \/>\n\u2022 Utiliza\u00e7\u00e3o sem quaisquer dano\/riscos nas superf\u00edcies de trabalho<br \/>\n\u2022 Corpo injetado em fibra de vidro e nylon de alta resist\u00eancia<br \/>\n\u2022 Os diferentes formatos se devem aos diversos tipos de perfis e trabalhos que podem ser utilizados<br \/>\n\u2022 Marca:\u00a0<strong>TRAMONTINA<\/strong><\/p>\n","protected":false},"excerpt":{"rendered":"<p>PARA INFORMA\u00c7\u00d5ES DE VALORES , (85) 9 8732-1854 OU (85) 3034-1103 \u2022\u00a0Kit de Extratores de Cavilhas \u2022 Cont\u00e9m 5 Pe\u00e7as \u2022\u00a0Ideal para trabalhos de reparos em autom\u00f3veis \u2022 F\u00e1cil utiliza\u00e7\u00e3o em reparos de estofados, frisos, pain\u00e9is, retrovisores \u2022 Utiliza\u00e7\u00e3o sem quaisquer dano\/riscos nas superf\u00edcies de trabalho \u2022 Corpo injetado em fibra de vidro e nylon [&hellip;]<\/p>\n","protected":false},"featured_media":1838,"template":"","meta":{"_exactmetrics_skip_tracking":false,"_exactmetrics_sitenote_active":false,"_exactmetrics_sitenote_note":"","_exactmetrics_sitenote_category":0},"product_cat":[28],"product_tag":[],"class_list":{"0":"post-1837","1":"product","2":"type-product","3":"status-publish","4":"has-post-thumbnail","6":"product_cat-ar-condicionado","8":"first","9":"instock","10":"taxable","11":"shipping-taxable","12":"product-type-simple"},"_links":{"self":[{"href":"https:\/\/www.profiautos.com.br\/novosite\/wp-json\/wp\/v2\/product\/1837"}],"collection":[{"href":"https:\/\/www.profiautos.com.br\/novosite\/wp-json\/wp\/v2\/product"}],"about":[{"href":"https:\/\/www.profiautos.com.br\/novosite\/wp-json\/wp\/v2\/types\/product"}],"wp:featuredmedia":[{"embeddable":true,"href":"https:\/\/www.profiautos.com.br\/novosite\/wp-json\/wp\/v2\/media\/1838"}],"wp:attachment":[{"href":"https:\/\/www.profiautos.com.br\/novosite\/wp-json\/wp\/v2\/media?parent=1837"}],"wp:term":[{"taxonomy":"product_cat","embeddable":true,"href":"https:\/\/www.profiautos.com.br\/novosite\/wp-json\/wp\/v2\/product_cat?post=1837"},{"taxonomy":"product_tag","embeddable":true,"href":"https:\/\/www.profiautos.com.br\/novosite\/wp-json\/wp\/v2\/product_tag?post=1837"}],"curies":[{"name":"wp","href":"https:\/\/api.w.org\/{rel}","templated":true}]}}

<p>PARA INFORMAÇÕES DE VALORES , (85) 9 8732-1854 OU (85) 3034-1103<br />
• Kit de Extratores de Cavilhas<br />
• Contém 5 Peças<br />
• Ideal para trabalhos de reparos em automóveis<br />
• Fácil utilização em reparos de estofados, frisos, painéis, retrovisores<br />
• Utilização sem quaisquer dano/riscos nas superfícies de trabalho<br />
• Corpo injetado em fibra de vidro e nylon de alta resistência<br />
• Os diferentes formatos se devem aos diversos tipos de perfis e trabalhos que podem ser utilizados<br />
• Marca: <strong>TRAMONTINA</strong></p>

<p>PARA INFORMAÇÕES DE VALORES , (85) 9 8732-1854 OU (85) 3034-1103 • Kit de Extratores de Cavilhas • Contém 5 Peças • Ideal para trabalhos de reparos em automóveis • Fácil utilização em reparos de estofados, frisos, painéis, retrovisores • Utilização sem quaisquer dano/riscos nas superfícies de trabalho • Corpo injetado em fibra de vidro e nylon [&hellip;]</p>
