{"id":1802,"date":"2018-04-20T16:45:37","date_gmt":"2018-04-20T19:45:37","guid":{"rendered":"http:\/\/www.profiautos.com.br\/novosite\/?post_type=product&#038;p=1802"},"modified":"2020-08-18T11:58:33","modified_gmt":"2020-08-18T14:58:33","slug":"saca-polia-articulada-3-garras","status":"publish","type":"product","link":"https:\/\/www.profiautos.com.br\/novosite\/produto\/saca-polia-articulada-3-garras\/","title":{"rendered":"SACA POLIA ARTICULADA &#8211; 3 GARRAS"},"content":{"rendered":"<p>PARA INFORMA\u00c7\u00d5ES DE VALORES , (85) 9 8732-1854 OU (85) 3034-1103<\/p>\n<p>\u2022 Medida: 3&#8243;\u00a0 (85 mm)<br \/>\n\u2022 Capacidade for\u00e7a operacional: 3 ton.<br \/>\n\u2022 Fuso fosfatizado<br \/>\n\u2022 Garras resistentes para extra\u00e7\u00e3o, forjadas em a\u00e7o cromo van\u00e1dio\u00a0com acabamento cromado<br \/>\n\u2022 Parafuso central\u00a0 e suporte forjados \u00a0em a\u00e7o de alta resist\u00eancia com acabamento fosfatizado<br \/>\n\u2022 Garras revers\u00edveis que\u00a0permitem sacar pelo lado interno ou externo<br \/>\n\u2022 Utilizado para extrair polias, buchas e rolamento .<\/p>\n","protected":false},"excerpt":{"rendered":"<p>PARA INFORMA\u00c7\u00d5ES DE VALORES , (85) 9 8732-1854 OU (85) 3034-1103 \u2022 Medida: 3&#8243;\u00a0 (85 mm) \u2022 Capacidade for\u00e7a operacional: 3 ton. \u2022 Fuso fosfatizado \u2022 Garras resistentes para extra\u00e7\u00e3o, forjadas em a\u00e7o cromo van\u00e1dio\u00a0com acabamento cromado \u2022 Parafuso central\u00a0 e suporte forjados \u00a0em a\u00e7o de alta resist\u00eancia com acabamento fosfatizado \u2022 Garras revers\u00edveis que\u00a0permitem [&hellip;]<\/p>\n","protected":false},"featured_media":1803,"template":"","meta":{"_exactmetrics_skip_tracking":false,"_exactmetrics_sitenote_active":false,"_exactmetrics_sitenote_note":"","_exactmetrics_sitenote_category":0},"product_cat":[28],"product_tag":[],"class_list":{"0":"post-1802","1":"product","2":"type-product","3":"status-publish","4":"has-post-thumbnail","6":"product_cat-ar-condicionado","8":"first","9":"instock","10":"taxable","11":"shipping-taxable","12":"product-type-simple"},"_links":{"self":[{"href":"https:\/\/www.profiautos.com.br\/novosite\/wp-json\/wp\/v2\/product\/1802"}],"collection":[{"href":"https:\/\/www.profiautos.com.br\/novosite\/wp-json\/wp\/v2\/product"}],"about":[{"href":"https:\/\/www.profiautos.com.br\/novosite\/wp-json\/wp\/v2\/types\/product"}],"wp:featuredmedia":[{"embeddable":true,"href":"https:\/\/www.profiautos.com.br\/novosite\/wp-json\/wp\/v2\/media\/1803"}],"wp:attachment":[{"href":"https:\/\/www.profiautos.com.br\/novosite\/wp-json\/wp\/v2\/media?parent=1802"}],"wp:term":[{"taxonomy":"product_cat","embeddable":true,"href":"https:\/\/www.profiautos.com.br\/novosite\/wp-json\/wp\/v2\/product_cat?post=1802"},{"taxonomy":"product_tag","embeddable":true,"href":"https:\/\/www.profiautos.com.br\/novosite\/wp-json\/wp\/v2\/product_tag?post=1802"}],"curies":[{"name":"wp","href":"https:\/\/api.w.org\/{rel}","templated":true}]}}

<p>PARA INFORMAÇÕES DE VALORES , (85) 9 8732-1854 OU (85) 3034-1103</p>
<p>• Medida: 3&#8243;  (85 mm)<br />
• Capacidade força operacional: 3 ton.<br />
• Fuso fosfatizado<br />
• Garras resistentes para extração, forjadas em aço cromo vanádio com acabamento cromado<br />
• Parafuso central  e suporte forjados  em aço de alta resistência com acabamento fosfatizado<br />
• Garras reversíveis que permitem sacar pelo lado interno ou externo<br />
• Utilizado para extrair polias, buchas e rolamento .</p>

<p>PARA INFORMAÇÕES DE VALORES , (85) 9 8732-1854 OU (85) 3034-1103 • Medida: 3&#8243;  (85 mm) • Capacidade força operacional: 3 ton. • Fuso fosfatizado • Garras resistentes para extração, forjadas em aço cromo vanádio com acabamento cromado • Parafuso central  e suporte forjados  em aço de alta resistência com acabamento fosfatizado • Garras reversíveis que permitem [&hellip;]</p>
