{"id":1798,"date":"2018-04-20T13:07:38","date_gmt":"2018-04-20T16:07:38","guid":{"rendered":"http:\/\/www.profiautos.com.br\/novosite\/?post_type=product&#038;p=1798"},"modified":"2020-08-18T11:58:48","modified_gmt":"2020-08-18T14:58:48","slug":"torno-4-de-bancada-fixo","status":"publish","type":"product","link":"https:\/\/www.profiautos.com.br\/novosite\/produto\/torno-4-de-bancada-fixo\/","title":{"rendered":"TORNO 4 DE BANCADA FIXO"},"content":{"rendered":"<p>PARA INFORMA\u00c7\u00d5ES DE VALORES , (85) 9 8732-1854 OU (85) 3034-1103<\/p>\n<p>\u2022 S\u00e9rie Super<br \/>\n\u2022 Indicado para ferramentarias, oficinas, ind\u00fastrias, serralherias, obras civis, montagem e desmontagem de componentes<br \/>\n\u2022 Forjado em ferro nodular 42012<br \/>\n\u2022 O conjunto fuso-man\u00edpulo recebe tratamento zincado branco (bicromatizado), protegendo desta forma contra corros\u00e3o<br \/>\n\u2022 Fuso de a\u00e7o com rosca normatizado, o que garante movimento leve na aproxima\u00e7\u00e3o e afastamento dos mordentes proporcionando seguran\u00e7a<br \/>\n\u2022 Mordentes fabricados em a\u00e7o temperado, de alta dureza, com recartilhado profundo (apertam e seguram com perfeito paralelismo)<br \/>\n\u2022 Pintura por imers\u00e3o, com fundo primer \u00f3xido e acabamento em esmalte sint\u00e9tico vermelho<br \/>\n\u2022 N\u00famero: 4<br \/>\n\u2022 Largura do mordente: 101mm<br \/>\n\u2022 Abertura m\u00e1xima: 101mm<\/p>\n","protected":false},"excerpt":{"rendered":"<p>PARA INFORMA\u00c7\u00d5ES DE VALORES , (85) 9 8732-1854 OU (85) 3034-1103 \u2022 S\u00e9rie Super \u2022 Indicado para ferramentarias, oficinas, ind\u00fastrias, serralherias, obras civis, montagem e desmontagem de componentes \u2022 Forjado em ferro nodular 42012 \u2022 O conjunto fuso-man\u00edpulo recebe tratamento zincado branco (bicromatizado), protegendo desta forma contra corros\u00e3o \u2022 Fuso de a\u00e7o com rosca normatizado, [&hellip;]<\/p>\n","protected":false},"featured_media":1799,"template":"","meta":{"_exactmetrics_skip_tracking":false,"_exactmetrics_sitenote_active":false,"_exactmetrics_sitenote_note":"","_exactmetrics_sitenote_category":0},"product_cat":[28],"product_tag":[],"class_list":{"0":"post-1798","1":"product","2":"type-product","3":"status-publish","4":"has-post-thumbnail","6":"product_cat-ar-condicionado","8":"first","9":"instock","10":"taxable","11":"shipping-taxable","12":"product-type-simple"},"_links":{"self":[{"href":"https:\/\/www.profiautos.com.br\/novosite\/wp-json\/wp\/v2\/product\/1798"}],"collection":[{"href":"https:\/\/www.profiautos.com.br\/novosite\/wp-json\/wp\/v2\/product"}],"about":[{"href":"https:\/\/www.profiautos.com.br\/novosite\/wp-json\/wp\/v2\/types\/product"}],"wp:featuredmedia":[{"embeddable":true,"href":"https:\/\/www.profiautos.com.br\/novosite\/wp-json\/wp\/v2\/media\/1799"}],"wp:attachment":[{"href":"https:\/\/www.profiautos.com.br\/novosite\/wp-json\/wp\/v2\/media?parent=1798"}],"wp:term":[{"taxonomy":"product_cat","embeddable":true,"href":"https:\/\/www.profiautos.com.br\/novosite\/wp-json\/wp\/v2\/product_cat?post=1798"},{"taxonomy":"product_tag","embeddable":true,"href":"https:\/\/www.profiautos.com.br\/novosite\/wp-json\/wp\/v2\/product_tag?post=1798"}],"curies":[{"name":"wp","href":"https:\/\/api.w.org\/{rel}","templated":true}]}}

<p>PARA INFORMAÇÕES DE VALORES , (85) 9 8732-1854 OU (85) 3034-1103</p>
<p>• Série Super<br />
• Indicado para ferramentarias, oficinas, indústrias, serralherias, obras civis, montagem e desmontagem de componentes<br />
• Forjado em ferro nodular 42012<br />
• O conjunto fuso-manípulo recebe tratamento zincado branco (bicromatizado), protegendo desta forma contra corrosão<br />
• Fuso de aço com rosca normatizado, o que garante movimento leve na aproximação e afastamento dos mordentes proporcionando segurança<br />
• Mordentes fabricados em aço temperado, de alta dureza, com recartilhado profundo (apertam e seguram com perfeito paralelismo)<br />
• Pintura por imersão, com fundo primer óxido e acabamento em esmalte sintético vermelho<br />
• Número: 4<br />
• Largura do mordente: 101mm<br />
• Abertura máxima: 101mm</p>

<p>PARA INFORMAÇÕES DE VALORES , (85) 9 8732-1854 OU (85) 3034-1103 • Série Super • Indicado para ferramentarias, oficinas, indústrias, serralherias, obras civis, montagem e desmontagem de componentes • Forjado em ferro nodular 42012 • O conjunto fuso-manípulo recebe tratamento zincado branco (bicromatizado), protegendo desta forma contra corrosão • Fuso de aço com rosca normatizado, [&hellip;]</p>
