{"id":1785,"date":"2018-04-20T12:12:37","date_gmt":"2018-04-20T15:12:37","guid":{"rendered":"http:\/\/www.profiautos.com.br\/novosite\/?post_type=product&#038;p=1785"},"modified":"2020-08-18T12:01:42","modified_gmt":"2020-08-18T15:01:42","slug":"bomba-de-vacuo-5cfm","status":"publish","type":"product","link":"https:\/\/www.profiautos.com.br\/novosite\/produto\/bomba-de-vacuo-5cfm\/","title":{"rendered":"BOMBA DE V\u00c1CUO &#8211; 5CFM"},"content":{"rendered":"<p>PARA INFORMA\u00c7\u00d5ES DE VALORES , (85) 9 8732-1854 OU (85) 3034-1103<br \/>\nBomba de V\u00e1cuo 5CFM | Duplo Est\u00e1gio<br \/>\nBrinde: Oleo de bomba RF 46 Raid 1lt<\/p>\n<p>\u2022 A Bomba de V\u00e1cuo Suryha 5CFM possue um inovador sistema de lubrifica\u00e7\u00e3o de palhetas que impede o retorno do \u00f3leo e a p\u00f3s-contamina\u00e7\u00e3o do g\u00e1s refrigerante.<\/p>\n<p>\u2022 Com sistema de lubrifica\u00e7\u00e3o independente, n\u00e3o h\u00e1 elimina\u00e7\u00e3o de \u00f3leo atrav\u00e9s do exaustor.<\/p>\n<p>\u2022 Sistema de partida do motor proporciona um arranque suave mesmo em temperaturas e tens\u00f5es baixas.<\/p>\n<p>\u2022 Carenagem de alum\u00ednio aletada proporciona maior refrigera\u00e7\u00e3o da bomba de v\u00e1cuo, aumentando sua vida \u00fatil, reduzindo o desgaste do super-aquecimento em trabalhos prolongados.<\/p>\n<p>\u2022 Um elast\u00f4mero entre o acoplamento e o motor proporciona um funcionamento livre de ru\u00eddos e vibra\u00e7\u00f5es.<\/p>\n<p>\u2022 V\u00e1lvula G\u00e1s-Ballast purga o ar que est\u00e1 enclausurado dentro do sistema de compress\u00e3o, evitando a condensa\u00e7\u00e3o e contamina\u00e7\u00e3o do \u00f3leo, impedindo assim o prematuro desgaste das pe\u00e7as de compress\u00e3o.<\/p>\n<p>Dados T\u00e9cnicos<\/p>\n<p>Dimens\u00f5es (LxHxP): 120 x 230 x 320<br \/>\nVaz\u00e3o: 120 L\/min<br \/>\nPot\u00eancia: 250 W\/h<br \/>\nTens\u00e3o: 110\/220v<br \/>\nV\u00e1cuo M\u00e1ximo: 120~450<br \/>\nCorrente: 1,3A &#8211; 1,15A<br \/>\nPeso: 8,8Kg<br \/>\nCapacidade C\u00e1rter: 250ml<\/p>\n<p>Itens Inclusos:<\/p>\n<p>01 &#8211; Bomba de V\u00e1cuo Suryha 5 CFM Bivolt<\/p>\n<p>01 &#8211; Cabo Alimenta\u00e7\u00e3o<\/p>\n<p>01 &#8211; Vacuometro Anal\u00f3gico<\/p>\n<p>01 &#8211; Manual<\/p>\n","protected":false},"excerpt":{"rendered":"<p>PARA INFORMA\u00c7\u00d5ES DE VALORES , (85) 9 8732-1854 OU (85) 3034-1103 Bomba de V\u00e1cuo 5CFM | Duplo Est\u00e1gio Brinde: Oleo de bomba RF 46 Raid 1lt \u2022 A Bomba de V\u00e1cuo Suryha 5CFM possue um inovador sistema de lubrifica\u00e7\u00e3o de palhetas que impede o retorno do \u00f3leo e a p\u00f3s-contamina\u00e7\u00e3o do g\u00e1s refrigerante. \u2022 Com [&hellip;]<\/p>\n","protected":false},"featured_media":1786,"template":"","meta":{"_exactmetrics_skip_tracking":false,"_exactmetrics_sitenote_active":false,"_exactmetrics_sitenote_note":"","_exactmetrics_sitenote_category":0},"product_cat":[28],"product_tag":[],"class_list":{"0":"post-1785","1":"product","2":"type-product","3":"status-publish","4":"has-post-thumbnail","6":"product_cat-ar-condicionado","8":"first","9":"instock","10":"taxable","11":"shipping-taxable","12":"product-type-simple"},"_links":{"self":[{"href":"https:\/\/www.profiautos.com.br\/novosite\/wp-json\/wp\/v2\/product\/1785"}],"collection":[{"href":"https:\/\/www.profiautos.com.br\/novosite\/wp-json\/wp\/v2\/product"}],"about":[{"href":"https:\/\/www.profiautos.com.br\/novosite\/wp-json\/wp\/v2\/types\/product"}],"wp:featuredmedia":[{"embeddable":true,"href":"https:\/\/www.profiautos.com.br\/novosite\/wp-json\/wp\/v2\/media\/1786"}],"wp:attachment":[{"href":"https:\/\/www.profiautos.com.br\/novosite\/wp-json\/wp\/v2\/media?parent=1785"}],"wp:term":[{"taxonomy":"product_cat","embeddable":true,"href":"https:\/\/www.profiautos.com.br\/novosite\/wp-json\/wp\/v2\/product_cat?post=1785"},{"taxonomy":"product_tag","embeddable":true,"href":"https:\/\/www.profiautos.com.br\/novosite\/wp-json\/wp\/v2\/product_tag?post=1785"}],"curies":[{"name":"wp","href":"https:\/\/api.w.org\/{rel}","templated":true}]}}