{"id":1781,"date":"2018-04-20T12:05:26","date_gmt":"2018-04-20T15:05:26","guid":{"rendered":"http:\/\/www.profiautos.com.br\/novosite\/?post_type=product&#038;p=1781"},"modified":"2020-08-18T12:01:58","modified_gmt":"2020-08-18T15:01:58","slug":"clipadeira-portatil-2","status":"publish","type":"product","link":"https:\/\/www.profiautos.com.br\/novosite\/produto\/clipadeira-portatil-2\/","title":{"rendered":"BOMBA DE V\u00c1CUO &#8211; 7CFM"},"content":{"rendered":"<p><strong>PARA INFORMA\u00c7\u00d5ES DE VALORES , (85) 9 8732-1854 OU (85) 3034-1103<br \/>\nBomba de V\u00e1cuo Suryha 7CFM | Duplo Est\u00e1gio &#8211;\u00a0<\/strong><strong>80155005<\/strong><\/p>\n<p>&nbsp;<\/p>\n<p><strong>Utiliza\u00e7\u00e3o:<\/strong>\u00a0\u00c9 utilizada para executar o V\u00e1cuo nos mais variados tipos de sistema.<\/p>\n<p><strong>Especifica\u00e7\u00f5es:<\/strong><strong><br \/>\n<\/strong><strong>&#8211;\u00a0<\/strong>7 CFM;<br \/>\n&#8211; Duplo Est\u00e1gio<br \/>\n&#8211;\u00a0127V e 220V<\/p>\n<p>&nbsp;<\/p>\n<p><strong>Dados T\u00e9cnicos:<\/strong><strong><br \/>\n<\/strong>&#8211; Dimens\u00f5es (LxHxP): 130 x 250 x 340;<br \/>\n&#8211; Vaz\u00e3o: 180 L\/min;<br \/>\n&#8211; Pot\u00eancia: 375 W\/h;<br \/>\n&#8211; V\u00e1cuo M\u00e1ximo: 120~450Microns<br \/>\n&#8211; Corrente: 3,4A &#8211; 1,7A;<br \/>\n&#8211; Peso: 10Kg;<br \/>\n&#8211; Capacidade C\u00e1rter: 300ml.<\/p>\n","protected":false},"excerpt":{"rendered":"<p>PARA INFORMA\u00c7\u00d5ES DE VALORES , (85) 9 8732-1854 OU (85) 3034-1103 Bomba de V\u00e1cuo Suryha 7CFM | Duplo Est\u00e1gio &#8211;\u00a080155005 &nbsp; Utiliza\u00e7\u00e3o:\u00a0\u00c9 utilizada para executar o V\u00e1cuo nos mais variados tipos de sistema. Especifica\u00e7\u00f5es: &#8211;\u00a07 CFM; &#8211; Duplo Est\u00e1gio &#8211;\u00a0127V e 220V &nbsp; Dados T\u00e9cnicos: &#8211; Dimens\u00f5es (LxHxP): 130 x 250 x 340; &#8211; Vaz\u00e3o: [&hellip;]<\/p>\n","protected":false},"featured_media":1782,"template":"","meta":{"_exactmetrics_skip_tracking":false,"_exactmetrics_sitenote_active":false,"_exactmetrics_sitenote_note":"","_exactmetrics_sitenote_category":0},"product_cat":[28],"product_tag":[],"class_list":{"0":"post-1781","1":"product","2":"type-product","3":"status-publish","4":"has-post-thumbnail","6":"product_cat-ar-condicionado","8":"first","9":"instock","10":"taxable","11":"shipping-taxable","12":"product-type-simple"},"_links":{"self":[{"href":"https:\/\/www.profiautos.com.br\/novosite\/wp-json\/wp\/v2\/product\/1781"}],"collection":[{"href":"https:\/\/www.profiautos.com.br\/novosite\/wp-json\/wp\/v2\/product"}],"about":[{"href":"https:\/\/www.profiautos.com.br\/novosite\/wp-json\/wp\/v2\/types\/product"}],"wp:featuredmedia":[{"embeddable":true,"href":"https:\/\/www.profiautos.com.br\/novosite\/wp-json\/wp\/v2\/media\/1782"}],"wp:attachment":[{"href":"https:\/\/www.profiautos.com.br\/novosite\/wp-json\/wp\/v2\/media?parent=1781"}],"wp:term":[{"taxonomy":"product_cat","embeddable":true,"href":"https:\/\/www.profiautos.com.br\/novosite\/wp-json\/wp\/v2\/product_cat?post=1781"},{"taxonomy":"product_tag","embeddable":true,"href":"https:\/\/www.profiautos.com.br\/novosite\/wp-json\/wp\/v2\/product_tag?post=1781"}],"curies":[{"name":"wp","href":"https:\/\/api.w.org\/{rel}","templated":true}]}}

BOMBA DE VÁCUO &#8211; 7CFM

<p><strong>PARA INFORMAÇÕES DE VALORES , (85) 9 8732-1854 OU (85) 3034-1103<br />
Bomba de Vácuo Suryha 7CFM | Duplo Estágio &#8211; </strong><strong>80155005</strong></p>
<p>&nbsp;</p>
<p><strong>Utilização:</strong> É utilizada para executar o Vácuo nos mais variados tipos de sistema.</p>
<p><strong>Especificações:</strong><strong><br />
</strong><strong>&#8211; </strong>7 CFM;<br />
&#8211; Duplo Estágio<br />
&#8211; 127V e 220V</p>
<p>&nbsp;</p>
<p><strong>Dados Técnicos:</strong><strong><br />
</strong>&#8211; Dimensões (LxHxP): 130 x 250 x 340;<br />
&#8211; Vazão: 180 L/min;<br />
&#8211; Potência: 375 W/h;<br />
&#8211; Vácuo Máximo: 120~450Microns<br />
&#8211; Corrente: 3,4A &#8211; 1,7A;<br />
&#8211; Peso: 10Kg;<br />
&#8211; Capacidade Cárter: 300ml.</p>

<p>PARA INFORMAÇÕES DE VALORES , (85) 9 8732-1854 OU (85) 3034-1103 Bomba de Vácuo Suryha 7CFM | Duplo Estágio &#8211; 80155005 &nbsp; Utilização: É utilizada para executar o Vácuo nos mais variados tipos de sistema. Especificações: &#8211; 7 CFM; &#8211; Duplo Estágio &#8211; 127V e 220V &nbsp; Dados Técnicos: &#8211; Dimensões (LxHxP): 130 x 250 x 340; &#8211; Vazão: [&hellip;]</p>
