{"id":1779,"date":"2018-04-20T11:59:25","date_gmt":"2018-04-20T14:59:25","guid":{"rendered":"http:\/\/www.profiautos.com.br\/novosite\/?post_type=product&#038;p=1779"},"modified":"2021-07-08T10:09:07","modified_gmt":"2021-07-08T13:09:07","slug":"saca-conexao-spring-look","status":"publish","type":"product","link":"https:\/\/www.profiautos.com.br\/novosite\/produto\/saca-conexao-spring-look\/","title":{"rendered":"SACA CONEX\u00c3O SPRING LOOK"},"content":{"rendered":"<h1 class=\"item-title__primary \">PARA INFORMA\u00c7\u00d5ES DE VALORES , (85) 9 8732-1854 OU (85) 3034-1103<\/h1>\n<h1 class=\"item-title__primary \">Ferramenta Saca Conex\u00e3o Spring Lock ( Ford \/ Peugeot \/ Chrysler ) .<br \/>\nFERRAMENTA PARA AR CONDICIONADO VEICULAR .<\/h1>\n","protected":false},"excerpt":{"rendered":"<p>PARA INFORMA\u00c7\u00d5ES DE VALORES , (85) 9 8732-1854 OU (85) 3034-1103 Ferramenta Saca Conex\u00e3o Spring Lock ( Ford \/ Peugeot \/ Chrysler ) . FERRAMENTA PARA AR CONDICIONADO VEICULAR .<\/p>\n","protected":false},"featured_media":1780,"template":"","meta":{"_exactmetrics_skip_tracking":false,"_exactmetrics_sitenote_active":false,"_exactmetrics_sitenote_note":"","_exactmetrics_sitenote_category":0},"product_cat":[28],"product_tag":[],"class_list":{"0":"post-1779","1":"product","2":"type-product","3":"status-publish","4":"has-post-thumbnail","6":"product_cat-ar-condicionado","8":"first","9":"instock","10":"taxable","11":"shipping-taxable","12":"product-type-simple"},"_links":{"self":[{"href":"https:\/\/www.profiautos.com.br\/novosite\/wp-json\/wp\/v2\/product\/1779"}],"collection":[{"href":"https:\/\/www.profiautos.com.br\/novosite\/wp-json\/wp\/v2\/product"}],"about":[{"href":"https:\/\/www.profiautos.com.br\/novosite\/wp-json\/wp\/v2\/types\/product"}],"wp:featuredmedia":[{"embeddable":true,"href":"https:\/\/www.profiautos.com.br\/novosite\/wp-json\/wp\/v2\/media\/1780"}],"wp:attachment":[{"href":"https:\/\/www.profiautos.com.br\/novosite\/wp-json\/wp\/v2\/media?parent=1779"}],"wp:term":[{"taxonomy":"product_cat","embeddable":true,"href":"https:\/\/www.profiautos.com.br\/novosite\/wp-json\/wp\/v2\/product_cat?post=1779"},{"taxonomy":"product_tag","embeddable":true,"href":"https:\/\/www.profiautos.com.br\/novosite\/wp-json\/wp\/v2\/product_tag?post=1779"}],"curies":[{"name":"wp","href":"https:\/\/api.w.org\/{rel}","templated":true}]}}

SACA CONEXÃO SPRING LOOK

<h1 class="item-title__primary ">PARA INFORMAÇÕES DE VALORES , (85) 9 8732-1854 OU (85) 3034-1103</h1>
<h1 class="item-title__primary ">Ferramenta Saca Conexão Spring Lock ( Ford / Peugeot / Chrysler ) .<br />
FERRAMENTA PARA AR CONDICIONADO VEICULAR .</h1>

<p>PARA INFORMAÇÕES DE VALORES , (85) 9 8732-1854 OU (85) 3034-1103 Ferramenta Saca Conexão Spring Lock ( Ford / Peugeot / Chrysler ) . FERRAMENTA PARA AR CONDICIONADO VEICULAR .</p>
