{"id":1725,"date":"2018-04-18T17:13:13","date_gmt":"2018-04-18T20:13:13","guid":{"rendered":"http:\/\/www.profiautos.com.br\/novosite\/?post_type=product&#038;p=1725"},"modified":"2020-08-18T13:11:54","modified_gmt":"2020-08-18T16:11:54","slug":"calibrador-de-manometro","status":"publish","type":"product","link":"https:\/\/www.profiautos.com.br\/novosite\/produto\/calibrador-de-manometro\/","title":{"rendered":"CALIBRADOR DE MAN\u00d4METRO"},"content":{"rendered":"<p>PARA INFORMA\u00c7\u00d5ES DE VALORES , (85) 9 8732-1854 OU (85) 3034-1103<br \/>\n\u2022 Calibrador com man\u00f4metro<br \/>\n\u2022 Equipado com bot\u00e3o esvaziador<br \/>\n\u2022 Man\u00f4metro com protetor de borracha<br \/>\n\u2022 \u00d3tima op\u00e7\u00e3o para oficinas mec\u00e2nicas, borracharias, garagens e empresas de transporte devido ao seu baixo custo<br \/>\n\u2022 Utilizado para calibrar pneus de ve\u00edculos leves tais como autom\u00f3veis, motos, bicicletas com muita praticidade e rapidez<br \/>\n\u2022 Escala: 0 \u00e0 160 psi<br \/>\n\u2022 Com rosca f\u00eamea 1\/4&#8243; BSP .<\/p>\n","protected":false},"excerpt":{"rendered":"<p>PARA INFORMA\u00c7\u00d5ES DE VALORES , (85) 9 8732-1854 OU (85) 3034-1103 \u2022 Calibrador com man\u00f4metro \u2022 Equipado com bot\u00e3o esvaziador \u2022 Man\u00f4metro com protetor de borracha \u2022 \u00d3tima op\u00e7\u00e3o para oficinas mec\u00e2nicas, borracharias, garagens e empresas de transporte devido ao seu baixo custo \u2022 Utilizado para calibrar pneus de ve\u00edculos leves tais como autom\u00f3veis, motos, [&hellip;]<\/p>\n","protected":false},"featured_media":1727,"template":"","meta":{"_exactmetrics_skip_tracking":false,"_exactmetrics_sitenote_active":false,"_exactmetrics_sitenote_note":"","_exactmetrics_sitenote_category":0},"product_cat":[17],"product_tag":[],"class_list":{"0":"post-1725","1":"product","2":"type-product","3":"status-publish","4":"has-post-thumbnail","6":"product_cat-borracharia","8":"first","9":"instock","10":"taxable","11":"shipping-taxable","12":"product-type-simple"},"_links":{"self":[{"href":"https:\/\/www.profiautos.com.br\/novosite\/wp-json\/wp\/v2\/product\/1725"}],"collection":[{"href":"https:\/\/www.profiautos.com.br\/novosite\/wp-json\/wp\/v2\/product"}],"about":[{"href":"https:\/\/www.profiautos.com.br\/novosite\/wp-json\/wp\/v2\/types\/product"}],"wp:featuredmedia":[{"embeddable":true,"href":"https:\/\/www.profiautos.com.br\/novosite\/wp-json\/wp\/v2\/media\/1727"}],"wp:attachment":[{"href":"https:\/\/www.profiautos.com.br\/novosite\/wp-json\/wp\/v2\/media?parent=1725"}],"wp:term":[{"taxonomy":"product_cat","embeddable":true,"href":"https:\/\/www.profiautos.com.br\/novosite\/wp-json\/wp\/v2\/product_cat?post=1725"},{"taxonomy":"product_tag","embeddable":true,"href":"https:\/\/www.profiautos.com.br\/novosite\/wp-json\/wp\/v2\/product_tag?post=1725"}],"curies":[{"name":"wp","href":"https:\/\/api.w.org\/{rel}","templated":true}]}}