{"id":1678,"date":"2018-04-13T10:25:27","date_gmt":"2018-04-13T13:25:27","guid":{"rendered":"http:\/\/www.profiautos.com.br\/novosite\/?post_type=product&#038;p=1678"},"modified":"2020-08-18T16:20:06","modified_gmt":"2020-08-18T19:20:06","slug":"instalador-de-pista-de-esfera-da-caixa-de-direcao","status":"publish","type":"product","link":"https:\/\/www.profiautos.com.br\/novosite\/produto\/instalador-de-pista-de-esfera-da-caixa-de-direcao\/","title":{"rendered":"INSTALADOR DE PISTA DE ESFERA DA CAIXA DE DIRE\u00c7\u00c3O"},"content":{"rendered":"<div>\n<p>PARA INFORMA\u00c7\u00d5ES DE VALORES , (85) 9 8732-1854 OU (85) 3034-1103<\/p>\n<p>&nbsp;<\/p>\n<\/div>\n<div>Utilizado para instalar rolamentos de esfera na coluna de dire\u00e7\u00e3o<\/div>\n<div><\/div>\n<div>\u2013 Fabricado em a\u00e7o SAE 1045<\/div>\n<div>\u2013 Temperado<\/div>\n<div>\u2013 Acabamento oxidado preto<\/div>\n<div>\u2013 Alta resist\u00eancia<\/div>\n<div><\/div>\n<div>Aplica\u00e7\u00e3o Dafra: Universal<\/div>\n","protected":false},"excerpt":{"rendered":"<p>PARA INFORMA\u00c7\u00d5ES DE VALORES , (85) 9 8732-1854 OU (85) 3034-1103 &nbsp; Utilizado para instalar rolamentos de esfera na coluna de dire\u00e7\u00e3o \u2013 Fabricado em a\u00e7o SAE 1045 \u2013 Temperado \u2013 Acabamento oxidado preto \u2013 Alta resist\u00eancia Aplica\u00e7\u00e3o Dafra: Universal<\/p>\n","protected":false},"featured_media":1679,"template":"","meta":{"_exactmetrics_skip_tracking":false,"_exactmetrics_sitenote_active":false,"_exactmetrics_sitenote_note":"","_exactmetrics_sitenote_category":0},"product_cat":[20],"product_tag":[],"class_list":{"0":"post-1678","1":"product","2":"type-product","3":"status-publish","4":"has-post-thumbnail","6":"product_cat-especiais-para-moto","8":"first","9":"instock","10":"taxable","11":"shipping-taxable","12":"product-type-simple"},"_links":{"self":[{"href":"https:\/\/www.profiautos.com.br\/novosite\/wp-json\/wp\/v2\/product\/1678"}],"collection":[{"href":"https:\/\/www.profiautos.com.br\/novosite\/wp-json\/wp\/v2\/product"}],"about":[{"href":"https:\/\/www.profiautos.com.br\/novosite\/wp-json\/wp\/v2\/types\/product"}],"wp:featuredmedia":[{"embeddable":true,"href":"https:\/\/www.profiautos.com.br\/novosite\/wp-json\/wp\/v2\/media\/1679"}],"wp:attachment":[{"href":"https:\/\/www.profiautos.com.br\/novosite\/wp-json\/wp\/v2\/media?parent=1678"}],"wp:term":[{"taxonomy":"product_cat","embeddable":true,"href":"https:\/\/www.profiautos.com.br\/novosite\/wp-json\/wp\/v2\/product_cat?post=1678"},{"taxonomy":"product_tag","embeddable":true,"href":"https:\/\/www.profiautos.com.br\/novosite\/wp-json\/wp\/v2\/product_tag?post=1678"}],"curies":[{"name":"wp","href":"https:\/\/api.w.org\/{rel}","templated":true}]}}