{"id":1669,"date":"2018-04-13T08:16:29","date_gmt":"2018-04-13T11:16:29","guid":{"rendered":"http:\/\/www.profiautos.com.br\/novosite\/?post_type=product&#038;p=1669"},"modified":"2020-08-18T16:21:49","modified_gmt":"2020-08-18T19:21:49","slug":"alicate-para-interromper-mangueira-da-injecao","status":"publish","type":"product","link":"https:\/\/www.profiautos.com.br\/novosite\/produto\/alicate-para-interromper-mangueira-da-injecao\/","title":{"rendered":"ALICATE PARA INTERROMPER MANGUEIRA DA INJE\u00c7\u00c3O"},"content":{"rendered":"<p>PARA INFORMA\u00c7\u00d5ES DE VALORES , (85) 9 8732-1854 OU (85) 3034-1103<\/p>\n<p>&nbsp;<\/p>\n<p>ALICATE PARA INTERROMPER MANGUEIRA DA INJE\u00c7\u00c3O :<br \/>\n\u2022 Alicate para interromper mangueira da inje\u00e7\u00e3o<br \/>\n\u2022 Utilizado na medi\u00e7\u00e3o da press\u00e3o da bomba de combust\u00edvel<br \/>\n\u2022 Fabricado em a\u00e7o SAE 1020<br \/>\n\u2022 Com trava<br \/>\n\u2022 Acabamento zincado branco<br \/>\n\u2022 Alta resist\u00eancia<\/p>\n","protected":false},"excerpt":{"rendered":"<p>PARA INFORMA\u00c7\u00d5ES DE VALORES , (85) 9 8732-1854 OU (85) 3034-1103 &nbsp; ALICATE PARA INTERROMPER MANGUEIRA DA INJE\u00c7\u00c3O : \u2022 Alicate para interromper mangueira da inje\u00e7\u00e3o \u2022 Utilizado na medi\u00e7\u00e3o da press\u00e3o da bomba de combust\u00edvel \u2022 Fabricado em a\u00e7o SAE 1020 \u2022 Com trava \u2022 Acabamento zincado branco \u2022 Alta resist\u00eancia<\/p>\n","protected":false},"featured_media":1670,"template":"","meta":{"_exactmetrics_skip_tracking":false,"_exactmetrics_sitenote_active":false,"_exactmetrics_sitenote_note":"","_exactmetrics_sitenote_category":0},"product_cat":[20],"product_tag":[],"class_list":{"0":"post-1669","1":"product","2":"type-product","3":"status-publish","4":"has-post-thumbnail","6":"product_cat-especiais-para-moto","8":"first","9":"instock","10":"taxable","11":"shipping-taxable","12":"product-type-simple"},"_links":{"self":[{"href":"https:\/\/www.profiautos.com.br\/novosite\/wp-json\/wp\/v2\/product\/1669"}],"collection":[{"href":"https:\/\/www.profiautos.com.br\/novosite\/wp-json\/wp\/v2\/product"}],"about":[{"href":"https:\/\/www.profiautos.com.br\/novosite\/wp-json\/wp\/v2\/types\/product"}],"wp:featuredmedia":[{"embeddable":true,"href":"https:\/\/www.profiautos.com.br\/novosite\/wp-json\/wp\/v2\/media\/1670"}],"wp:attachment":[{"href":"https:\/\/www.profiautos.com.br\/novosite\/wp-json\/wp\/v2\/media?parent=1669"}],"wp:term":[{"taxonomy":"product_cat","embeddable":true,"href":"https:\/\/www.profiautos.com.br\/novosite\/wp-json\/wp\/v2\/product_cat?post=1669"},{"taxonomy":"product_tag","embeddable":true,"href":"https:\/\/www.profiautos.com.br\/novosite\/wp-json\/wp\/v2\/product_tag?post=1669"}],"curies":[{"name":"wp","href":"https:\/\/api.w.org\/{rel}","templated":true}]}}